119.93.143.50 - - [18/Aug/2026:23:16:37 -0400] "POST /xmlrpc.php HTTP/1.1" 403 1242 "-" "WordPress.com; https://wordpress.com"
119.93.143.50 - - [18/Aug/2026:23:16:59 -0400] "POST /xmlrpc.php HTTP/1.1" 403 1242 "-" "WordPress.com; https://wordpress.com"
119.93.143.50 - - [18/Aug/2026:23:17:09 -0400] "POST /xmlrpc.php HTTP/1.1" 403 1242 "-" "Jetpack by WordPress.com"
119.93.143.50 - - [18/Aug/2026:23:17:19 -0400] "POST /xmlrpc.php HTTP/1.1" 200 403 "-" "Jetpack/12.1; WordPress/6.4; http://site26143341.com"
119.93.143.50 - - [18/Aug/2026:23:17:30 -0400] "POST /xmlrpc.php HTTP/1.1" 200 403 "-" "Jetpack by WordPress.com (Jetpack 12.1; WordPress 6.2)"
119.93.143.50 - - [18/Aug/2026:23:17:40 -0400] "POST /xmlrpc.php HTTP/1.1" 403 1242 "-" "Jetpack by WordPress.com"
119.93.143.50 - - [18/Aug/2026:23:17:52 -0400] "POST /xmlrpc.php HTTP/1.1" 200 403 "-" "Jetpack by WordPress.com (Jetpack 13.0; WordPress 6.4)"
119.93.143.50 - - [18/Aug/2026:23:18:02 -0400] "POST /xmlrpc.php HTTP/1.1" 200 403 "-" "Jetpack/12.1; WordPress/6.1; http://site82852373.com"
119.93.143.50 - - [18/Aug/2026:23:18:12 -0400] "POST /xmlrpc.php HTTP/1.1" 403 1242 "-" "Jetpack by WordPress.com"
192.158.238.133 - - [18/Aug/2026:23:18:20 -0400] "GET /wp-content/uploads/2026/04/How-to-Market-a-Product-in-5-Steps.webp HTTP/1.1" 200 127898 "-" "-"
119.93.143.50 - - [18/Aug/2026:23:18:23 -0400] "POST /xmlrpc.php HTTP/1.1" 200 403 "-" "Jetpack/12.1; WordPress/6.4; http://site35547864.com"
192.158.238.133 - - [18/Aug/2026:23:18:28 -0400] "GET /wp-content/uploads/2026/04/MOOC-Essentials-of-youth-policy.png HTTP/1.1" 200 82163 "-" "-"
84.75.150.34 - - [18/Aug/2026:23:18:28 -0400] "GET /how-to-make-moocs-succeed-boosting-completion-rates/ HTTP/1.1" 200 35272 "-" "Mozilla/5.0 (Macintosh; Intel Mac OS X 10_15_7) AppleWebKit/537.36 (KHTML, like Gecko) Chrome/136.0.0.0 Safari/537.36"
119.93.143.50 - - [18/Aug/2026:23:18:34 -0400] "POST /xmlrpc.php HTTP/1.1" 403 1242 "-" "Jetpack by WordPress.com"
93.185.76.250 - - [18/Aug/2026:23:18:42 -0400] "GET / HTTP/2" 200 35817 "-" "Mozilla/5.0 (Macintosh; Intel Mac OS X 10_15_7) AppleWebKit/537.36 (KHTML, like Gecko) Chrome/150.0.0.0 Safari/537.36"
93.185.76.250 - - [18/Aug/2026:23:18:43 -0400] "GET /wp-content/plugins/cookieadmin/assets/css/consent.css?ver=1.1.7 HTTP/2" 200 2439 "https://call2action.com/" "Mozilla/5.0 (Macintosh; Intel Mac OS X 10_15_7) AppleWebKit/537.36 (KHTML, like Gecko) Chrome/150.0.0.0 Safari/537.36"
93.185.76.250 - - [18/Aug/2026:23:18:43 -0400] "GET /wp-content/themes/newsup/css/bootstrap.css?ver=7.0.4 HTTP/2" 200 23442 "https://call2action.com/" "Mozilla/5.0 (Macintosh; Intel Mac OS X 10_15_7) AppleWebKit/537.36 (KHTML, like Gecko) Chrome/150.0.0.0 Safari/537.36"
93.185.76.250 - - [18/Aug/2026:23:18:43 -0400] "GET /wp-content/themes/newsup/css/colors/default.css?ver=7.0.4 HTTP/2" 200 5052 "https://call2action.com/" "Mozilla/5.0 (Macintosh; Intel Mac OS X 10_15_7) AppleWebKit/537.36 (KHTML, like Gecko) Chrome/150.0.0.0 Safari/537.36"
93.185.76.250 - - [18/Aug/2026:23:18:43 -0400] "GET /wp-content/themes/newsup/css/font-awesome/css/all.min.css?ver=7.0.4 HTTP/2" 200 21986 "https://call2action.com/" "Mozilla/5.0 (Macintosh; Intel Mac OS X 10_15_7) AppleWebKit/537.36 (KHTML, like Gecko) Chrome/150.0.0.0 Safari/537.36"
93.185.76.250 - - [18/Aug/2026:23:18:43 -0400] "GET /wp-content/themes/newsup/style.css?ver=7.0.4 HTTP/2" 200 14861 "https://call2action.com/" "Mozilla/5.0 (Macintosh; Intel Mac OS X 10_15_7) AppleWebKit/537.36 (KHTML, like Gecko) Chrome/150.0.0.0 Safari/537.36"
93.185.76.250 - - [18/Aug/2026:23:18:43 -0400] "GET /wp-content/themes/newsup/css/jquery.smartmenus.bootstrap.css?ver=7.0.4 HTTP/2" 200 915 "https://call2action.com/" "Mozilla/5.0 (Macintosh; Intel Mac OS X 10_15_7) AppleWebKit/537.36 (KHTML, like Gecko) Chrome/150.0.0.0 Safari/537.36"
93.185.76.250 - - [18/Aug/2026:23:18:43 -0400] "GET /wp-content/themes/newsup/css/owl.carousel.css?ver=7.0.4 HTTP/2" 200 471 "https://call2action.com/" "Mozilla/5.0 (Macintosh; Intel Mac OS X 10_15_7) AppleWebKit/537.36 (KHTML, like Gecko) Chrome/150.0.0.0 Safari/537.36"
93.185.76.250 - - [18/Aug/2026:23:18:43 -0400] "GET /wp-content/themes/newsup/css/font-awesome/css/v4-shims.min.css?ver=7.0.4 HTTP/2" 200 3949 "https://call2action.com/" "Mozilla/5.0 (Macintosh; Intel Mac OS X 10_15_7) AppleWebKit/537.36 (KHTML, like Gecko) Chrome/150.0.0.0 Safari/537.36"
93.185.76.250 - - [18/Aug/2026:23:18:43 -0400] "GET /wp-content/themes/newsup/js/navigation.js?ver=7.0.4 HTTP/2" 200 767 "https://call2action.com/" "Mozilla/5.0 (Macintosh; Intel Mac OS X 10_15_7) AppleWebKit/537.36 (KHTML, like Gecko) Chrome/150.0.0.0 Safari/537.36"
93.185.76.250 - - [18/Aug/2026:23:18:43 -0400] "GET /wp-content/themes/newsup/js/owl.carousel.min.js?ver=7.0.4 HTTP/2" 200 6299 "https://call2action.com/" "Mozilla/5.0 (Macintosh; Intel Mac OS X 10_15_7) AppleWebKit/537.36 (KHTML, like Gecko) Chrome/150.0.0.0 Safari/537.36"
93.185.76.250 - - [18/Aug/2026:23:18:43 -0400] "GET /wp-content/themes/newsup/js/jquery.smartmenus.js?ver=7.0.4 HTTP/2" 200 11268 "https://call2action.com/" "Mozilla/5.0 (Macintosh; Intel Mac OS X 10_15_7) AppleWebKit/537.36 (KHTML, like Gecko) Chrome/150.0.0.0 Safari/537.36"
93.185.76.250 - - [18/Aug/2026:23:18:43 -0400] "GET /wp-content/themes/newsup/js/jquery.smartmenus.bootstrap.js?ver=7.0.4 HTTP/2" 200 1837 "https://call2action.com/" "Mozilla/5.0 (Macintosh; Intel Mac OS X 10_15_7) AppleWebKit/537.36 (KHTML, like Gecko) Chrome/150.0.0.0 Safari/537.36"
93.185.76.250 - - [18/Aug/2026:23:18:43 -0400] "GET /wp-content/themes/newsup/js/main.js?ver=7.0.4 HTTP/2" 200 211 "https://call2action.com/" "Mozilla/5.0 (Macintosh; Intel Mac OS X 10_15_7) AppleWebKit/537.36 (KHTML, like Gecko) Chrome/150.0.0.0 Safari/537.36"
93.185.76.250 - - [18/Aug/2026:23:18:43 -0400] "GET /wp-includes/js/jquery/jquery-migrate.min.js?ver=3.4.1 HTTP/2" 200 4678 "https://call2action.com/" "Mozilla/5.0 (Macintosh; Intel Mac OS X 10_15_7) AppleWebKit/537.36 (KHTML, like Gecko) Chrome/150.0.0.0 Safari/537.36"
93.185.76.250 - - [18/Aug/2026:23:18:43 -0400] "GET /wp-content/themes/newsup/js/jquery.marquee.js?ver=7.0.4 HTTP/2" 200 4398 "https://call2action.com/" "Mozilla/5.0 (Macintosh; Intel Mac OS X 10_15_7) AppleWebKit/537.36 (KHTML, like Gecko) Chrome/150.0.0.0 Safari/537.36"
93.185.76.250 - - [18/Aug/2026:23:18:43 -0400] "GET /wp-content/plugins/cookieadmin-pro/assets/js/consent.js?ver=1.1.7 HTTP/2" 200 1634 "https://call2action.com/" "Mozilla/5.0 (Macintosh; Intel Mac OS X 10_15_7) AppleWebKit/537.36 (KHTML, like Gecko) Chrome/150.0.0.0 Safari/537.36"
93.185.76.250 - - [18/Aug/2026:23:18:43 -0400] "GET /wp-content/themes/newsup/inc/ansar/customize/css/customizer.css?ver=1.0 HTTP/2" 200 1413 "https://call2action.com/" "Mozilla/5.0 (Macintosh; Intel Mac OS X 10_15_7) AppleWebKit/537.36 (KHTML, like Gecko) Chrome/150.0.0.0 Safari/537.36"
93.185.76.250 - - [18/Aug/2026:23:18:43 -0400] "GET /wp-content/plugins/cookieadmin/assets/js/consent.js?ver=1.1.7 HTTP/2" 200 5055 "https://call2action.com/" "Mozilla/5.0 (Macintosh; Intel Mac OS X 10_15_7) AppleWebKit/537.36 (KHTML, like Gecko) Chrome/150.0.0.0 Safari/537.36"
93.185.76.250 - - [18/Aug/2026:23:18:43 -0400] "GET /wp-includes/js/jquery/jquery.min.js?ver=3.7.1 HTTP/2" 200 29744 "https://call2action.com/" "Mozilla/5.0 (Macintosh; Intel Mac OS X 10_15_7) AppleWebKit/537.36 (KHTML, like Gecko) Chrome/150.0.0.0 Safari/537.36"
93.185.76.250 - - [18/Aug/2026:23:18:43 -0400] "GET /wp-content/themes/newsup/js/bootstrap.js?ver=7.0.4 HTTP/2" 200 24455 "https://call2action.com/" "Mozilla/5.0 (Macintosh; Intel Mac OS X 10_15_7) AppleWebKit/537.36 (KHTML, like Gecko) Chrome/150.0.0.0 Safari/537.36"
93.185.76.250 - - [18/Aug/2026:23:18:44 -0400] "GET /wp-content/uploads/2026/04/How-to-Market-a-Product-in-5-Steps.webp HTTP/2" 200 127898 "https://call2action.com/" "Mozilla/5.0 (Macintosh; Intel Mac OS X 10_15_7) AppleWebKit/537.36 (KHTML, like Gecko) Chrome/150.0.0.0 Safari/537.36"
93.185.76.250 - - [18/Aug/2026:23:18:44 -0400] "GET /wp-content/uploads/2026/04/cropped-370_Call-to-Action.jpg HTTP/2" 200 17580 "https://call2action.com/" "Mozilla/5.0 (Macintosh; Intel Mac OS X 10_15_7) AppleWebKit/537.36 (KHTML, like Gecko) Chrome/150.0.0.0 Safari/537.36"
93.185.76.250 - - [18/Aug/2026:23:18:44 -0400] "GET /wp-content/uploads/2026/04/best-healthcare-digital-marketing-tools-jpg-300x143.webp HTTP/2" 200 7714 "https://call2action.com/" "Mozilla/5.0 (Macintosh; Intel Mac OS X 10_15_7) AppleWebKit/537.36 (KHTML, like Gecko) Chrome/150.0.0.0 Safari/537.36"
93.185.76.250 - - [18/Aug/2026:23:18:44 -0400] "GET /wp-content/uploads/2026/04/how-to-get-clients-for-your-digital-marketing-agency-300x143.webp HTTP/2" 200 10420 "https://call2action.com/" "Mozilla/5.0 (Macintosh; Intel Mac OS X 10_15_7) AppleWebKit/537.36 (KHTML, like Gecko) Chrome/150.0.0.0 Safari/537.36"
93.185.76.250 - - [18/Aug/2026:23:18:44 -0400] "GET /wp-content/uploads/2026/04/How-To-Start-Career-In-Digital-Marketing-With-No-Experience-Square-scaled-1-300x210.webp HTTP/2" 200 9608 "https://call2action.com/" "Mozilla/5.0 (Macintosh; Intel Mac OS X 10_15_7) AppleWebKit/537.36 (KHTML, like Gecko) Chrome/150.0.0.0 Safari/537.36"
93.185.76.250 - - [18/Aug/2026:23:18:44 -0400] "GET /wp-content/themes/newsup/js/custom.js?ver=7.0.4 HTTP/2" 200 1117 "https://call2action.com/" "Mozilla/5.0 (Macintosh; Intel Mac OS X 10_15_7) AppleWebKit/537.36 (KHTML, like Gecko) Chrome/150.0.0.0 Safari/537.36"
93.185.76.250 - - [18/Aug/2026:23:18:44 -0400] "GET /wp-content/uploads/2026/04/pexels-mikhail-nilov-7731323-1-2048x1494-1-300x219.jpg HTTP/2" 200 14984 "https://call2action.com/" "Mozilla/5.0 (Macintosh; Intel Mac OS X 10_15_7) AppleWebKit/537.36 (KHTML, like Gecko) Chrome/150.0.0.0 Safari/537.36"
93.185.76.250 - - [18/Aug/2026:23:18:44 -0400] "GET /wp-content/plugins/cookieadmin-pro//assets/images/re-consent-icons/cookieadmin.svg HTTP/2" 200 293 "https://call2action.com/" "Mozilla/5.0 (Macintosh; Intel Mac OS X 10_15_7) AppleWebKit/537.36 (KHTML, like Gecko) Chrome/150.0.0.0 Safari/537.36"
119.93.143.50 - - [18/Aug/2026:23:18:44 -0400] "POST /xmlrpc.php HTTP/1.1" 403 1242 "-" "Jetpack by WordPress.com"
93.185.76.250 - - [18/Aug/2026:23:18:44 -0400] "GET /wp-content/themes/newsup/images/head-back.jpg HTTP/2" 200 184822 "https://call2action.com/" "Mozilla/5.0 (Macintosh; Intel Mac OS X 10_15_7) AppleWebKit/537.36 (KHTML, like Gecko) Chrome/150.0.0.0 Safari/537.36"
93.185.76.250 - - [18/Aug/2026:23:18:44 -0400] "GET /wp-content/uploads/2026/04/How-to-Market-a-Product-in-5-Steps-300x200.webp HTTP/2" 200 18780 "https://call2action.com/" "Mozilla/5.0 (Macintosh; Intel Mac OS X 10_15_7) AppleWebKit/537.36 (KHTML, like Gecko) Chrome/150.0.0.0 Safari/537.36"
93.185.76.250 - - [18/Aug/2026:23:18:44 -0400] "GET /wp-content/uploads/2026/04/MOOC-Essentials-of-youth-policy-300x171.png HTTP/2" 200 26597 "https://call2action.com/" "Mozilla/5.0 (Macintosh; Intel Mac OS X 10_15_7) AppleWebKit/537.36 (KHTML, like Gecko) Chrome/150.0.0.0 Safari/537.36"
93.185.76.250 - - [18/Aug/2026:23:18:44 -0400] "GET /wp-content/uploads/2026/04/best-healthcare-digital-marketing-tools-jpg.webp HTTP/2" 200 24526 "https://call2action.com/" "Mozilla/5.0 (Macintosh; Intel Mac OS X 10_15_7) AppleWebKit/537.36 (KHTML, like Gecko) Chrome/150.0.0.0 Safari/537.36"
93.185.76.250 - - [18/Aug/2026:23:18:44 -0400] "GET /wp-content/uploads/2026/04/how-to-get-clients-for-your-digital-marketing-agency.webp HTTP/2" 200 30766 "https://call2action.com/" "Mozilla/5.0 (Macintosh; Intel Mac OS X 10_15_7) AppleWebKit/537.36 (KHTML, like Gecko) Chrome/150.0.0.0 Safari/537.36"
93.185.76.250 - - [18/Aug/2026:23:18:44 -0400] "GET /wp-content/uploads/2026/04/istockphoto-1252347108-612x612-1.jpg HTTP/2" 200 20742 "https://call2action.com/" "Mozilla/5.0 (Macintosh; Intel Mac OS X 10_15_7) AppleWebKit/537.36 (KHTML, like Gecko) Chrome/150.0.0.0 Safari/537.36"
93.185.76.250 - - [18/Aug/2026:23:18:44 -0400] "GET /wp-content/themes/newsup/css/font-awesome/webfonts/fa-solid-900.woff2 HTTP/2" 200 156496 "https://call2action.com/wp-content/themes/newsup/css/font-awesome/css/all.min.css?ver=7.0.4" "Mozilla/5.0 (Macintosh; Intel Mac OS X 10_15_7) AppleWebKit/537.36 (KHTML, like Gecko) Chrome/150.0.0.0 Safari/537.36"
93.185.76.250 - - [18/Aug/2026:23:18:44 -0400] "GET /wp-content/uploads/2026/04/68070c88291bb71c725b1127_blogpostoneone-300x169.png HTTP/2" 200 92874 "https://call2action.com/" "Mozilla/5.0 (Macintosh; Intel Mac OS X 10_15_7) AppleWebKit/537.36 (KHTML, like Gecko) Chrome/150.0.0.0 Safari/537.36"
93.185.76.250 - - [18/Aug/2026:23:18:44 -0400] "GET /wp-content/uploads/2026/04/Graphic-Design-is-Important-to-Make-Digital-Marketing-Successful.jpg HTTP/2" 200 90419 "https://call2action.com/" "Mozilla/5.0 (Macintosh; Intel Mac OS X 10_15_7) AppleWebKit/537.36 (KHTML, like Gecko) Chrome/150.0.0.0 Safari/537.36"
93.185.76.250 - - [18/Aug/2026:23:18:44 -0400] "GET /wp-content/uploads/2026/04/b0225-social-media-tools-small.webp HTTP/2" 200 83404 "https://call2action.com/" "Mozilla/5.0 (Macintosh; Intel Mac OS X 10_15_7) AppleWebKit/537.36 (KHTML, like Gecko) Chrome/150.0.0.0 Safari/537.36"
93.185.76.250 - - [18/Aug/2026:23:18:44 -0400] "GET /wp-content/uploads/2026/04/Benefits-of-Google-Ads-.jpg HTTP/2" 200 60808 "https://call2action.com/" "Mozilla/5.0 (Macintosh; Intel Mac OS X 10_15_7) AppleWebKit/537.36 (KHTML, like Gecko) Chrome/150.0.0.0 Safari/537.36"
93.185.76.250 - - [18/Aug/2026:23:18:44 -0400] "GET /wp-content/uploads/2026/04/b5dec6_c758d04aea9247f987a2058b67503d75mv2.jpg HTTP/2" 200 301592 "https://call2action.com/" "Mozilla/5.0 (Macintosh; Intel Mac OS X 10_15_7) AppleWebKit/537.36 (KHTML, like Gecko) Chrome/150.0.0.0 Safari/537.36"
93.185.76.250 - - [18/Aug/2026:23:18:44 -0400] "GET /wp-content/uploads/2026/04/How-To-Start-Career-In-Digital-Marketing-With-No-Experience-Square-scaled-1.webp HTTP/2" 200 141312 "https://call2action.com/" "Mozilla/5.0 (Macintosh; Intel Mac OS X 10_15_7) AppleWebKit/537.36 (KHTML, like Gecko) Chrome/150.0.0.0 Safari/537.36"
93.185.76.250 - - [18/Aug/2026:23:18:44 -0400] "GET /wp-content/uploads/2026/04/main-image-1756851924828-scaled.webp HTTP/2" 200 164644 "https://call2action.com/" "Mozilla/5.0 (Macintosh; Intel Mac OS X 10_15_7) AppleWebKit/537.36 (KHTML, like Gecko) Chrome/150.0.0.0 Safari/537.36"
93.185.76.250 - - [18/Aug/2026:23:18:44 -0400] "GET /wp-content/uploads/2026/04/Screenshot-2024-10-29-205526.png HTTP/2" 200 322711 "https://call2action.com/" "Mozilla/5.0 (Macintosh; Intel Mac OS X 10_15_7) AppleWebKit/537.36 (KHTML, like Gecko) Chrome/150.0.0.0 Safari/537.36"
93.185.76.250 - - [18/Aug/2026:23:18:44 -0400] "GET /wp-includes/js/wp-emoji-release.min.js?ver=7.0.4 HTTP/2" 200 4974 "https://call2action.com/" "Mozilla/5.0 (Macintosh; Intel Mac OS X 10_15_7) AppleWebKit/537.36 (KHTML, like Gecko) Chrome/150.0.0.0 Safari/537.36"
93.185.76.250 - - [18/Aug/2026:23:18:45 -0400] "GET /favicon.ico HTTP/2" 404 1251 "https://call2action.com/" "Mozilla/5.0 (Macintosh; Intel Mac OS X 10_15_7) AppleWebKit/537.36 (KHTML, like Gecko) Chrome/150.0.0.0 Safari/537.36"
119.93.143.50 - - [18/Aug/2026:23:18:54 -0400] "POST /xmlrpc.php HTTP/1.1" 200 403 "-" "Jetpack/13.0; WordPress/6.4; http://site89763606.com"
119.93.143.50 - - [18/Aug/2026:23:19:05 -0400] "POST /xmlrpc.php HTTP/1.1" 403 1242 "-" "Jetpack by WordPress.com"
119.93.143.50 - - [18/Aug/2026:23:19:16 -0400] "POST /xmlrpc.php HTTP/1.1" 403 1242 "-" "Jetpack by WordPress.com"
119.93.143.50 - - [18/Aug/2026:23:19:26 -0400] "POST /xmlrpc.php HTTP/1.1" 403 1242 "-" "WordPress.com; https://wordpress.com"
119.93.143.50 - - [18/Aug/2026:23:19:37 -0400] "POST /xmlrpc.php HTTP/1.1" 403 1242 "-" "Jetpack by WordPress.com"
119.93.143.50 - - [18/Aug/2026:23:19:47 -0400] "POST /xmlrpc.php HTTP/1.1" 403 1242 "-" "WordPress.com; https://wordpress.com"
119.93.143.50 - - [18/Aug/2026:23:19:58 -0400] "POST /xmlrpc.php HTTP/1.1" 403 1242 "-" "Jetpack by WordPress.com"
119.93.143.50 - - [18/Aug/2026:23:20:08 -0400] "POST /xmlrpc.php HTTP/1.1" 200 403 "-" "Jetpack by WordPress.com (Jetpack 13.0; WordPress 6.2)"
119.93.143.50 - - [18/Aug/2026:23:20:18 -0400] "POST /xmlrpc.php HTTP/1.1" 200 403 "-" "Jetpack by WordPress.com (Jetpack 12.1; WordPress 6.2)"
217.113.194.218 - - [18/Aug/2026:23:20:20 -0400] "GET /robots.txt HTTP/1.1" 200 111 "-" "Mozilla/5.0 (compatible; Barkrowler/0.9; +https://babbar.tech/crawler)"
119.93.143.50 - - [18/Aug/2026:23:20:29 -0400] "POST /xmlrpc.php HTTP/1.1" 403 1242 "-" "Jetpack by WordPress.com"
217.113.194.77 - - [18/Aug/2026:23:20:36 -0400] "GET /contact HTTP/1.1" 404 33929 "-" "Mozilla/5.0 (compatible; Barkrowler/0.9; +https://babbar.tech/crawler)"
119.93.143.50 - - [18/Aug/2026:23:20:40 -0400] "POST /xmlrpc.php HTTP/1.1" 403 1242 "-" "Jetpack by WordPress.com"
119.93.143.50 - - [18/Aug/2026:23:20:50 -0400] "POST /xmlrpc.php HTTP/1.1" 403 1242 "-" "Jetpack by WordPress.com"
217.113.194.80 - - [18/Aug/2026:23:20:52 -0400] "GET /page/2/ HTTP/1.1" 200 41527 "-" "Mozilla/5.0 (compatible; Barkrowler/0.9; +https://babbar.tech/crawler)"
119.93.143.50 - - [18/Aug/2026:23:21:02 -0400] "POST /xmlrpc.php HTTP/1.1" 200 403 "-" "Jetpack by WordPress.com (Jetpack 12.5; WordPress 6.1)"
217.113.194.80 - - [18/Aug/2026:23:21:09 -0400] "GET /page/3/ HTTP/1.1" 200 41107 "-" "Mozilla/5.0 (compatible; Barkrowler/0.9; +https://babbar.tech/crawler)"
119.93.143.50 - - [18/Aug/2026:23:21:11 -0400] "POST /xmlrpc.php HTTP/1.1" 403 1242 "-" "Jetpack by WordPress.com"
119.93.143.50 - - [18/Aug/2026:23:21:22 -0400] "POST /xmlrpc.php HTTP/1.1" 200 403 "-" "Jetpack/12.1; WordPress/6.1; http://site46633039.com"
217.113.194.76 - - [18/Aug/2026:23:21:25 -0400] "GET /category/education/ HTTP/1.1" 200 36809 "-" "Mozilla/5.0 (compatible; Barkrowler/0.9; +https://babbar.tech/crawler)"
119.93.143.50 - - [18/Aug/2026:23:21:32 -0400] "POST /xmlrpc.php HTTP/1.1" 403 1242 "-" "WordPress.com; https://wordpress.com"
217.113.194.79 - - [18/Aug/2026:23:21:41 -0400] "GET /author/admin/page/2/ HTTP/1.1" 200 39403 "-" "Mozilla/5.0 (compatible; Barkrowler/0.9; +https://babbar.tech/crawler)"
119.93.143.50 - - [18/Aug/2026:23:21:43 -0400] "POST /xmlrpc.php HTTP/1.1" 403 1242 "-" "WordPress.com; https://wordpress.com"
119.93.143.50 - - [18/Aug/2026:23:21:53 -0400] "POST /xmlrpc.php HTTP/1.1" 403 1242 "-" "WordPress.com; https://wordpress.com"
217.113.194.76 - - [18/Aug/2026:23:21:57 -0400] "GET /category/digital-marketing/ HTTP/1.1" 200 38918 "-" "Mozilla/5.0 (compatible; Barkrowler/0.9; +https://babbar.tech/crawler)"
192.158.238.133 - - [18/Aug/2026:23:22:13 -0400] "GET /wp-content/uploads/2026/04/b0225-social-media-tools-small.webp HTTP/1.1" 200 83404 "-" "-"
217.113.194.76 - - [18/Aug/2026:23:22:13 -0400] "GET /best-social-media-marketing-tools/ HTTP/1.1" 200 41789 "-" "Mozilla/5.0 (compatible; Barkrowler/0.9; +https://babbar.tech/crawler)"
119.93.143.50 - - [18/Aug/2026:23:22:16 -0400] "POST /xmlrpc.php HTTP/1.1" 403 1242 "-" "WordPress.com; https://wordpress.com"
119.93.143.50 - - [18/Aug/2026:23:22:25 -0400] "POST /xmlrpc.php HTTP/1.1" 200 403 "-" "Jetpack/13.0; WordPress/6.1; http://site52370763.com"
192.158.238.133 - - [18/Aug/2026:23:22:30 -0400] "GET /wp-content/uploads/2026/04/istockphoto-1143073025-612x612-1.jpg HTTP/1.1" 200 44328 "-" "-"
217.113.194.76 - - [18/Aug/2026:23:22:29 -0400] "GET /how-to-use-facebook-ads-keyword-targeting/ HTTP/1.1" 200 42033 "-" "Mozilla/5.0 (compatible; Barkrowler/0.9; +https://babbar.tech/crawler)"
119.93.143.50 - - [18/Aug/2026:23:22:36 -0400] "POST /xmlrpc.php HTTP/1.1" 200 403 "-" "Jetpack by WordPress.com (Jetpack 12.1; WordPress 6.2)"
192.158.238.133 - - [18/Aug/2026:23:22:46 -0400] "GET /wp-content/uploads/2026/04/pexels-photo-5625002.jpeg HTTP/1.1" 200 15050 "-" "-"
217.113.194.81 - - [18/Aug/2026:23:22:46 -0400] "GET /how-to-choose-the-right-promotional-product-supplier/ HTTP/1.1" 200 40592 "-" "Mozilla/5.0 (compatible; Barkrowler/0.9; +https://babbar.tech/crawler)"
119.93.143.50 - - [18/Aug/2026:23:22:46 -0400] "POST /xmlrpc.php HTTP/1.1" 200 403 "-" "Jetpack/12.0; WordPress/6.1; http://site22934034.com"
119.93.143.50 - - [18/Aug/2026:23:22:57 -0400] "POST /xmlrpc.php HTTP/1.1" 403 1242 "-" "WordPress.com; https://wordpress.com"
192.158.238.133 - - [18/Aug/2026:23:23:03 -0400] "GET /wp-content/uploads/2026/04/main-image-1756851924828-scaled.webp HTTP/1.1" 200 164644 "-" "-"
217.113.194.78 - - [18/Aug/2026:23:23:02 -0400] "GET /bing-webmaster-tools-and-everything-you-can-do/ HTTP/1.1" 200 41888 "-" "Mozilla/5.0 (compatible; Barkrowler/0.9; +https://babbar.tech/crawler)"
119.93.143.50 - - [18/Aug/2026:23:23:07 -0400] "POST /xmlrpc.php HTTP/1.1" 200 403 "-" "Jetpack/12.0; WordPress/6.3; http://site96987652.com"
119.93.143.50 - - [18/Aug/2026:23:23:18 -0400] "POST /xmlrpc.php HTTP/1.1" 200 403 "-" "Jetpack by WordPress.com (Jetpack 13.0; WordPress 6.4)"
192.158.238.133 - - [18/Aug/2026:23:23:19 -0400] "GET /wp-content/uploads/2026/04/istockphoto-1252347108-612x612-1.jpg HTTP/1.1" 200 20742 "-" "-"
217.113.194.78 - - [18/Aug/2026:23:23:19 -0400] "GET /google-trends-how-to-use-everything-you-need-to-know/ HTTP/1.1" 200 42897 "-" "Mozilla/5.0 (compatible; Barkrowler/0.9; +https://babbar.tech/crawler)"
119.93.143.50 - - [18/Aug/2026:23:23:28 -0400] "POST /xmlrpc.php HTTP/1.1" 403 1242 "-" "Jetpack by WordPress.com"
192.158.238.133 - - [18/Aug/2026:23:23:36 -0400] "GET /wp-content/uploads/2026/04/How-to-Market-a-Product-in-5-Steps.webp HTTP/1.1" 200 127898 "-" "-"
217.113.194.78 - - [18/Aug/2026:23:23:35 -0400] "GET /how-to-start-run-a-creative-agency-in-2023/ HTTP/1.1" 200 43243 "-" "Mozilla/5.0 (compatible; Barkrowler/0.9; +https://babbar.tech/crawler)"
119.93.143.50 - - [18/Aug/2026:23:23:51 -0400] "POST /xmlrpc.php HTTP/1.1" 200 403 "-" "Jetpack/13.0; WordPress/6.1; http://site44896317.com"
192.158.238.133 - - [18/Aug/2026:23:23:53 -0400] "GET /wp-content/uploads/2026/04/shutterstock_1029741865.jpg HTTP/1.1" 200 198443 "-" "-"
217.113.194.217 - - [18/Aug/2026:23:23:53 -0400] "GET /how-to-do-social-media-marketing-for-small-business/ HTTP/1.1" 200 43542 "-" "Mozilla/5.0 (compatible; Barkrowler/0.9; +https://babbar.tech/crawler)"
119.93.143.50 - - [18/Aug/2026:23:24:00 -0400] "POST /xmlrpc.php HTTP/1.1" 200 403 "-" "Jetpack/13.0; WordPress/6.1; http://site40439054.com"
192.158.238.133 - - [18/Aug/2026:23:24:10 -0400] "GET /wp-content/uploads/2026/04/cxmbqkyngyrnzfh9xmbz.png HTTP/1.1" 200 330665 "-" "-"
119.93.143.50 - - [18/Aug/2026:23:24:10 -0400] "POST /xmlrpc.php HTTP/1.1" 403 1242 "-" "WordPress.com; https://wordpress.com"
217.113.194.78 - - [18/Aug/2026:23:24:10 -0400] "GET /how-does-affiliate-marketing-affect-your-business/ HTTP/1.1" 200 40859 "-" "Mozilla/5.0 (compatible; Barkrowler/0.9; +https://babbar.tech/crawler)"
192.158.238.133 - - [18/Aug/2026:23:24:27 -0400] "GET /wp-content/uploads/2026/04/cacpro_blog_15Questions_header_0422-1720x966-1.jpg HTTP/1.1" 200 162593 "-" "-"
217.113.194.80 - - [18/Aug/2026:23:24:26 -0400] "GET /4-key-ways-to-know-if-you-need-a-branding-agency/ HTTP/1.1" 200 41506 "-" "Mozilla/5.0 (compatible; Barkrowler/0.9; +https://babbar.tech/crawler)"
119.93.143.50 - - [18/Aug/2026:23:24:32 -0400] "POST /xmlrpc.php HTTP/1.1" 403 1242 "-" "Jetpack by WordPress.com"
119.93.143.50 - - [18/Aug/2026:23:24:42 -0400] "POST /xmlrpc.php HTTP/1.1" 200 403 "-" "Jetpack/13.0; WordPress/6.4; http://site89498724.com"
192.158.238.133 - - [18/Aug/2026:23:24:44 -0400] "GET /wp-content/uploads/2026/04/istockphoto-891297988-612x612-1.jpg HTTP/1.1" 200 37950 "-" "-"
217.113.194.80 - - [18/Aug/2026:23:24:43 -0400] "GET /the-daily-responsibilities-of-an-seo-specialist/ HTTP/1.1" 200 42091 "-" "Mozilla/5.0 (compatible; Barkrowler/0.9; +https://babbar.tech/crawler)"
119.93.143.50 - - [18/Aug/2026:23:24:52 -0400] "POST /xmlrpc.php HTTP/1.1" 403 1242 "-" "WordPress.com; https://wordpress.com"
192.158.238.133 - - [18/Aug/2026:23:25:00 -0400] "GET /wp-content/uploads/2026/04/Benefits-of-Google-Ads-.jpg HTTP/1.1" 200 60808 "-" "-"
217.113.194.75 - - [18/Aug/2026:23:25:00 -0400] "GET /what-is-google-ads-how-it-works-and-its-benefits/ HTTP/1.1" 200 40981 "-" "Mozilla/5.0 (compatible; Barkrowler/0.9; +https://babbar.tech/crawler)"
192.158.238.133 - - [18/Aug/2026:23:25:17 -0400] "GET /wp-content/uploads/2026/04/Screenshot-2024-10-29-205526.png HTTP/1.1" 200 322711 "-" "-"
217.113.194.75 - - [18/Aug/2026:23:25:17 -0400] "GET /revolutionizing-brand-engagement-with-gamification/ HTTP/1.1" 200 43522 "-" "Mozilla/5.0 (compatible; Barkrowler/0.9; +https://babbar.tech/crawler)"
192.158.238.133 - - [18/Aug/2026:23:25:34 -0400] "GET /wp-content/uploads/2026/04/MOOC-Essentials-of-youth-policy.png HTTP/1.1" 200 82163 "-" "-"
217.113.194.81 - - [18/Aug/2026:23:25:33 -0400] "GET /how-to-make-moocs-succeed-boosting-completion-rates/ HTTP/1.1" 200 40481 "-" "Mozilla/5.0 (compatible; Barkrowler/0.9; +https://babbar.tech/crawler)"
192.158.238.133 - - [18/Aug/2026:23:25:50 -0400] "GET /wp-content/uploads/2026/04/Graphic-Design-is-Important-to-Make-Digital-Marketing-Successful.jpg HTTP/1.1" 200 90419 "-" "-"
217.113.194.76 - - [18/Aug/2026:23:25:49 -0400] "GET /why-graphic-design-in-digital-marketing-is-crucial/ HTTP/1.1" 200 42131 "-" "Mozilla/5.0 (compatible; Barkrowler/0.9; +https://babbar.tech/crawler)"
192.158.238.133 - - [18/Aug/2026:23:26:06 -0400] "GET /wp-content/uploads/2026/04/which-strategy-best-helps-a-famous-brand-company-reach-consumers-1024x428-1.webp HTTP/1.1" 200 27400 "-" "-"
217.113.194.76 - - [18/Aug/2026:23:26:05 -0400] "GET /5-simple-ways-to-make-wordpress-website-load-faster/ HTTP/1.1" 200 42983 "-" "Mozilla/5.0 (compatible; Barkrowler/0.9; +https://babbar.tech/crawler)"
192.158.238.133 - - [18/Aug/2026:23:26:22 -0400] "GET /wp-content/uploads/2026/04/best-healthcare-digital-marketing-tools-jpg.webp HTTP/1.1" 200 24526 "-" "-"
217.113.194.76 - - [18/Aug/2026:23:26:22 -0400] "GET /best-digital-marketing-tools-for-healthcare-industry-in-2023/ HTTP/1.1" 200 43105 "-" "Mozilla/5.0 (compatible; Barkrowler/0.9; +https://babbar.tech/crawler)"
192.158.238.133 - - [18/Aug/2026:23:26:38 -0400] "GET /wp-content/uploads/2026/04/how-to-get-clients-for-your-digital-marketing-agency.webp HTTP/1.1" 200 30766 "-" "-"
217.113.194.78 - - [18/Aug/2026:23:26:38 -0400] "GET /how-to-get-clients-for-your-digital-marketing-agency-in-2023/ HTTP/1.1" 200 42248 "-" "Mozilla/5.0 (compatible; Barkrowler/0.9; +https://babbar.tech/crawler)"
192.158.238.133 - - [18/Aug/2026:23:26:39 -0400] "GET /wp-content/uploads/2026/04/shutterstock_1029741865.jpg HTTP/1.1" 200 198443 "-" "-"
3.232.39.98 - - [18/Aug/2026:23:26:39 -0400] "GET /how-to-do-social-media-marketing-for-small-business/ HTTP/1.1" 200 43542 "-" "Mozilla/5.0 AppleWebKit/537.36 (KHTML, like Gecko; compatible; Amazonbot/0.1; +https://developer.amazon.com/support/amazonbot) Chrome/119.0.6045.214 Safari/537.36"
182.252.74.133 - - [18/Aug/2026:23:26:41 -0400] "GET /feed/ HTTP/2" 200 23114 "-" "Mozilla/5.0 (Macintosh; Intel Mac OS X 10_15_7) AppleWebKit/537.36 (KHTML, like Gecko) Chrome/131.0.0.0 Safari/537.36"
192.158.238.133 - - [18/Aug/2026:23:26:54 -0400] "GET /wp-content/uploads/2026/04/istockphoto-1048258424-612x612-1.jpg HTTP/1.1" 200 42073 "-" "-"
217.113.194.78 - - [18/Aug/2026:23:26:54 -0400] "GET /seo-for-spotify-use-spotify-for-artists-to-grow-streams/ HTTP/1.1" 200 42126 "-" "Mozilla/5.0 (compatible; Barkrowler/0.9; +https://babbar.tech/crawler)"
192.158.238.133 - - [18/Aug/2026:23:27:11 -0400] "GET /wp-content/uploads/2026/04/digital-marketing-scaled-1.jpg HTTP/1.1" 200 276105 "-" "-"
217.113.194.77 - - [18/Aug/2026:23:27:10 -0400] "GET /how-to-use-social-media-and-offline-marketing-to-get-better-results/ HTTP/1.1" 200 41159 "-" "Mozilla/5.0 (compatible; Barkrowler/0.9; +https://babbar.tech/crawler)"
192.158.238.133 - - [18/Aug/2026:23:27:27 -0400] "GET /wp-content/uploads/2026/04/How-To-Start-Career-In-Digital-Marketing-With-No-Experience-Square-scaled-1.webp HTTP/1.1" 200 141312 "-" "-"
217.113.194.74 - - [18/Aug/2026:23:27:26 -0400] "GET /how-to-start-a-digital-marketing-agency-with-no-experience-in-2023/ HTTP/1.1" 200 43711 "-" "Mozilla/5.0 (compatible; Barkrowler/0.9; +https://babbar.tech/crawler)"
192.158.238.133 - - [18/Aug/2026:23:27:43 -0400] "GET /wp-content/uploads/2026/04/b5dec6_c758d04aea9247f987a2058b67503d75mv2.jpg HTTP/1.1" 200 301592 "-" "-"
217.113.194.74 - - [18/Aug/2026:23:27:43 -0400] "GET /why-nelsons-tea-is-the-best-loose-leaf-tea-brand-for-beginners/ HTTP/1.1" 200 40742 "-" "Mozilla/5.0 (compatible; Barkrowler/0.9; +https://babbar.tech/crawler)"
47.86.33.52 - - [18/Aug/2026:23:27:46 -0400] "GET /wp-login.php HTTP/2" 200 3578 "-" "Mozilla/5.0 (Windows NT 10.0; Win64; x64) AppleWebKit/537.36 (KHTML, like Gecko) Chrome/149.0.0.0 Safari/537.36"
47.86.33.52 - - [18/Aug/2026:23:27:51 -0400] "POST /wp-login.php HTTP/2" 200 3727 "-" "Mozilla/5.0 (Windows NT 10.0; Win64; x64) AppleWebKit/537.36 (KHTML, like Gecko) Chrome/149.0.0.0 Safari/537.36"
192.158.238.133 - - [18/Aug/2026:23:28:00 -0400] "GET /wp-content/uploads/2026/04/Fotolia_162803380_L-scaled-1.jpg HTTP/1.1" 200 247542 "-" "-"
217.113.194.76 - - [18/Aug/2026:23:27:59 -0400] "GET /the-value-of-electronic-payslips-in-offering-eco-friendly-solutions/ HTTP/1.1" 200 41843 "-" "Mozilla/5.0 (compatible; Barkrowler/0.9; +https://babbar.tech/crawler)"
192.158.238.133 - - [18/Aug/2026:23:28:16 -0400] "GET /wp-content/uploads/2026/04/68070c88291bb71c725b1127_blogpostoneone.png HTTP/1.1" 200 571254 "-" "-"
217.113.194.78 - - [18/Aug/2026:23:28:16 -0400] "GET /why-your-marketing-agency-needs-a-saas-partner-program-key-benefits-revealed/ HTTP/1.1" 200 43040 "-" "Mozilla/5.0 (compatible; Barkrowler/0.9; +https://babbar.tech/crawler)"
192.158.238.133 - - [18/Aug/2026:23:28:32 -0400] "GET /wp-content/uploads/2026/04/IMG_4259.jpeg HTTP/1.1" 200 146116 "-" "-"
217.113.194.74 - - [18/Aug/2026:23:28:32 -0400] "GET /case-study-how-boogle-transformed-our-link-building-campaign/ HTTP/1.1" 200 43179 "-" "Mozilla/5.0 (compatible; Barkrowler/0.9; +https://babbar.tech/crawler)"
192.158.238.133 - - [18/Aug/2026:23:28:48 -0400] "GET /wp-content/uploads/2026/04/pexels-mikhail-nilov-7731323-1-2048x1494-1.jpg HTTP/1.1" 200 256718 "-" "-"
217.113.194.77 - - [18/Aug/2026:23:28:48 -0400] "GET /7-simple-steps-for-repaying-your-commercial-loan-a-guide-for-business-owners/ HTTP/1.1" 200 41304 "-" "Mozilla/5.0 (compatible; Barkrowler/0.9; +https://babbar.tech/crawler)"
46.250.228.132 - - [18/Aug/2026:23:31:13 -0400] "GET /wp-login.php HTTP/2" 200 0 "-" "Mozilla/5.0 (Windows NT 10.0; Win64; x64) AppleWebKit/537.36 (KHTML, like Gecko) Chrome/149.0.0.0 Safari/537.36"
47.128.38.73 - - [18/Aug/2026:23:33:09 -0400] "GET /blog/the-real-connection-lies-in-inclusive-design-the-benefit-of-designing-for-everyone/ HTTP/2" 301 0 "-" "Mozilla/5.0 (Linux; Android 5.0) AppleWebKit/537.36 (KHTML, like Gecko) Mobile Safari/537.36 (compatible; Bytespider; https://bytedance.sg.larkoffice.com/docx/K5bxdypulop3IIxrJb0lOjLVgFe)"
47.128.38.73 - - [18/Aug/2026:23:33:11 -0400] "GET /blog/the-real-connection-lies-in-inclusive-design-the-benefit-of-designing-for-everyone/ HTTP/2" 404 30147 "-" "Mozilla/5.0 (Linux; Android 5.0) AppleWebKit/537.36 (KHTML, like Gecko) Mobile Safari/537.36 (compatible; Bytespider; https://bytedance.sg.larkoffice.com/docx/K5bxdypulop3IIxrJb0lOjLVgFe)"
47.128.38.73 - - [18/Aug/2026:23:33:13 -0400] "GET /wp-content/uploads/2026/04/cropped-370_Call-to-Action.jpg HTTP/2" 206 500 "https://call2action.com/blog/the-real-connection-lies-in-inclusive-design-the-benefit-of-designing-for-everyone/" "Mozilla/5.0 (Linux; Android 5.0) AppleWebKit/537.36 (KHTML, like Gecko) Mobile Safari/537.36 (compatible; Bytespider; https://bytedance.sg.larkoffice.com/docx/K5bxdypulop3IIxrJb0lOjLVgFe)"
47.128.38.73 - - [18/Aug/2026:23:33:13 -0400] "GET /wp-content/uploads/2026/04/best-healthcare-digital-marketing-tools-jpg.webp HTTP/2" 206 500 "https://call2action.com/blog/the-real-connection-lies-in-inclusive-design-the-benefit-of-designing-for-everyone/" "Mozilla/5.0 (Linux; Android 5.0) AppleWebKit/537.36 (KHTML, like Gecko) Mobile Safari/537.36 (compatible; Bytespider; https://bytedance.sg.larkoffice.com/docx/K5bxdypulop3IIxrJb0lOjLVgFe)"
47.128.38.73 - - [18/Aug/2026:23:33:13 -0400] "GET /wp-content/uploads/2026/04/how-to-get-clients-for-your-digital-marketing-agency.webp HTTP/2" 206 500 "https://call2action.com/blog/the-real-connection-lies-in-inclusive-design-the-benefit-of-designing-for-everyone/" "Mozilla/5.0 (Linux; Android 5.0) AppleWebKit/537.36 (KHTML, like Gecko) Mobile Safari/537.36 (compatible; Bytespider; https://bytedance.sg.larkoffice.com/docx/K5bxdypulop3IIxrJb0lOjLVgFe)"
47.128.38.73 - - [18/Aug/2026:23:33:13 -0400] "GET /wp-content/uploads/2026/04/How-to-Market-a-Product-in-5-Steps.webp HTTP/2" 206 500 "https://call2action.com/blog/the-real-connection-lies-in-inclusive-design-the-benefit-of-designing-for-everyone/" "Mozilla/5.0 (Linux; Android 5.0) AppleWebKit/537.36 (KHTML, like Gecko) Mobile Safari/537.36 (compatible; Bytespider; https://bytedance.sg.larkoffice.com/docx/K5bxdypulop3IIxrJb0lOjLVgFe)"
47.128.38.73 - - [18/Aug/2026:23:33:13 -0400] "GET /wp-content/uploads/2026/04/How-To-Start-Career-In-Digital-Marketing-With-No-Experience-Square-scaled-1.webp HTTP/2" 206 500 "https://call2action.com/blog/the-real-connection-lies-in-inclusive-design-the-benefit-of-designing-for-everyone/" "Mozilla/5.0 (Linux; Android 5.0) AppleWebKit/537.36 (KHTML, like Gecko) Mobile Safari/537.36 (compatible; Bytespider; https://bytedance.sg.larkoffice.com/docx/K5bxdypulop3IIxrJb0lOjLVgFe)"
102.96.53.98 - - [18/Aug/2026:23:36:46 -0400] "GET /wp-json/wp/v2/posts?per_page=10&status=publish&_fields=id%2Ctitle%2Clink HTTP/1.1" 200 634 "-" "Mozilla/5.0 (X11; Linux x86_64; rv:144.0) Gecko/20100101 Firefox/144.0"
192.158.238.133 - - [18/Aug/2026:23:36:48 -0400] "GET /wp-content/uploads/2026/04/Graphic-Design-is-Important-to-Make-Digital-Marketing-Successful.jpg HTTP/1.1" 200 90419 "-" "-"
102.96.53.98 - - [18/Aug/2026:23:36:48 -0400] "GET /why-graphic-design-in-digital-marketing-is-crucial/? HTTP/1.1" 200 42131 "-" "Mozilla/5.0 (X11; Linux x86_64; rv:144.0) Gecko/20100101 Firefox/144.0"
102.96.53.98 - - [18/Aug/2026:23:36:50 -0400] "POST /wp-comments-post.php HTTP/1.1" 302 0 "https://call2action.com/why-graphic-design-in-digital-marketing-is-crucial/" "Mozilla/5.0 (X11; Linux x86_64; rv:144.0) Gecko/20100101 Firefox/144.0"
192.158.238.133 - - [18/Aug/2026:23:36:53 -0400] "GET /wp-content/uploads/2026/04/Graphic-Design-is-Important-to-Make-Digital-Marketing-Successful.jpg HTTP/1.1" 200 90419 "-" "-"
102.96.53.98 - - [18/Aug/2026:23:36:52 -0400] "GET /why-graphic-design-in-digital-marketing-is-crucial/?unapproved=1294&moderation-hash=7ea8fb5ff760bb6122f262c210044c43 HTTP/1.1" 200 42698 "https://call2action.com/why-graphic-design-in-digital-marketing-is-crucial/" "Mozilla/5.0 (X11; Linux x86_64; rv:144.0) Gecko/20100101 Firefox/144.0"
54.37.118.90 - - [18/Aug/2026:23:38:32 -0400] "GET /sitemaps.xml HTTP/2" 200 222 "-" "Mozilla/5.0 (compatible; AhrefsBot/7.0; +http://ahrefs.com/robot/)"
92.222.104.219 - - [18/Aug/2026:23:38:35 -0400] "GET /post-sitemap1.xml HTTP/2" 200 1827 "-" "Mozilla/5.0 (compatible; AhrefsBot/7.0; +http://ahrefs.com/robot/)"
51.75.236.130 - - [18/Aug/2026:23:38:37 -0400] "GET /category-sitemap1.xml HTTP/2" 200 320 "-" "Mozilla/5.0 (compatible; AhrefsBot/7.0; +http://ahrefs.com/robot/)"
172.182.217.32 - - [18/Aug/2026:23:46:57 -0400] "GET / HTTP/1.1" 200 35817 "-" "Mozilla/5.0 (Windows NT 10.0; Win64; x64) AppleWebKit/537.36 (KHTML, like Gecko) Chrome/120.0.0.0 Safari/537.36"
172.182.217.32 - - [18/Aug/2026:23:46:59 -0400] "GET /666.php HTTP/1.1" 404 30147 "-" "Mozilla/5.0 (Windows NT 10.0; Win64; x64) AppleWebKit/537.36 (KHTML, like Gecko) Chrome/120.0.0.0 Safari/537.36"
172.182.217.32 - - [18/Aug/2026:23:47:00 -0400] "GET /bgymj.php HTTP/1.1" 404 30147 "-" "Mozilla/5.0 (Windows NT 10.0; Win64; x64) AppleWebKit/537.36 (KHTML, like Gecko) Chrome/120.0.0.0 Safari/537.36"
172.182.217.32 - - [18/Aug/2026:23:47:00 -0400] "GET /bthil.php HTTP/1.1" 404 30147 "-" "Mozilla/5.0 (Windows NT 10.0; Win64; x64) AppleWebKit/537.36 (KHTML, like Gecko) Chrome/120.0.0.0 Safari/537.36"
172.182.217.32 - - [18/Aug/2026:23:47:02 -0400] "GET /xp.php HTTP/1.1" 404 30147 "-" "Mozilla/5.0 (Windows NT 10.0; Win64; x64) AppleWebKit/537.36 (KHTML, like Gecko) Chrome/120.0.0.0 Safari/537.36"
172.182.217.32 - - [18/Aug/2026:23:47:02 -0400] "GET /reze.php HTTP/1.1" 404 30147 "-" "Mozilla/5.0 (Windows NT 10.0; Win64; x64) AppleWebKit/537.36 (KHTML, like Gecko) Chrome/120.0.0.0 Safari/537.36"
172.182.217.32 - - [18/Aug/2026:23:47:03 -0400] "GET /2026w.php HTTP/1.1" 404 30147 "-" "Mozilla/5.0 (Windows NT 10.0; Win64; x64) AppleWebKit/537.36 (KHTML, like Gecko) Chrome/120.0.0.0 Safari/537.36"
172.182.217.32 - - [18/Aug/2026:23:47:04 -0400] "GET /1.php HTTP/1.1" 404 30147 "-" "Mozilla/5.0 (Windows NT 10.0; Win64; x64) AppleWebKit/537.36 (KHTML, like Gecko) Chrome/120.0.0.0 Safari/537.36"
172.182.217.32 - - [18/Aug/2026:23:47:05 -0400] "GET /2.php HTTP/1.1" 404 30147 "-" "Mozilla/5.0 (Windows NT 10.0; Win64; x64) AppleWebKit/537.36 (KHTML, like Gecko) Chrome/120.0.0.0 Safari/537.36"
172.182.217.32 - - [18/Aug/2026:23:47:05 -0400] "GET /7.php HTTP/1.1" 404 30147 "-" "Mozilla/5.0 (Windows NT 10.0; Win64; x64) AppleWebKit/537.36 (KHTML, like Gecko) Chrome/120.0.0.0 Safari/537.36"
172.182.217.32 - - [18/Aug/2026:23:47:06 -0400] "GET /10.php HTTP/1.1" 404 30147 "-" "Mozilla/5.0 (Windows NT 10.0; Win64; x64) AppleWebKit/537.36 (KHTML, like Gecko) Chrome/120.0.0.0 Safari/537.36"
172.182.217.32 - - [18/Aug/2026:23:47:07 -0400] "GET /13.php HTTP/1.1" 404 30147 "-" "Mozilla/5.0 (Windows NT 10.0; Win64; x64) AppleWebKit/537.36 (KHTML, like Gecko) Chrome/120.0.0.0 Safari/537.36"
172.182.217.32 - - [18/Aug/2026:23:47:08 -0400] "GET /100.php HTTP/1.1" 404 30147 "-" "Mozilla/5.0 (Windows NT 10.0; Win64; x64) AppleWebKit/537.36 (KHTML, like Gecko) Chrome/120.0.0.0 Safari/537.36"
172.182.217.32 - - [18/Aug/2026:23:47:09 -0400] "GET /222.php HTTP/1.1" 404 30147 "-" "Mozilla/5.0 (Windows NT 10.0; Win64; x64) AppleWebKit/537.36 (KHTML, like Gecko) Chrome/120.0.0.0 Safari/537.36"
172.182.217.32 - - [18/Aug/2026:23:47:10 -0400] "GET /adminfuns.php HTTP/1.1" 404 30147 "-" "Mozilla/5.0 (Windows NT 10.0; Win64; x64) AppleWebKit/537.36 (KHTML, like Gecko) Chrome/120.0.0.0 Safari/537.36"
172.182.217.32 - - [18/Aug/2026:23:47:10 -0400] "GET /abcd.php HTTP/1.1" 404 30147 "-" "Mozilla/5.0 (Windows NT 10.0; Win64; x64) AppleWebKit/537.36 (KHTML, like Gecko) Chrome/120.0.0.0 Safari/537.36"
172.182.217.32 - - [18/Aug/2026:23:47:11 -0400] "GET /al.php HTTP/1.1" 404 30147 "-" "Mozilla/5.0 (Windows NT 10.0; Win64; x64) AppleWebKit/537.36 (KHTML, like Gecko) Chrome/120.0.0.0 Safari/537.36"
172.182.217.32 - - [18/Aug/2026:23:47:12 -0400] "GET /alfa.php HTTP/1.1" 404 30147 "-" "Mozilla/5.0 (Windows NT 10.0; Win64; x64) AppleWebKit/537.36 (KHTML, like Gecko) Chrome/120.0.0.0 Safari/537.36"
172.182.217.32 - - [18/Aug/2026:23:47:13 -0400] "GET /as.php HTTP/1.1" 404 30147 "-" "Mozilla/5.0 (Windows NT 10.0; Win64; x64) AppleWebKit/537.36 (KHTML, like Gecko) Chrome/120.0.0.0 Safari/537.36"
172.182.217.32 - - [18/Aug/2026:23:47:15 -0400] "GET /aa.php HTTP/1.1" 404 30147 "-" "Mozilla/5.0 (Windows NT 10.0; Win64; x64) AppleWebKit/537.36 (KHTML, like Gecko) Chrome/120.0.0.0 Safari/537.36"
172.182.217.32 - - [18/Aug/2026:23:47:17 -0400] "GET /abc.php HTTP/1.1" 404 30147 "-" "Mozilla/5.0 (Windows NT 10.0; Win64; x64) AppleWebKit/537.36 (KHTML, like Gecko) Chrome/120.0.0.0 Safari/537.36"
172.182.217.32 - - [18/Aug/2026:23:47:18 -0400] "GET /av.php HTTP/1.1" 404 30147 "-" "Mozilla/5.0 (Windows NT 10.0; Win64; x64) AppleWebKit/537.36 (KHTML, like Gecko) Chrome/120.0.0.0 Safari/537.36"
172.182.217.32 - - [18/Aug/2026:23:47:19 -0400] "GET /autoload_classmap.php HTTP/1.1" 404 30147 "-" "Mozilla/5.0 (Windows NT 10.0; Win64; x64) AppleWebKit/537.36 (KHTML, like Gecko) Chrome/120.0.0.0 Safari/537.36"
172.182.217.32 - - [18/Aug/2026:23:47:19 -0400] "GET /asus.php HTTP/1.1" 404 30147 "-" "Mozilla/5.0 (Windows NT 10.0; Win64; x64) AppleWebKit/537.36 (KHTML, like Gecko) Chrome/120.0.0.0 Safari/537.36"
172.182.217.32 - - [18/Aug/2026:23:47:20 -0400] "GET /about.php HTTP/1.1" 404 30147 "-" "Mozilla/5.0 (Windows NT 10.0; Win64; x64) AppleWebKit/537.36 (KHTML, like Gecko) Chrome/120.0.0.0 Safari/537.36"
172.182.217.32 - - [18/Aug/2026:23:47:21 -0400] "GET /atomlib.php HTTP/1.1" 404 30147 "-" "Mozilla/5.0 (Windows NT 10.0; Win64; x64) AppleWebKit/537.36 (KHTML, like Gecko) Chrome/120.0.0.0 Safari/537.36"
172.182.217.32 - - [18/Aug/2026:23:47:23 -0400] "GET /alfa-rex.php7 HTTP/1.1" 404 30147 "-" "Mozilla/5.0 (Windows NT 10.0; Win64; x64) AppleWebKit/537.36 (KHTML, like Gecko) Chrome/120.0.0.0 Safari/537.36"
172.182.217.32 - - [18/Aug/2026:23:47:24 -0400] "GET /b.php HTTP/1.1" 404 30147 "-" "Mozilla/5.0 (Windows NT 10.0; Win64; x64) AppleWebKit/537.36 (KHTML, like Gecko) Chrome/120.0.0.0 Safari/537.36"
172.182.217.32 - - [18/Aug/2026:23:47:24 -0400] "GET /buy.php HTTP/1.1" 404 30147 "-" "Mozilla/5.0 (Windows NT 10.0; Win64; x64) AppleWebKit/537.36 (KHTML, like Gecko) Chrome/120.0.0.0 Safari/537.36"
172.182.217.32 - - [18/Aug/2026:23:47:25 -0400] "GET /bless.php HTTP/1.1" 404 30147 "-" "Mozilla/5.0 (Windows NT 10.0; Win64; x64) AppleWebKit/537.36 (KHTML, like Gecko) Chrome/120.0.0.0 Safari/537.36"
172.182.217.32 - - [18/Aug/2026:23:47:26 -0400] "GET /class-t.api.php HTTP/1.1" 404 30147 "-" "Mozilla/5.0 (Windows NT 10.0; Win64; x64) AppleWebKit/537.36 (KHTML, like Gecko) Chrome/120.0.0.0 Safari/537.36"
172.182.217.32 - - [18/Aug/2026:23:47:27 -0400] "GET /cache.php HTTP/1.1" 404 30147 "-" "Mozilla/5.0 (Windows NT 10.0; Win64; x64) AppleWebKit/537.36 (KHTML, like Gecko) Chrome/120.0.0.0 Safari/537.36"
172.182.217.32 - - [18/Aug/2026:23:47:28 -0400] "GET /content.php HTTP/1.1" 404 30147 "-" "Mozilla/5.0 (Windows NT 10.0; Win64; x64) AppleWebKit/537.36 (KHTML, like Gecko) Chrome/120.0.0.0 Safari/537.36"
172.182.217.32 - - [18/Aug/2026:23:47:29 -0400] "GET /classwithtostring.php HTTP/1.1" 404 30147 "-" "Mozilla/5.0 (Windows NT 10.0; Win64; x64) AppleWebKit/537.36 (KHTML, like Gecko) Chrome/120.0.0.0 Safari/537.36"
172.182.217.32 - - [18/Aug/2026:23:47:29 -0400] "GET /css.php HTTP/1.1" 404 30147 "-" "Mozilla/5.0 (Windows NT 10.0; Win64; x64) AppleWebKit/537.36 (KHTML, like Gecko) Chrome/120.0.0.0 Safari/537.36"
172.182.217.32 - - [18/Aug/2026:23:47:30 -0400] "GET /chosen.php HTTP/1.1" 404 30147 "-" "Mozilla/5.0 (Windows NT 10.0; Win64; x64) AppleWebKit/537.36 (KHTML, like Gecko) Chrome/120.0.0.0 Safari/537.36"
172.182.217.32 - - [18/Aug/2026:23:47:32 -0400] "GET /doc.php HTTP/1.1" 404 30147 "-" "Mozilla/5.0 (Windows NT 10.0; Win64; x64) AppleWebKit/537.36 (KHTML, like Gecko) Chrome/120.0.0.0 Safari/537.36"
172.182.217.32 - - [18/Aug/2026:23:47:33 -0400] "GET /elp.php HTTP/1.1" 404 30147 "-" "Mozilla/5.0 (Windows NT 10.0; Win64; x64) AppleWebKit/537.36 (KHTML, like Gecko) Chrome/120.0.0.0 Safari/537.36"
172.182.217.32 - - [18/Aug/2026:23:47:33 -0400] "GET /Exception-class.php HTTP/1.1" 404 30147 "-" "Mozilla/5.0 (Windows NT 10.0; Win64; x64) AppleWebKit/537.36 (KHTML, like Gecko) Chrome/120.0.0.0 Safari/537.36"
172.182.217.32 - - [18/Aug/2026:23:47:34 -0400] "GET /ee.php HTTP/1.1" 404 30147 "-" "Mozilla/5.0 (Windows NT 10.0; Win64; x64) AppleWebKit/537.36 (KHTML, like Gecko) Chrome/120.0.0.0 Safari/537.36"
172.182.217.32 - - [18/Aug/2026:23:47:34 -0400] "GET /edit.php HTTP/1.1" 404 30147 "-" "Mozilla/5.0 (Windows NT 10.0; Win64; x64) AppleWebKit/537.36 (KHTML, like Gecko) Chrome/120.0.0.0 Safari/537.36"
172.182.217.32 - - [18/Aug/2026:23:47:35 -0400] "GET /f35.php HTTP/1.1" 404 30147 "-" "Mozilla/5.0 (Windows NT 10.0; Win64; x64) AppleWebKit/537.36 (KHTML, like Gecko) Chrome/120.0.0.0 Safari/537.36"
172.182.217.32 - - [18/Aug/2026:23:47:37 -0400] "GET /fff.php HTTP/1.1" 404 30147 "-" "Mozilla/5.0 (Windows NT 10.0; Win64; x64) AppleWebKit/537.36 (KHTML, like Gecko) Chrome/120.0.0.0 Safari/537.36"
172.182.217.32 - - [18/Aug/2026:23:47:37 -0400] "GET /ff1.php HTTP/1.1" 404 30147 "-" "Mozilla/5.0 (Windows NT 10.0; Win64; x64) AppleWebKit/537.36 (KHTML, like Gecko) Chrome/120.0.0.0 Safari/537.36"
172.182.217.32 - - [18/Aug/2026:23:47:38 -0400] "GET /flower.php HTTP/1.1" 404 30147 "-" "Mozilla/5.0 (Windows NT 10.0; Win64; x64) AppleWebKit/537.36 (KHTML, like Gecko) Chrome/120.0.0.0 Safari/537.36"
172.182.217.32 - - [18/Aug/2026:23:47:39 -0400] "GET /file.php HTTP/1.1" 404 30147 "-" "Mozilla/5.0 (Windows NT 10.0; Win64; x64) AppleWebKit/537.36 (KHTML, like Gecko) Chrome/120.0.0.0 Safari/537.36"
172.182.217.32 - - [18/Aug/2026:23:47:40 -0400] "GET /goods.php HTTP/1.1" 404 30147 "-" "Mozilla/5.0 (Windows NT 10.0; Win64; x64) AppleWebKit/537.36 (KHTML, like Gecko) Chrome/120.0.0.0 Safari/537.36"
172.182.217.32 - - [18/Aug/2026:23:47:41 -0400] "GET /g.php HTTP/1.1" 404 30147 "-" "Mozilla/5.0 (Windows NT 10.0; Win64; x64) AppleWebKit/537.36 (KHTML, like Gecko) Chrome/120.0.0.0 Safari/537.36"
172.182.217.32 - - [18/Aug/2026:23:47:42 -0400] "GET /hplfuns.php HTTP/1.1" 404 30147 "-" "Mozilla/5.0 (Windows NT 10.0; Win64; x64) AppleWebKit/537.36 (KHTML, like Gecko) Chrome/120.0.0.0 Safari/537.36"
172.182.217.32 - - [18/Aug/2026:23:47:42 -0400] "GET /ioxi-o.php HTTP/1.1" 404 30147 "-" "Mozilla/5.0 (Windows NT 10.0; Win64; x64) AppleWebKit/537.36 (KHTML, like Gecko) Chrome/120.0.0.0 Safari/537.36"
172.182.217.32 - - [18/Aug/2026:23:47:44 -0400] "GET /in.php HTTP/1.1" 404 30147 "-" "Mozilla/5.0 (Windows NT 10.0; Win64; x64) AppleWebKit/537.36 (KHTML, like Gecko) Chrome/120.0.0.0 Safari/537.36"
172.182.217.32 - - [18/Aug/2026:23:47:45 -0400] "GET /info.php HTTP/1.1" 404 30147 "-" "Mozilla/5.0 (Windows NT 10.0; Win64; x64) AppleWebKit/537.36 (KHTML, like Gecko) Chrome/120.0.0.0 Safari/537.36"
172.182.217.32 - - [18/Aug/2026:23:47:46 -0400] "GET /inputs.php HTTP/1.1" 404 30147 "-" "Mozilla/5.0 (Windows NT 10.0; Win64; x64) AppleWebKit/537.36 (KHTML, like Gecko) Chrome/120.0.0.0 Safari/537.36"
172.182.217.32 - - [18/Aug/2026:23:47:47 -0400] "GET /item.php HTTP/1.1" 404 30147 "-" "Mozilla/5.0 (Windows NT 10.0; Win64; x64) AppleWebKit/537.36 (KHTML, like Gecko) Chrome/120.0.0.0 Safari/537.36"
172.182.217.32 - - [18/Aug/2026:23:47:48 -0400] "GET /k.php HTTP/1.1" 404 30147 "-" "Mozilla/5.0 (Windows NT 10.0; Win64; x64) AppleWebKit/537.36 (KHTML, like Gecko) Chrome/120.0.0.0 Safari/537.36"
172.182.217.32 - - [18/Aug/2026:23:47:49 -0400] "GET /license.php HTTP/1.1" 404 30147 "-" "Mozilla/5.0 (Windows NT 10.0; Win64; x64) AppleWebKit/537.36 (KHTML, like Gecko) Chrome/120.0.0.0 Safari/537.36"
172.182.217.32 - - [18/Aug/2026:23:47:50 -0400] "GET /load.php HTTP/1.1" 404 30147 "-" "Mozilla/5.0 (Windows NT 10.0; Win64; x64) AppleWebKit/537.36 (KHTML, like Gecko) Chrome/120.0.0.0 Safari/537.36"
172.182.217.32 - - [18/Aug/2026:23:47:51 -0400] "GET /manager.php HTTP/1.1" 404 30147 "-" "Mozilla/5.0 (Windows NT 10.0; Win64; x64) AppleWebKit/537.36 (KHTML, like Gecko) Chrome/120.0.0.0 Safari/537.36"
172.182.217.32 - - [18/Aug/2026:23:47:53 -0400] "GET /media.php HTTP/1.1" 404 30147 "-" "Mozilla/5.0 (Windows NT 10.0; Win64; x64) AppleWebKit/537.36 (KHTML, like Gecko) Chrome/120.0.0.0 Safari/537.36"
172.182.217.32 - - [18/Aug/2026:23:47:54 -0400] "GET /mar.php HTTP/1.1" 404 30147 "-" "Mozilla/5.0 (Windows NT 10.0; Win64; x64) AppleWebKit/537.36 (KHTML, like Gecko) Chrome/120.0.0.0 Safari/537.36"
172.182.217.32 - - [18/Aug/2026:23:47:55 -0400] "GET /my1.php HTTP/1.1" 404 30147 "-" "Mozilla/5.0 (Windows NT 10.0; Win64; x64) AppleWebKit/537.36 (KHTML, like Gecko) Chrome/120.0.0.0 Safari/537.36"
172.182.217.32 - - [18/Aug/2026:23:47:56 -0400] "GET /mm.php HTTP/1.1" 404 30147 "-" "Mozilla/5.0 (Windows NT 10.0; Win64; x64) AppleWebKit/537.36 (KHTML, like Gecko) Chrome/120.0.0.0 Safari/537.36"
172.182.217.32 - - [18/Aug/2026:23:47:57 -0400] "GET /network.php HTTP/1.1" 404 30147 "-" "Mozilla/5.0 (Windows NT 10.0; Win64; x64) AppleWebKit/537.36 (KHTML, like Gecko) Chrome/120.0.0.0 Safari/537.36"
172.182.217.32 - - [18/Aug/2026:23:47:58 -0400] "GET /new.php HTTP/1.1" 404 30147 "-" "Mozilla/5.0 (Windows NT 10.0; Win64; x64) AppleWebKit/537.36 (KHTML, like Gecko) Chrome/120.0.0.0 Safari/537.36"
172.182.217.32 - - [18/Aug/2026:23:47:59 -0400] "GET /0x.php HTTP/1.1" 404 30147 "-" "Mozilla/5.0 (Windows NT 10.0; Win64; x64) AppleWebKit/537.36 (KHTML, like Gecko) Chrome/120.0.0.0 Safari/537.36"
172.182.217.32 - - [18/Aug/2026:23:48:00 -0400] "GET /0.php HTTP/1.1" 404 30147 "-" "Mozilla/5.0 (Windows NT 10.0; Win64; x64) AppleWebKit/537.36 (KHTML, like Gecko) Chrome/120.0.0.0 Safari/537.36"
172.182.217.32 - - [18/Aug/2026:23:48:00 -0400] "GET /oxshell.php HTTP/1.1" 404 30147 "-" "Mozilla/5.0 (Windows NT 10.0; Win64; x64) AppleWebKit/537.36 (KHTML, like Gecko) Chrome/120.0.0.0 Safari/537.36"
172.182.217.32 - - [18/Aug/2026:23:48:02 -0400] "GET /php8.php HTTP/1.1" 404 30147 "-" "Mozilla/5.0 (Windows NT 10.0; Win64; x64) AppleWebKit/537.36 (KHTML, like Gecko) Chrome/120.0.0.0 Safari/537.36"
172.182.217.32 - - [18/Aug/2026:23:48:03 -0400] "GET /p.php HTTP/1.1" 404 30147 "-" "Mozilla/5.0 (Windows NT 10.0; Win64; x64) AppleWebKit/537.36 (KHTML, like Gecko) Chrome/120.0.0.0 Safari/537.36"
172.182.217.32 - - [18/Aug/2026:23:48:04 -0400] "GET /php.php HTTP/1.1" 404 30147 "-" "Mozilla/5.0 (Windows NT 10.0; Win64; x64) AppleWebKit/537.36 (KHTML, like Gecko) Chrome/120.0.0.0 Safari/537.36"
172.182.217.32 - - [18/Aug/2026:23:48:05 -0400] "GET /past.php HTTP/1.1" 404 30147 "-" "Mozilla/5.0 (Windows NT 10.0; Win64; x64) AppleWebKit/537.36 (KHTML, like Gecko) Chrome/120.0.0.0 Safari/537.36"
172.182.217.32 - - [18/Aug/2026:23:48:06 -0400] "GET /root.php HTTP/1.1" 404 30147 "-" "Mozilla/5.0 (Windows NT 10.0; Win64; x64) AppleWebKit/537.36 (KHTML, like Gecko) Chrome/120.0.0.0 Safari/537.36"
