20.226.7.189 - - [19/Aug/2026:02:47:49 -0400] "GET /wp-includes/PHPMailer/ HTTP/1.1" 200 1183 "-" "Mozilla/5.0 (Windows NT 10.0; Win64; x64) AppleWebKit/537.36 (KHTML, like Gecko) Chrome/120.0.0.0 Safari/537.36"
20.226.7.189 - - [19/Aug/2026:02:47:49 -0400] "GET /wsoyanz.php HTTP/1.1" 404 30147 "-" "Mozilla/5.0 (Windows NT 10.0; Win64; x64) AppleWebKit/537.36 (KHTML, like Gecko) Chrome/120.0.0.0 Safari/537.36"
20.226.7.189 - - [19/Aug/2026:02:47:50 -0400] "GET /xleet.php HTTP/1.1" 404 30147 "-" "Mozilla/5.0 (Windows NT 10.0; Win64; x64) AppleWebKit/537.36 (KHTML, like Gecko) Chrome/120.0.0.0 Safari/537.36"
20.226.7.189 - - [19/Aug/2026:02:47:51 -0400] "GET /xmrlpc.php HTTP/1.1" 404 30147 "-" "Mozilla/5.0 (Windows NT 10.0; Win64; x64) AppleWebKit/537.36 (KHTML, like Gecko) Chrome/120.0.0.0 Safari/537.36"
88.246.198.248 - - [19/Aug/2026:02:47:58 -0400] "POST /xmlrpc.php HTTP/1.1" 200 403 "-" "Mozilla/5.0 (Windows NT 6.2; arm64) AppleWebKit/537.36 (KHTML, like Gecko) Firefox/96.0.0.0 Safari/537.36"
129.121.48.235 - - [19/Aug/2026:02:48:01 -0400] "GET /wp-login.php HTTP/2" 200 3576 "-" "Mozilla/5.0 (Windows NT 10.0; Win64; x64) AppleWebKit/537.36 (KHTML, like Gecko) Chrome/149.0.0.0 Safari/537.36"
88.246.198.248 - - [19/Aug/2026:02:48:16 -0400] "POST /xmlrpc.php HTTP/1.1" 200 403 "-" "Mozilla/5.0 (X11; Ubuntu; Linux x86_64; x86) AppleWebKit/537.36 (KHTML, like Gecko) Safari/10.0.0.0 Safari/537.36"
88.246.198.248 - - [19/Aug/2026:02:48:33 -0400] "POST /xmlrpc.php HTTP/1.1" 200 403 "-" "Mozilla/5.0 (Linux; Android 10; arm64) AppleWebKit/537.36 (KHTML, like Gecko) Opera/65.0.0.0 Safari/537.36"
88.246.198.248 - - [19/Aug/2026:02:48:55 -0400] "POST /xmlrpc.php HTTP/1.1" 200 403 "-" "Mozilla/5.0 (Linux; Android 10; x64) AppleWebKit/537.36 (KHTML, like Gecko) Firefox/74.0.0.0 Safari/537.36"
88.246.198.248 - - [19/Aug/2026:02:49:16 -0400] "POST /xmlrpc.php HTTP/1.1" 200 403 "-" "Mozilla/5.0 (Macintosh; Intel Mac OS X 10_15_7; arm64) AppleWebKit/537.36 (KHTML, like Gecko) Chrome/109.0.0.0 Safari/537.36"
88.246.198.248 - - [19/Aug/2026:02:49:35 -0400] "POST /xmlrpc.php HTTP/1.1" 200 403 "-" "Mozilla/5.0 (Macintosh; Intel Mac OS X 10_15_7; x86) AppleWebKit/537.36 (KHTML, like Gecko) Opera/71.0.0.0 Safari/537.36"
88.246.198.248 - - [19/Aug/2026:02:49:53 -0400] "POST /xmlrpc.php HTTP/1.1" 200 403 "-" "Mozilla/5.0 (Windows NT 10.0; arm64) AppleWebKit/537.36 (KHTML, like Gecko) Firefox/95.0.0.0 Safari/537.36"
88.246.198.248 - - [19/Aug/2026:02:50:11 -0400] "POST /xmlrpc.php HTTP/1.1" 200 403 "-" "Mozilla/5.0 (Windows NT 10.0; arm64) AppleWebKit/537.36 (KHTML, like Gecko) Safari/13.0.0.0 Safari/537.36"
88.246.198.248 - - [19/Aug/2026:02:50:36 -0400] "POST /xmlrpc.php HTTP/1.1" 200 403 "-" "Mozilla/5.0 (Macintosh; Intel Mac OS X 10_15_7; arm64) AppleWebKit/537.36 (KHTML, like Gecko) Opera/72.0.0.0 Safari/537.36"
88.246.198.248 - - [19/Aug/2026:02:50:56 -0400] "POST /xmlrpc.php HTTP/1.1" 200 403 "-" "Mozilla/5.0 (X11; Ubuntu; Linux x86_64; arm64) AppleWebKit/537.36 (KHTML, like Gecko) Opera/65.0.0.0 Safari/537.36"
178.20.47.39 - - [19/Aug/2026:02:50:57 -0400] "GET /blog/seo-for-spotify-use-spotify-for-artists-to-grow-streams/ HTTP/1.0" 301 0 "https://www.call2action.com/blog/seo-for-spotify-use-spotify-for-artists-to-grow-streams/#comment-19001" "Mozilla/5.0 (Windows NT 10.0; Win64; x64) AppleWebKit/537.36 (KHTML, like Gecko) Chrome/130.0.0.0 Safari/537.36 CCleaner/130.0.0.0"
192.158.238.133 - - [19/Aug/2026:02:50:59 -0400] "GET /wp-content/uploads/2026/04/istockphoto-1048258424-612x612-1.jpg HTTP/1.1" 200 42073 "-" "-"
178.20.47.39 - - [19/Aug/2026:02:50:58 -0400] "GET /seo-for-spotify-use-spotify-for-artists-to-grow-streams/ HTTP/1.0" 200 144895 "https://call2action.com/seo-for-spotify-use-spotify-for-artists-to-grow-streams/" "Mozilla/5.0 (Windows NT 10.0; Win64; x64) AppleWebKit/537.36 (KHTML, like Gecko) Chrome/130.0.0.0 Safari/537.36 CCleaner/130.0.0.0"
178.20.47.39 - - [19/Aug/2026:02:51:01 -0400] "POST /wp-comments-post.php HTTP/1.0" 302 0 "https://call2action.com/seo-for-spotify-use-spotify-for-artists-to-grow-streams/" "Mozilla/5.0 (Windows NT 10.0; Win64; x64) AppleWebKit/537.36 (KHTML, like Gecko) Chrome/130.0.0.0 Safari/537.36 CCleaner/130.0.0.0"
192.158.238.133 - - [19/Aug/2026:02:51:04 -0400] "GET /wp-content/uploads/2026/04/istockphoto-1048258424-612x612-1.jpg HTTP/1.1" 200 42073 "-" "-"
178.20.47.39 - - [19/Aug/2026:02:51:04 -0400] "GET /seo-for-spotify-use-spotify-for-artists-to-grow-streams/ HTTP/1.0" 200 188451 "https://call2action.com/seo-for-spotify-use-spotify-for-artists-to-grow-streams/#comment-1298" "Mozilla/5.0 (Windows NT 10.0; Win64; x64) AppleWebKit/537.36 (KHTML, like Gecko) Chrome/130.0.0.0 Safari/537.36 CCleaner/130.0.0.0"
88.246.198.248 - - [19/Aug/2026:02:51:13 -0400] "POST /xmlrpc.php HTTP/1.1" 200 403 "-" "Mozilla/5.0 (Windows NT 6.3; arm64) AppleWebKit/537.36 (KHTML, like Gecko) Opera/76.0.0.0 Safari/537.36"
88.246.198.248 - - [19/Aug/2026:02:51:30 -0400] "POST /xmlrpc.php HTTP/1.1" 200 403 "-" "Mozilla/5.0 (Windows NT 10.0; x64) AppleWebKit/537.36 (KHTML, like Gecko) Safari/11.0.0.0 Safari/537.36"
88.246.198.248 - - [19/Aug/2026:02:51:47 -0400] "POST /xmlrpc.php HTTP/1.1" 200 403 "-" "Mozilla/5.0 (Windows NT 6.2; arm64) AppleWebKit/537.36 (KHTML, like Gecko) Safari/14.0.0.0 Safari/537.36"
88.246.198.248 - - [19/Aug/2026:02:52:04 -0400] "POST /xmlrpc.php HTTP/1.1" 200 403 "-" "Mozilla/5.0 (Windows NT 6.3; arm64) AppleWebKit/537.36 (KHTML, like Gecko) Firefox/95.0.0.0 Safari/537.36"
88.246.198.248 - - [19/Aug/2026:02:52:19 -0400] "POST /xmlrpc.php HTTP/1.1" 200 403 "-" "Mozilla/5.0 (Windows NT 6.3; x64) AppleWebKit/537.36 (KHTML, like Gecko) Edge/81.0.0.0 Safari/537.36"
39.37.170.207 - - [19/Aug/2026:02:52:33 -0400] "POST /xmlrpc.php HTTP/1.1" 200 403 "-" "Jetpack/12.0; WordPress/6.4; http://site91382552.com"
88.246.198.248 - - [19/Aug/2026:02:52:34 -0400] "POST /xmlrpc.php HTTP/1.1" 200 403 "-" "Mozilla/5.0 (Windows NT 10.0; arm64) AppleWebKit/537.36 (KHTML, like Gecko) Edge/83.0.0.0 Safari/537.36"
39.37.170.207 - - [19/Aug/2026:02:52:42 -0400] "POST /xmlrpc.php HTTP/1.1" 200 403 "-" "WordPress.com; https://wordpress.com"
88.246.198.248 - - [19/Aug/2026:02:52:50 -0400] "POST /xmlrpc.php HTTP/1.1" 200 403 "-" "Mozilla/5.0 (Windows NT 6.3; x86) AppleWebKit/537.36 (KHTML, like Gecko) Safari/12.0.0.0 Safari/537.36"
39.37.170.207 - - [19/Aug/2026:02:52:53 -0400] "POST /xmlrpc.php HTTP/1.1" 200 403 "-" "WordPress.com; https://wordpress.com"
39.37.170.207 - - [19/Aug/2026:02:53:03 -0400] "POST /xmlrpc.php HTTP/1.1" 200 403 "-" "Jetpack by WordPress.com"
35.171.124.35 - - [19/Aug/2026:02:53:05 -0400] "GET / HTTP/1.1" 301 0 "-" "Mozilla/5.0 (Windows NT 10.0; Win64; x64) AppleWebKit/537.36 (KHTML, like Gecko) Chrome/130.0.0.0 Safari/537.36 Edg/130.0.0.0"
34.193.126.165 - - [19/Aug/2026:02:53:06 -0400] "GET / HTTP/1.1" 200 41495 "-" "Mozilla/5.0 (Windows NT 10.0; Win64; x64) AppleWebKit/537.36 (KHTML, like Gecko) Chrome/130.0.0.0 Safari/537.36 Edg/130.0.0.0"
88.246.198.248 - - [19/Aug/2026:02:53:06 -0400] "POST /xmlrpc.php HTTP/1.1" 200 403 "-" "Mozilla/5.0 (Linux; Android 10; x64) AppleWebKit/537.36 (KHTML, like Gecko) Opera/65.0.0.0 Safari/537.36"
39.37.170.207 - - [19/Aug/2026:02:53:14 -0400] "POST /xmlrpc.php HTTP/1.1" 200 403 "-" "Jetpack/12.1; WordPress/6.1; http://site95532713.com"
88.246.198.248 - - [19/Aug/2026:02:53:24 -0400] "POST /xmlrpc.php HTTP/1.1" 200 403 "-" "Mozilla/5.0 (Macintosh; Intel Mac OS X 10_15_7; x86) AppleWebKit/537.36 (KHTML, like Gecko) Chrome/86.0.0.0 Safari/537.36"
39.37.170.207 - - [19/Aug/2026:02:53:24 -0400] "POST /xmlrpc.php HTTP/1.1" 200 403 "-" "WordPress.com; https://wordpress.com"
39.37.170.207 - - [19/Aug/2026:02:53:35 -0400] "POST /xmlrpc.php HTTP/1.1" 200 403 "-" "Jetpack by WordPress.com (Jetpack 12.0; WordPress 6.4)"
88.246.198.248 - - [19/Aug/2026:02:53:41 -0400] "POST /xmlrpc.php HTTP/1.1" 200 403 "-" "Mozilla/5.0 (X11; Ubuntu; Linux x86_64; x86) AppleWebKit/537.36 (KHTML, like Gecko) Firefox/93.0.0.0 Safari/537.36"
39.37.170.207 - - [19/Aug/2026:02:53:45 -0400] "POST /xmlrpc.php HTTP/1.1" 200 403 "-" "Jetpack by WordPress.com"
39.37.170.207 - - [19/Aug/2026:02:53:56 -0400] "POST /xmlrpc.php HTTP/1.1" 200 403 "-" "Jetpack/13.0; WordPress/6.1; http://site42849532.com"
88.246.198.248 - - [19/Aug/2026:02:53:57 -0400] "POST /xmlrpc.php HTTP/1.1" 200 403 "-" "Mozilla/5.0 (Windows NT 6.3; x86) AppleWebKit/537.36 (KHTML, like Gecko) Safari/15.0.0.0 Safari/537.36"
39.37.170.207 - - [19/Aug/2026:02:54:06 -0400] "POST /xmlrpc.php HTTP/1.1" 200 403 "-" "Jetpack by WordPress.com (Jetpack 12.5; WordPress 6.2)"
39.37.170.207 - - [19/Aug/2026:02:54:17 -0400] "POST /xmlrpc.php HTTP/1.1" 200 403 "-" "WordPress.com; https://wordpress.com"
88.246.198.248 - - [19/Aug/2026:02:54:19 -0400] "POST /xmlrpc.php HTTP/1.1" 200 403 "-" "Mozilla/5.0 (Windows NT 10.0; x64) AppleWebKit/537.36 (KHTML, like Gecko) Firefox/100.0.0.0 Safari/537.36"
39.37.170.207 - - [19/Aug/2026:02:54:27 -0400] "POST /xmlrpc.php HTTP/1.1" 200 403 "-" "WordPress.com; https://wordpress.com"
88.246.198.248 - - [19/Aug/2026:02:54:38 -0400] "POST /xmlrpc.php HTTP/1.1" 200 403 "-" "Mozilla/5.0 (X11; Ubuntu; Linux x86_64; x86) AppleWebKit/537.36 (KHTML, like Gecko) Safari/15.0.0.0 Safari/537.36"
39.37.170.207 - - [19/Aug/2026:02:54:38 -0400] "POST /xmlrpc.php HTTP/1.1" 200 403 "-" "Jetpack/12.5; WordPress/6.4; http://site47317415.com"
157.40.163.226 - - [19/Aug/2026:02:54:43 -0400] "POST /xmlrpc.php HTTP/1.1" 200 403 "-" "Jetpack by WordPress.com (Jetpack 12.1; WordPress 6.3)"
39.37.170.207 - - [19/Aug/2026:02:54:48 -0400] "POST /xmlrpc.php HTTP/1.1" 200 403 "-" "Jetpack/12.0; WordPress/6.4; http://site78227123.com"
157.40.163.226 - - [19/Aug/2026:02:54:53 -0400] "POST /xmlrpc.php HTTP/1.1" 200 403 "-" "Jetpack/12.0; WordPress/6.1; http://site50056571.com"
88.246.198.248 - - [19/Aug/2026:02:54:53 -0400] "POST /xmlrpc.php HTTP/1.1" 200 403 "-" "Mozilla/5.0 (Windows NT 10.0; x64) AppleWebKit/537.36 (KHTML, like Gecko) Safari/13.0.0.0 Safari/537.36"
39.37.170.207 - - [19/Aug/2026:02:54:59 -0400] "POST /xmlrpc.php HTTP/1.1" 403 1242 "-" "WordPress.com; https://wordpress.com"
157.40.163.226 - - [19/Aug/2026:02:55:04 -0400] "POST /xmlrpc.php HTTP/1.1" 200 403 "-" "Jetpack by WordPress.com"
39.37.170.207 - - [19/Aug/2026:02:55:09 -0400] "POST /xmlrpc.php HTTP/1.1" 200 403 "-" "Jetpack/12.1; WordPress/6.4; http://site27304474.com"
88.246.198.248 - - [19/Aug/2026:02:55:11 -0400] "POST /xmlrpc.php HTTP/1.1" 200 403 "-" "Mozilla/5.0 (Linux; Android 10; arm64) AppleWebKit/537.36 (KHTML, like Gecko) Safari/15.0.0.0 Safari/537.36"
157.40.163.226 - - [19/Aug/2026:02:55:14 -0400] "POST /xmlrpc.php HTTP/1.1" 200 403 "-" "Jetpack/12.1; WordPress/6.1; http://site82097701.com"
39.37.170.207 - - [19/Aug/2026:02:55:20 -0400] "POST /xmlrpc.php HTTP/1.1" 200 403 "-" "Jetpack by WordPress.com (Jetpack 12.0; WordPress 6.3)"
157.40.163.226 - - [19/Aug/2026:02:55:25 -0400] "POST /xmlrpc.php HTTP/1.1" 200 403 "-" "WordPress.com; https://wordpress.com"
84.54.44.19 - - [19/Aug/2026:02:55:25 -0400] "GET /blog/seo-for-spotify-use-spotify-for-artists-to-grow-streams/ HTTP/1.0" 301 0 "https://www.call2action.com/blog/seo-for-spotify-use-spotify-for-artists-to-grow-streams/#comment-19001" "Mozilla/5.0 (Windows NT 10.0; Win64; x64) AppleWebKit/537.36 (KHTML, like Gecko) Chrome/129.0.0.0 Safari/537.36"
192.158.238.133 - - [19/Aug/2026:02:55:27 -0400] "GET /wp-content/uploads/2026/04/istockphoto-1048258424-612x612-1.jpg HTTP/1.1" 200 42073 "-" "-"
84.54.44.19 - - [19/Aug/2026:02:55:27 -0400] "GET /seo-for-spotify-use-spotify-for-artists-to-grow-streams/ HTTP/1.0" 200 144895 "https://call2action.com/seo-for-spotify-use-spotify-for-artists-to-grow-streams/" "Mozilla/5.0 (Windows NT 10.0; Win64; x64) AppleWebKit/537.36 (KHTML, like Gecko) Chrome/129.0.0.0 Safari/537.36"
84.54.44.19 - - [19/Aug/2026:02:55:28 -0400] "POST /wp-comments-post.php HTTP/1.0" 302 0 "https://call2action.com/seo-for-spotify-use-spotify-for-artists-to-grow-streams/" "Mozilla/5.0 (Windows NT 10.0; Win64; x64) AppleWebKit/537.36 (KHTML, like Gecko) Chrome/129.0.0.0 Safari/537.36"
192.158.238.133 - - [19/Aug/2026:02:55:31 -0400] "GET /wp-content/uploads/2026/04/istockphoto-1048258424-612x612-1.jpg HTTP/1.1" 200 42073 "-" "-"
39.37.170.207 - - [19/Aug/2026:02:55:30 -0400] "POST /xmlrpc.php HTTP/1.1" 200 403 "-" "Jetpack by WordPress.com"
84.54.44.19 - - [19/Aug/2026:02:55:30 -0400] "GET /seo-for-spotify-use-spotify-for-artists-to-grow-streams/ HTTP/1.0" 200 168329 "https://call2action.com/seo-for-spotify-use-spotify-for-artists-to-grow-streams/#comment-1299" "Mozilla/5.0 (Windows NT 10.0; Win64; x64) AppleWebKit/537.36 (KHTML, like Gecko) Chrome/129.0.0.0 Safari/537.36"
157.40.163.226 - - [19/Aug/2026:02:55:35 -0400] "POST /xmlrpc.php HTTP/1.1" 200 403 "-" "Jetpack by WordPress.com"
88.246.198.248 - - [19/Aug/2026:02:55:36 -0400] "POST /xmlrpc.php HTTP/1.1" 200 403 "-" "Mozilla/5.0 (Macintosh; Intel Mac OS X 10_15_7; x86) AppleWebKit/537.36 (KHTML, like Gecko) Firefox/91.0.0.0 Safari/537.36"
39.37.170.207 - - [19/Aug/2026:02:55:41 -0400] "POST /xmlrpc.php HTTP/1.1" 200 403 "-" "Jetpack/12.5; WordPress/6.3; http://site65612779.com"
157.40.163.226 - - [19/Aug/2026:02:55:46 -0400] "POST /xmlrpc.php HTTP/1.1" 200 403 "-" "Jetpack by WordPress.com"
39.37.170.207 - - [19/Aug/2026:02:55:51 -0400] "POST /xmlrpc.php HTTP/1.1" 200 403 "-" "Jetpack/12.5; WordPress/6.2; http://site61810715.com"
88.246.198.248 - - [19/Aug/2026:02:55:52 -0400] "POST /xmlrpc.php HTTP/1.1" 200 403 "-" "Mozilla/5.0 (Windows NT 6.3; x86) AppleWebKit/537.36 (KHTML, like Gecko) Opera/64.0.0.0 Safari/537.36"
157.40.163.226 - - [19/Aug/2026:02:55:56 -0400] "POST /xmlrpc.php HTTP/1.1" 200 403 "-" "Jetpack/12.1; WordPress/6.1; http://site86880397.com"
39.37.170.207 - - [19/Aug/2026:02:56:01 -0400] "POST /xmlrpc.php HTTP/1.1" 200 403 "-" "Jetpack by WordPress.com (Jetpack 12.0; WordPress 6.1)"
157.40.163.226 - - [19/Aug/2026:02:56:07 -0400] "POST /xmlrpc.php HTTP/1.1" 200 403 "-" "Jetpack by WordPress.com"
88.246.198.248 - - [19/Aug/2026:02:56:10 -0400] "POST /xmlrpc.php HTTP/1.1" 200 403 "-" "Mozilla/5.0 (Macintosh; Intel Mac OS X 10_15_7; arm64) AppleWebKit/537.36 (KHTML, like Gecko) Safari/15.0.0.0 Safari/537.36"
39.37.170.207 - - [19/Aug/2026:02:56:12 -0400] "POST /xmlrpc.php HTTP/1.1" 200 403 "-" "Jetpack/12.0; WordPress/6.4; http://site32713815.com"
39.37.170.207 - - [19/Aug/2026:02:56:22 -0400] "POST /xmlrpc.php HTTP/1.1" 403 1242 "-" "WordPress.com; https://wordpress.com"
88.246.198.248 - - [19/Aug/2026:02:56:26 -0400] "POST /xmlrpc.php HTTP/1.1" 200 403 "-" "Mozilla/5.0 (Windows NT 6.3; arm64) AppleWebKit/537.36 (KHTML, like Gecko) Chrome/112.0.0.0 Safari/537.36"
39.37.170.207 - - [19/Aug/2026:02:56:34 -0400] "POST /xmlrpc.php HTTP/1.1" 200 403 "-" "Jetpack/12.1; WordPress/6.1; http://site49372273.com"
88.246.198.248 - - [19/Aug/2026:02:56:41 -0400] "POST /xmlrpc.php HTTP/1.1" 200 403 "-" "Mozilla/5.0 (Linux; Android 10; x64) AppleWebKit/537.36 (KHTML, like Gecko) Safari/15.0.0.0 Safari/537.36"
39.37.170.207 - - [19/Aug/2026:02:56:43 -0400] "POST /xmlrpc.php HTTP/1.1" 403 1242 "-" "WordPress.com; https://wordpress.com"
39.37.170.207 - - [19/Aug/2026:02:56:54 -0400] "POST /xmlrpc.php HTTP/1.1" 200 403 "-" "Jetpack by WordPress.com"
88.246.198.248 - - [19/Aug/2026:02:56:58 -0400] "POST /xmlrpc.php HTTP/1.1" 200 403 "-" "Mozilla/5.0 (Windows NT 6.2; arm64) AppleWebKit/537.36 (KHTML, like Gecko) Edge/96.0.0.0 Safari/537.36"
39.37.170.207 - - [19/Aug/2026:02:57:04 -0400] "POST /xmlrpc.php HTTP/1.1" 200 403 "-" "Jetpack/12.5; WordPress/6.4; http://site74493989.com"
88.246.198.248 - - [19/Aug/2026:02:57:14 -0400] "POST /xmlrpc.php HTTP/1.1" 200 403 "-" "Mozilla/5.0 (Macintosh; Intel Mac OS X 10_15_7; x86) AppleWebKit/537.36 (KHTML, like Gecko) Edge/94.0.0.0 Safari/537.36"
39.37.170.207 - - [19/Aug/2026:02:57:15 -0400] "POST /xmlrpc.php HTTP/1.1" 403 1242 "-" "WordPress.com; https://wordpress.com"
162.241.153.188 - - [19/Aug/2026:02:57:21 -0400] "GET /wp-login.php HTTP/2" 200 3578 "-" "Mozilla/5.0 (Windows NT 10.0; Win64; x64) AppleWebKit/537.36 (KHTML, like Gecko) Chrome/149.0.0.0 Safari/537.36"
162.241.153.188 - - [19/Aug/2026:02:57:24 -0400] "POST /wp-login.php HTTP/2" 200 3727 "-" "Mozilla/5.0 (Windows NT 10.0; Win64; x64) AppleWebKit/537.36 (KHTML, like Gecko) Chrome/149.0.0.0 Safari/537.36"
39.37.170.207 - - [19/Aug/2026:02:57:26 -0400] "POST /xmlrpc.php HTTP/1.1" 200 403 "-" "Jetpack by WordPress.com"
88.246.198.248 - - [19/Aug/2026:02:57:30 -0400] "POST /xmlrpc.php HTTP/1.1" 200 403 "-" "Mozilla/5.0 (Windows NT 10.0; x64) AppleWebKit/537.36 (KHTML, like Gecko) Edge/95.0.0.0 Safari/537.36"
42.110.173.120 - - [19/Aug/2026:02:57:34 -0400] "POST /xmlrpc.php HTTP/1.1" 200 403 "-" "Jetpack by WordPress.com (Jetpack 12.0; WordPress 6.3)"
39.37.170.207 - - [19/Aug/2026:02:57:36 -0400] "POST /xmlrpc.php HTTP/1.1" 200 403 "-" "Jetpack by WordPress.com (Jetpack 12.0; WordPress 6.2)"
121.229.156.24 - - [19/Aug/2026:02:57:45 -0400] "GET /category/technology/ HTTP/1.1" 200 37341 "-" "Sogou web spider/4.0(+http://www.sogou.com/docs/help/webmasters.htm#07)"
39.37.170.207 - - [19/Aug/2026:02:57:46 -0400] "POST /xmlrpc.php HTTP/1.1" 200 403 "-" "Jetpack/12.5; WordPress/6.1; http://site90378650.com"
88.246.198.248 - - [19/Aug/2026:02:57:47 -0400] "POST /xmlrpc.php HTTP/1.1" 200 403 "-" "Mozilla/5.0 (X11; Ubuntu; Linux x86_64; arm64) AppleWebKit/537.36 (KHTML, like Gecko) Firefox/86.0.0.0 Safari/537.36"
39.37.170.207 - - [19/Aug/2026:02:57:57 -0400] "POST /xmlrpc.php HTTP/1.1" 200 403 "-" "Jetpack by WordPress.com (Jetpack 12.0; WordPress 6.2)"
88.246.198.248 - - [19/Aug/2026:02:58:04 -0400] "POST /xmlrpc.php HTTP/1.1" 200 403 "-" "Mozilla/5.0 (X11; Ubuntu; Linux x86_64; x64) AppleWebKit/537.36 (KHTML, like Gecko) Safari/15.0.0.0 Safari/537.36"
39.37.170.207 - - [19/Aug/2026:02:58:07 -0400] "POST /xmlrpc.php HTTP/1.1" 200 403 "-" "Jetpack/12.1; WordPress/6.4; http://site49834757.com"
39.37.170.207 - - [19/Aug/2026:02:58:18 -0400] "POST /xmlrpc.php HTTP/1.1" 200 403 "-" "Jetpack/12.5; WordPress/6.1; http://site79934148.com"
88.246.198.248 - - [19/Aug/2026:02:58:25 -0400] "POST /xmlrpc.php HTTP/1.1" 200 403 "-" "Mozilla/5.0 (Windows NT 6.3; arm64) AppleWebKit/537.36 (KHTML, like Gecko) Firefox/82.0.0.0 Safari/537.36"
39.37.170.207 - - [19/Aug/2026:02:58:28 -0400] "POST /xmlrpc.php HTTP/1.1" 200 403 "-" "Jetpack/12.1; WordPress/6.2; http://site44706600.com"
20.151.109.219 - - [19/Aug/2026:02:58:34 -0400] "GET /wp-login.php HTTP/1.1" 200 11618 "-" "-"
39.37.170.207 - - [19/Aug/2026:02:58:39 -0400] "POST /xmlrpc.php HTTP/1.1" 403 1242 "-" "WordPress.com; https://wordpress.com"
88.246.198.248 - - [19/Aug/2026:02:58:45 -0400] "POST /xmlrpc.php HTTP/1.1" 200 403 "-" "Mozilla/5.0 (Macintosh; Intel Mac OS X 10_15_7; arm64) AppleWebKit/537.36 (KHTML, like Gecko) Safari/13.0.0.0 Safari/537.36"
39.37.170.207 - - [19/Aug/2026:02:58:49 -0400] "POST /xmlrpc.php HTTP/1.1" 403 1242 "-" "WordPress.com; https://wordpress.com"
88.246.198.248 - - [19/Aug/2026:02:59:05 -0400] "POST /xmlrpc.php HTTP/1.1" 200 403 "-" "Mozilla/5.0 (Linux; Android 10; x86) AppleWebKit/537.36 (KHTML, like Gecko) Opera/60.0.0.0 Safari/537.36"
39.37.170.207 - - [19/Aug/2026:02:59:11 -0400] "POST /xmlrpc.php HTTP/1.1" 200 403 "-" "Jetpack/13.0; WordPress/6.3; http://site74647209.com"
39.37.170.207 - - [19/Aug/2026:02:59:21 -0400] "POST /xmlrpc.php HTTP/1.1" 403 1242 "-" "Jetpack by WordPress.com"
88.246.198.248 - - [19/Aug/2026:02:59:25 -0400] "POST /xmlrpc.php HTTP/1.1" 200 403 "-" "Mozilla/5.0 (Windows NT 6.3; x64) AppleWebKit/537.36 (KHTML, like Gecko) Chrome/95.0.0.0 Safari/537.36"
39.37.170.207 - - [19/Aug/2026:02:59:31 -0400] "POST /xmlrpc.php HTTP/1.1" 403 1242 "-" "Jetpack by WordPress.com"
39.37.170.207 - - [19/Aug/2026:02:59:42 -0400] "POST /xmlrpc.php HTTP/1.1" 200 403 "-" "Jetpack/13.0; WordPress/6.2; http://site97280020.com"
88.246.198.248 - - [19/Aug/2026:02:59:45 -0400] "POST /xmlrpc.php HTTP/1.1" 200 403 "-" "Mozilla/5.0 (Linux; Android 10; arm64) AppleWebKit/537.36 (KHTML, like Gecko) Chrome/82.0.0.0 Safari/537.36"
39.37.170.207 - - [19/Aug/2026:02:59:52 -0400] "POST /xmlrpc.php HTTP/1.1" 403 1242 "-" "WordPress.com; https://wordpress.com"
39.37.170.207 - - [19/Aug/2026:03:00:03 -0400] "POST /xmlrpc.php HTTP/1.1" 200 403 "-" "Jetpack by WordPress.com (Jetpack 12.1; WordPress 6.1)"
88.246.198.248 - - [19/Aug/2026:03:00:10 -0400] "POST /xmlrpc.php HTTP/1.1" 200 403 "-" "Mozilla/5.0 (X11; Ubuntu; Linux x86_64; arm64) AppleWebKit/537.36 (KHTML, like Gecko) Firefox/83.0.0.0 Safari/537.36"
39.37.170.207 - - [19/Aug/2026:03:00:13 -0400] "POST /xmlrpc.php HTTP/1.1" 200 403 "-" "Jetpack by WordPress.com (Jetpack 13.0; WordPress 6.3)"
39.37.170.207 - - [19/Aug/2026:03:00:23 -0400] "POST /xmlrpc.php HTTP/1.1" 200 403 "-" "Jetpack by WordPress.com (Jetpack 12.1; WordPress 6.2)"
14.97.127.98 - - [19/Aug/2026:03:00:27 -0400] "POST /xmlrpc.php HTTP/1.1" 200 403 "-" "Jetpack by WordPress.com"
88.246.198.248 - - [19/Aug/2026:03:00:29 -0400] "POST /xmlrpc.php HTTP/1.1" 200 403 "-" "Mozilla/5.0 (Windows NT 6.2; arm64) AppleWebKit/537.36 (KHTML, like Gecko) Opera/66.0.0.0 Safari/537.36"
39.37.170.207 - - [19/Aug/2026:03:00:34 -0400] "POST /xmlrpc.php HTTP/1.1" 200 403 "-" "Jetpack by WordPress.com (Jetpack 12.1; WordPress 6.3)"
14.97.127.98 - - [19/Aug/2026:03:00:37 -0400] "POST /xmlrpc.php HTTP/1.1" 200 403 "-" "WordPress.com; https://wordpress.com"
39.37.170.207 - - [19/Aug/2026:03:00:44 -0400] "POST /xmlrpc.php HTTP/1.1" 200 403 "-" "Jetpack/12.0; WordPress/6.1; http://site37182498.com"
14.97.127.98 - - [19/Aug/2026:03:00:47 -0400] "POST /xmlrpc.php HTTP/1.1" 200 403 "-" "WordPress.com; https://wordpress.com"
88.246.198.248 - - [19/Aug/2026:03:00:52 -0400] "POST /xmlrpc.php HTTP/1.1" 200 403 "-" "Mozilla/5.0 (Linux; Android 10; arm64) AppleWebKit/537.36 (KHTML, like Gecko) Chrome/103.0.0.0 Safari/537.36"
39.37.170.207 - - [19/Aug/2026:03:00:55 -0400] "POST /xmlrpc.php HTTP/1.1" 200 403 "-" "Jetpack by WordPress.com (Jetpack 13.0; WordPress 6.3)"
14.97.127.98 - - [19/Aug/2026:03:00:58 -0400] "POST /xmlrpc.php HTTP/1.1" 200 403 "-" "WordPress.com; https://wordpress.com"
39.37.170.207 - - [19/Aug/2026:03:01:05 -0400] "POST /xmlrpc.php HTTP/1.1" 200 403 "-" "Jetpack by WordPress.com (Jetpack 12.1; WordPress 6.2)"
14.97.127.98 - - [19/Aug/2026:03:01:09 -0400] "POST /xmlrpc.php HTTP/1.1" 200 403 "-" "Jetpack by WordPress.com (Jetpack 12.5; WordPress 6.2)"
39.37.170.207 - - [19/Aug/2026:03:01:16 -0400] "POST /xmlrpc.php HTTP/1.1" 403 1242 "-" "Jetpack by WordPress.com"
88.246.198.248 - - [19/Aug/2026:03:01:15 -0400] "POST /xmlrpc.php HTTP/1.1" 200 403 "-" "Mozilla/5.0 (Windows NT 6.2; x86) AppleWebKit/537.36 (KHTML, like Gecko) Chrome/96.0.0.0 Safari/537.36"
14.97.127.98 - - [19/Aug/2026:03:01:19 -0400] "POST /xmlrpc.php HTTP/1.1" 200 403 "-" "WordPress.com; https://wordpress.com"
39.37.170.207 - - [19/Aug/2026:03:01:26 -0400] "POST /xmlrpc.php HTTP/1.1" 200 403 "-" "Jetpack by WordPress.com (Jetpack 12.5; WordPress 6.1)"
14.97.127.98 - - [19/Aug/2026:03:01:30 -0400] "POST /xmlrpc.php HTTP/1.1" 200 403 "-" "Jetpack by WordPress.com"
88.246.198.248 - - [19/Aug/2026:03:01:33 -0400] "POST /xmlrpc.php HTTP/1.1" 200 403 "-" "Mozilla/5.0 (X11; Ubuntu; Linux x86_64; x64) AppleWebKit/537.36 (KHTML, like Gecko) Firefox/98.0.0.0 Safari/537.36"
39.37.170.207 - - [19/Aug/2026:03:01:37 -0400] "POST /xmlrpc.php HTTP/1.1" 200 403 "-" "Jetpack/12.0; WordPress/6.3; http://site23171720.com"
14.97.127.98 - - [19/Aug/2026:03:01:41 -0400] "POST /xmlrpc.php HTTP/1.1" 200 403 "-" "WordPress.com; https://wordpress.com"
39.37.170.207 - - [19/Aug/2026:03:01:47 -0400] "POST /xmlrpc.php HTTP/1.1" 403 1242 "-" "WordPress.com; https://wordpress.com"
14.97.127.98 - - [19/Aug/2026:03:01:51 -0400] "POST /xmlrpc.php HTTP/1.1" 200 403 "-" "Jetpack/12.1; WordPress/6.2; http://site38035886.com"
88.246.198.248 - - [19/Aug/2026:03:01:55 -0400] "POST /xmlrpc.php HTTP/1.1" 200 403 "-" "Mozilla/5.0 (Linux; Android 10; x86) AppleWebKit/537.36 (KHTML, like Gecko) Edge/91.0.0.0 Safari/537.36"
39.37.170.207 - - [19/Aug/2026:03:01:58 -0400] "POST /xmlrpc.php HTTP/1.1" 403 1242 "-" "Jetpack by WordPress.com"
14.97.127.98 - - [19/Aug/2026:03:02:02 -0400] "POST /xmlrpc.php HTTP/1.1" 200 403 "-" "Jetpack/12.0; WordPress/6.3; http://site33650156.com"
39.37.170.207 - - [19/Aug/2026:03:02:08 -0400] "POST /xmlrpc.php HTTP/1.1" 200 403 "-" "Jetpack by WordPress.com (Jetpack 13.0; WordPress 6.1)"
14.97.127.98 - - [19/Aug/2026:03:02:13 -0400] "POST /xmlrpc.php HTTP/1.1" 403 1242 "-" "WordPress.com; https://wordpress.com"
39.37.170.207 - - [19/Aug/2026:03:02:19 -0400] "POST /xmlrpc.php HTTP/1.1" 403 1242 "-" "WordPress.com; https://wordpress.com"
88.246.198.248 - - [19/Aug/2026:03:02:18 -0400] "POST /xmlrpc.php HTTP/1.1" 200 403 "-" "Mozilla/5.0 (Linux; Android 10; x86) AppleWebKit/537.36 (KHTML, like Gecko) Safari/14.0.0.0 Safari/537.36"
14.97.127.98 - - [19/Aug/2026:03:02:23 -0400] "POST /xmlrpc.php HTTP/1.1" 200 403 "-" "Jetpack/12.0; WordPress/6.1; http://site49865596.com"
39.37.170.207 - - [19/Aug/2026:03:02:29 -0400] "POST /xmlrpc.php HTTP/1.1" 403 1242 "-" "WordPress.com; https://wordpress.com"
14.97.127.98 - - [19/Aug/2026:03:02:34 -0400] "POST /xmlrpc.php HTTP/1.1" 200 403 "-" "Jetpack by WordPress.com (Jetpack 12.5; WordPress 6.2)"
88.246.198.248 - - [19/Aug/2026:03:02:38 -0400] "POST /xmlrpc.php HTTP/1.1" 200 403 "-" "Mozilla/5.0 (Linux; Android 10; x86) AppleWebKit/537.36 (KHTML, like Gecko) Chrome/89.0.0.0 Safari/537.36"
39.37.170.207 - - [19/Aug/2026:03:02:40 -0400] "POST /xmlrpc.php HTTP/1.1" 403 1242 "-" "Jetpack by WordPress.com"
14.97.127.98 - - [19/Aug/2026:03:02:45 -0400] "POST /xmlrpc.php HTTP/1.1" 200 403 "-" "Jetpack/12.1; WordPress/6.1; http://site65022359.com"
39.37.170.207 - - [19/Aug/2026:03:02:50 -0400] "POST /xmlrpc.php HTTP/1.1" 200 403 "-" "Jetpack by WordPress.com (Jetpack 12.0; WordPress 6.2)"
14.97.127.98 - - [19/Aug/2026:03:02:55 -0400] "POST /xmlrpc.php HTTP/1.1" 200 403 "-" "Jetpack by WordPress.com"
39.37.170.207 - - [19/Aug/2026:03:03:01 -0400] "POST /xmlrpc.php HTTP/1.1" 200 403 "-" "Jetpack by WordPress.com (Jetpack 12.5; WordPress 6.2)"
88.246.198.248 - - [19/Aug/2026:03:03:03 -0400] "POST /xmlrpc.php HTTP/1.1" 200 403 "-" "Mozilla/5.0 (Windows NT 6.2; x64) AppleWebKit/537.36 (KHTML, like Gecko) Chrome/107.0.0.0 Safari/537.36"
14.97.127.98 - - [19/Aug/2026:03:03:06 -0400] "POST /xmlrpc.php HTTP/1.1" 403 1242 "-" "WordPress.com; https://wordpress.com"
39.37.170.207 - - [19/Aug/2026:03:03:11 -0400] "POST /xmlrpc.php HTTP/1.1" 403 1242 "-" "Jetpack by WordPress.com"
152.56.156.146 - - [19/Aug/2026:03:03:13 -0400] "POST /xmlrpc.php HTTP/1.1" 200 403 "-" "Jetpack by WordPress.com (Jetpack 12.5; WordPress 6.3)"
14.97.127.98 - - [19/Aug/2026:03:03:17 -0400] "POST /xmlrpc.php HTTP/1.1" 403 1242 "-" "WordPress.com; https://wordpress.com"
39.37.170.207 - - [19/Aug/2026:03:03:21 -0400] "POST /xmlrpc.php HTTP/1.1" 200 403 "-" "Jetpack by WordPress.com (Jetpack 12.5; WordPress 6.1)"
152.56.156.146 - - [19/Aug/2026:03:03:22 -0400] "POST /xmlrpc.php HTTP/1.1" 200 403 "-" "Jetpack by WordPress.com (Jetpack 12.1; WordPress 6.3)"
88.246.198.248 - - [19/Aug/2026:03:03:26 -0400] "POST /xmlrpc.php HTTP/1.1" 200 403 "-" "Mozilla/5.0 (Linux; Android 10; x64) AppleWebKit/537.36 (KHTML, like Gecko) Opera/64.0.0.0 Safari/537.36"
14.97.127.98 - - [19/Aug/2026:03:03:27 -0400] "POST /xmlrpc.php HTTP/1.1" 200 403 "-" "Jetpack by WordPress.com"
39.37.170.207 - - [19/Aug/2026:03:03:32 -0400] "POST /xmlrpc.php HTTP/1.1" 200 403 "-" "Jetpack by WordPress.com (Jetpack 12.0; WordPress 6.2)"
152.56.156.146 - - [19/Aug/2026:03:03:33 -0400] "POST /xmlrpc.php HTTP/1.1" 200 403 "-" "Jetpack by WordPress.com"
14.97.127.98 - - [19/Aug/2026:03:03:38 -0400] "POST /xmlrpc.php HTTP/1.1" 200 403 "-" "Jetpack by WordPress.com (Jetpack 13.0; WordPress 6.2)"
39.37.170.207 - - [19/Aug/2026:03:03:42 -0400] "POST /xmlrpc.php HTTP/1.1" 200 403 "-" "Jetpack/12.1; WordPress/6.3; http://site65148764.com"
152.56.156.146 - - [19/Aug/2026:03:03:44 -0400] "POST /xmlrpc.php HTTP/1.1" 200 403 "-" "Jetpack/12.5; WordPress/6.2; http://site74155625.com"
88.246.198.248 - - [19/Aug/2026:03:03:45 -0400] "POST /xmlrpc.php HTTP/1.1" 200 403 "-" "Mozilla/5.0 (X11; Ubuntu; Linux x86_64; x86) AppleWebKit/537.36 (KHTML, like Gecko) Chrome/114.0.0.0 Safari/537.36"
14.97.127.98 - - [19/Aug/2026:03:03:49 -0400] "POST /xmlrpc.php HTTP/1.1" 200 403 "-" "Jetpack by WordPress.com (Jetpack 12.1; WordPress 6.3)"
39.37.170.207 - - [19/Aug/2026:03:03:53 -0400] "POST /xmlrpc.php HTTP/1.1" 403 1242 "-" "WordPress.com; https://wordpress.com"
162.144.20.85 - - [19/Aug/2026:03:03:53 -0400] "GET /wp-login.php HTTP/2" 200 3576 "-" "Mozilla/5.0 (Windows NT 10.0; Win64; x64) AppleWebKit/537.36 (KHTML, like Gecko) Chrome/149.0.0.0 Safari/537.36"
152.56.156.146 - - [19/Aug/2026:03:03:54 -0400] "POST /xmlrpc.php HTTP/1.1" 200 403 "-" "WordPress.com; https://wordpress.com"
162.144.20.85 - - [19/Aug/2026:03:03:55 -0400] "POST /wp-login.php HTTP/2" 200 3728 "-" "Mozilla/5.0 (Windows NT 10.0; Win64; x64) AppleWebKit/537.36 (KHTML, like Gecko) Chrome/149.0.0.0 Safari/537.36"
14.97.127.98 - - [19/Aug/2026:03:03:59 -0400] "POST /xmlrpc.php HTTP/1.1" 200 403 "-" "Jetpack/12.5; WordPress/6.1; http://site22223384.com"
39.37.170.207 - - [19/Aug/2026:03:04:03 -0400] "POST /xmlrpc.php HTTP/1.1" 200 403 "-" "Jetpack/12.5; WordPress/6.4; http://site42797093.com"
152.56.156.146 - - [19/Aug/2026:03:04:05 -0400] "POST /xmlrpc.php HTTP/1.1" 200 403 "-" "Jetpack by WordPress.com"
88.246.198.248 - - [19/Aug/2026:03:04:05 -0400] "POST /xmlrpc.php HTTP/1.1" 200 403 "-" "Mozilla/5.0 (Macintosh; Intel Mac OS X 10_15_7; x86) AppleWebKit/537.36 (KHTML, like Gecko) Chrome/99.0.0.0 Safari/537.36"
14.97.127.98 - - [19/Aug/2026:03:04:10 -0400] "POST /xmlrpc.php HTTP/1.1" 200 403 "-" "Jetpack by WordPress.com (Jetpack 12.5; WordPress 6.4)"
39.37.170.207 - - [19/Aug/2026:03:04:14 -0400] "POST /xmlrpc.php HTTP/1.1" 200 403 "-" "Jetpack/12.5; WordPress/6.1; http://site79412332.com"
152.56.156.146 - - [19/Aug/2026:03:04:15 -0400] "POST /xmlrpc.php HTTP/1.1" 200 403 "-" "WordPress.com; https://wordpress.com"
14.97.127.98 - - [19/Aug/2026:03:04:20 -0400] "POST /xmlrpc.php HTTP/1.1" 403 1242 "-" "WordPress.com; https://wordpress.com"
39.37.170.207 - - [19/Aug/2026:03:04:24 -0400] "POST /xmlrpc.php HTTP/1.1" 200 403 "-" "Jetpack by WordPress.com (Jetpack 12.1; WordPress 6.4)"
152.56.156.146 - - [19/Aug/2026:03:04:26 -0400] "POST /xmlrpc.php HTTP/1.1" 200 403 "-" "WordPress.com; https://wordpress.com"
88.246.198.248 - - [19/Aug/2026:03:04:29 -0400] "POST /xmlrpc.php HTTP/1.1" 200 403 "-" "Mozilla/5.0 (Windows NT 6.2; x86) AppleWebKit/537.36 (KHTML, like Gecko) Chrome/97.0.0.0 Safari/537.36"
14.97.127.98 - - [19/Aug/2026:03:04:31 -0400] "POST /xmlrpc.php HTTP/1.1" 200 403 "-" "Jetpack by WordPress.com"
39.37.170.207 - - [19/Aug/2026:03:04:35 -0400] "POST /xmlrpc.php HTTP/1.1" 200 403 "-" "Jetpack/12.5; WordPress/6.3; http://site88111691.com"
152.56.156.146 - - [19/Aug/2026:03:04:37 -0400] "POST /xmlrpc.php HTTP/1.1" 200 403 "-" "Jetpack/12.1; WordPress/6.1; http://site55631458.com"
14.97.127.98 - - [19/Aug/2026:03:04:42 -0400] "POST /xmlrpc.php HTTP/1.1" 200 403 "-" "Jetpack by WordPress.com (Jetpack 12.0; WordPress 6.4)"
39.37.170.207 - - [19/Aug/2026:03:04:45 -0400] "POST /xmlrpc.php HTTP/1.1" 403 1242 "-" "Jetpack by WordPress.com"
152.56.156.146 - - [19/Aug/2026:03:04:47 -0400] "POST /xmlrpc.php HTTP/1.1" 200 403 "-" "Jetpack by WordPress.com (Jetpack 12.0; WordPress 6.1)"
88.246.198.248 - - [19/Aug/2026:03:04:50 -0400] "POST /xmlrpc.php HTTP/1.1" 200 403 "-" "Mozilla/5.0 (Windows NT 10.0; arm64) AppleWebKit/537.36 (KHTML, like Gecko) Firefox/99.0.0.0 Safari/537.36"
14.97.127.98 - - [19/Aug/2026:03:04:53 -0400] "POST /xmlrpc.php HTTP/1.1" 403 1242 "-" "WordPress.com; https://wordpress.com"
39.37.170.207 - - [19/Aug/2026:03:04:56 -0400] "POST /xmlrpc.php HTTP/1.1" 200 403 "-" "Jetpack/13.0; WordPress/6.1; http://site34360083.com"
152.56.156.146 - - [19/Aug/2026:03:04:58 -0400] "POST /xmlrpc.php HTTP/1.1" 200 403 "-" "WordPress.com; https://wordpress.com"
14.97.127.98 - - [19/Aug/2026:03:05:03 -0400] "POST /xmlrpc.php HTTP/1.1" 403 1242 "-" "Jetpack by WordPress.com"
39.37.170.207 - - [19/Aug/2026:03:05:06 -0400] "POST /xmlrpc.php HTTP/1.1" 403 1242 "-" "Jetpack by WordPress.com"
152.56.156.146 - - [19/Aug/2026:03:05:08 -0400] "POST /xmlrpc.php HTTP/1.1" 200 403 "-" "Jetpack by WordPress.com (Jetpack 13.0; WordPress 6.2)"
88.246.198.248 - - [19/Aug/2026:03:05:09 -0400] "POST /xmlrpc.php HTTP/1.1" 200 403 "-" "Mozilla/5.0 (Windows NT 10.0; x64) AppleWebKit/537.36 (KHTML, like Gecko) Safari/10.0.0.0 Safari/537.36"
14.97.127.98 - - [19/Aug/2026:03:05:14 -0400] "POST /xmlrpc.php HTTP/1.1" 200 403 "-" "Jetpack by WordPress.com (Jetpack 12.1; WordPress 6.3)"
39.37.170.207 - - [19/Aug/2026:03:05:17 -0400] "POST /xmlrpc.php HTTP/1.1" 200 403 "-" "Jetpack/12.1; WordPress/6.3; http://site40971699.com"
152.56.156.146 - - [19/Aug/2026:03:05:19 -0400] "POST /xmlrpc.php HTTP/1.1" 200 403 "-" "Jetpack by WordPress.com (Jetpack 13.0; WordPress 6.4)"
14.97.127.98 - - [19/Aug/2026:03:05:25 -0400] "POST /xmlrpc.php HTTP/1.1" 403 1242 "-" "Jetpack by WordPress.com"
39.37.170.207 - - [19/Aug/2026:03:05:27 -0400] "POST /xmlrpc.php HTTP/1.1" 200 403 "-" "Jetpack by WordPress.com (Jetpack 13.0; WordPress 6.3)"
88.246.198.248 - - [19/Aug/2026:03:05:28 -0400] "POST /xmlrpc.php HTTP/1.1" 200 403 "-" "Mozilla/5.0 (Windows NT 6.3; arm64) AppleWebKit/537.36 (KHTML, like Gecko) Safari/10.0.0.0 Safari/537.36"
152.56.156.146 - - [19/Aug/2026:03:05:29 -0400] "POST /xmlrpc.php HTTP/1.1" 200 403 "-" "Jetpack by WordPress.com (Jetpack 12.1; WordPress 6.4)"
14.97.127.98 - - [19/Aug/2026:03:05:35 -0400] "POST /xmlrpc.php HTTP/1.1" 403 1242 "-" "WordPress.com; https://wordpress.com"
39.37.170.207 - - [19/Aug/2026:03:05:38 -0400] "POST /xmlrpc.php HTTP/1.1" 200 403 "-" "Jetpack by WordPress.com (Jetpack 12.1; WordPress 6.1)"
152.56.156.146 - - [19/Aug/2026:03:05:40 -0400] "POST /xmlrpc.php HTTP/1.1" 200 403 "-" "Jetpack by WordPress.com"
14.97.127.98 - - [19/Aug/2026:03:05:46 -0400] "POST /xmlrpc.php HTTP/1.1" 200 403 "-" "Jetpack by WordPress.com (Jetpack 12.5; WordPress 6.3)"
39.37.170.207 - - [19/Aug/2026:03:05:48 -0400] "POST /xmlrpc.php HTTP/1.1" 403 1242 "-" "WordPress.com; https://wordpress.com"
88.246.198.248 - - [19/Aug/2026:03:05:47 -0400] "POST /xmlrpc.php HTTP/1.1" 200 403 "-" "Mozilla/5.0 (Linux; Android 10; x86) AppleWebKit/537.36 (KHTML, like Gecko) Edge/99.0.0.0 Safari/537.36"
2a06:98c0:3600::103 - - [19/Aug/2026:03:05:48 -0400] "GET / HTTP/2" 200 35817 "-" "Mozilla/5.0 (Macintosh; Intel Mac OS X 10_15_7) AppleWebKit/537.36 (KHTML, like Gecko) Chrome/147.0.0.0 Safari/537.36 CloudflareWebScanner/1.0"
152.56.156.146 - - [19/Aug/2026:03:05:50 -0400] "POST /xmlrpc.php HTTP/1.1" 200 403 "-" "Jetpack/12.0; WordPress/6.1; http://site69594494.com"
14.97.127.98 - - [19/Aug/2026:03:05:56 -0400] "POST /xmlrpc.php HTTP/1.1" 200 403 "-" "Jetpack/12.1; WordPress/6.1; http://site91072028.com"
39.37.170.207 - - [19/Aug/2026:03:05:59 -0400] "POST /xmlrpc.php HTTP/1.1" 403 1242 "-" "WordPress.com; https://wordpress.com"
88.246.198.248 - - [19/Aug/2026:03:06:05 -0400] "POST /xmlrpc.php HTTP/1.1" 200 403 "-" "Mozilla/5.0 (Macintosh; Intel Mac OS X 10_15_7; arm64) AppleWebKit/537.36 (KHTML, like Gecko) Edge/88.0.0.0 Safari/537.36"
14.97.127.98 - - [19/Aug/2026:03:06:07 -0400] "POST /xmlrpc.php HTTP/1.1" 403 1242 "-" "WordPress.com; https://wordpress.com"
39.37.170.207 - - [19/Aug/2026:03:06:09 -0400] "POST /xmlrpc.php HTTP/1.1" 403 1242 "-" "Jetpack by WordPress.com"
14.97.127.98 - - [19/Aug/2026:03:06:18 -0400] "POST /xmlrpc.php HTTP/1.1" 403 1242 "-" "Jetpack by WordPress.com"
39.37.170.207 - - [19/Aug/2026:03:06:20 -0400] "POST /xmlrpc.php HTTP/1.1" 403 1242 "-" "WordPress.com; https://wordpress.com"
112.86.225.139 - - [19/Aug/2026:03:06:18 -0400] "GET /category/marketing/ HTTP/1.1" 200 37176 "-" "Sogou web spider/4.0(+http://www.sogou.com/docs/help/webmasters.htm#07)"
88.246.198.248 - - [19/Aug/2026:03:06:23 -0400] "POST /xmlrpc.php HTTP/1.1" 200 403 "-" "Mozilla/5.0 (Windows NT 10.0; x64) AppleWebKit/537.36 (KHTML, like Gecko) Firefox/84.0.0.0 Safari/537.36"
14.97.127.98 - - [19/Aug/2026:03:06:28 -0400] "POST /xmlrpc.php HTTP/1.1" 403 1242 "-" "Jetpack by WordPress.com"
39.37.170.207 - - [19/Aug/2026:03:06:30 -0400] "POST /xmlrpc.php HTTP/1.1" 403 1242 "-" "Jetpack by WordPress.com"
88.246.198.248 - - [19/Aug/2026:03:06:38 -0400] "POST /xmlrpc.php HTTP/1.1" 200 403 "-" "Mozilla/5.0 (Windows NT 6.3; arm64) AppleWebKit/537.36 (KHTML, like Gecko) Firefox/78.0.0.0 Safari/537.36"
14.97.127.98 - - [19/Aug/2026:03:06:39 -0400] "POST /xmlrpc.php HTTP/1.1" 200 403 "-" "Jetpack by WordPress.com (Jetpack 13.0; WordPress 6.2)"
39.37.170.207 - - [19/Aug/2026:03:06:41 -0400] "POST /xmlrpc.php HTTP/1.1" 403 1242 "-" "WordPress.com; https://wordpress.com"
14.97.127.98 - - [19/Aug/2026:03:06:50 -0400] "POST /xmlrpc.php HTTP/1.1" 403 1242 "-" "Jetpack by WordPress.com"
39.37.170.207 - - [19/Aug/2026:03:06:51 -0400] "POST /xmlrpc.php HTTP/1.1" 403 1242 "-" "WordPress.com; https://wordpress.com"
88.246.198.248 - - [19/Aug/2026:03:06:56 -0400] "POST /xmlrpc.php HTTP/1.1" 200 403 "-" "Mozilla/5.0 (Macintosh; Intel Mac OS X 10_15_7; arm64) AppleWebKit/537.36 (KHTML, like Gecko) Firefox/79.0.0.0 Safari/537.36"
14.97.127.98 - - [19/Aug/2026:03:07:01 -0400] "POST /xmlrpc.php HTTP/1.1" 403 1242 "-" "Jetpack by WordPress.com"
39.37.170.207 - - [19/Aug/2026:03:07:01 -0400] "POST /xmlrpc.php HTTP/1.1" 403 1242 "-" "WordPress.com; https://wordpress.com"
39.37.170.207 - - [19/Aug/2026:03:07:12 -0400] "POST /xmlrpc.php HTTP/1.1" 403 1242 "-" "WordPress.com; https://wordpress.com"
14.97.127.98 - - [19/Aug/2026:03:07:11 -0400] "POST /xmlrpc.php HTTP/1.1" 200 403 "-" "Jetpack by WordPress.com (Jetpack 12.0; WordPress 6.2)"
88.246.198.248 - - [19/Aug/2026:03:07:14 -0400] "POST /xmlrpc.php HTTP/1.1" 200 403 "-" "Mozilla/5.0 (Windows NT 6.2; x64) AppleWebKit/537.36 (KHTML, like Gecko) Firefox/77.0.0.0 Safari/537.36"
39.37.170.207 - - [19/Aug/2026:03:07:22 -0400] "POST /xmlrpc.php HTTP/1.1" 403 1242 "-" "Jetpack by WordPress.com"
14.97.127.98 - - [19/Aug/2026:03:07:22 -0400] "POST /xmlrpc.php HTTP/1.1" 200 403 "-" "Jetpack by WordPress.com (Jetpack 12.1; WordPress 6.1)"
88.246.198.248 - - [19/Aug/2026:03:07:30 -0400] "POST /xmlrpc.php HTTP/1.1" 200 403 "-" "Mozilla/5.0 (Windows NT 10.0; arm64) AppleWebKit/537.36 (KHTML, like Gecko) Safari/10.0.0.0 Safari/537.36"
14.97.127.98 - - [19/Aug/2026:03:07:33 -0400] "POST /xmlrpc.php HTTP/1.1" 403 1242 "-" "Jetpack by WordPress.com"
39.37.170.207 - - [19/Aug/2026:03:07:33 -0400] "POST /xmlrpc.php HTTP/1.1" 200 403 "-" "Jetpack by WordPress.com (Jetpack 12.0; WordPress 6.4)"
39.37.170.207 - - [19/Aug/2026:03:07:43 -0400] "POST /xmlrpc.php HTTP/1.1" 403 1242 "-" "WordPress.com; https://wordpress.com"
14.97.127.98 - - [19/Aug/2026:03:07:43 -0400] "POST /xmlrpc.php HTTP/1.1" 200 403 "-" "Jetpack by WordPress.com (Jetpack 12.0; WordPress 6.1)"
88.246.198.248 - - [19/Aug/2026:03:07:46 -0400] "POST /xmlrpc.php HTTP/1.1" 200 403 "-" "Mozilla/5.0 (Linux; Android 10; x64) AppleWebKit/537.36 (KHTML, like Gecko) Chrome/96.0.0.0 Safari/537.36"
14.97.127.98 - - [19/Aug/2026:03:07:54 -0400] "POST /xmlrpc.php HTTP/1.1" 403 1242 "-" "WordPress.com; https://wordpress.com"
39.37.170.207 - - [19/Aug/2026:03:07:54 -0400] "POST /xmlrpc.php HTTP/1.1" 200 403 "-" "Jetpack by WordPress.com (Jetpack 12.5; WordPress 6.2)"
88.246.198.248 - - [19/Aug/2026:03:08:03 -0400] "POST /xmlrpc.php HTTP/1.1" 200 403 "-" "Mozilla/5.0 (Macintosh; Intel Mac OS X 10_15_7; x64) AppleWebKit/537.36 (KHTML, like Gecko) Firefox/81.0.0.0 Safari/537.36"
39.37.170.207 - - [19/Aug/2026:03:08:04 -0400] "POST /xmlrpc.php HTTP/1.1" 200 403 "-" "Jetpack by WordPress.com (Jetpack 12.5; WordPress 6.4)"
14.97.127.98 - - [19/Aug/2026:03:08:05 -0400] "POST /xmlrpc.php HTTP/1.1" 200 403 "-" "Jetpack by WordPress.com (Jetpack 12.5; WordPress 6.2)"
14.97.127.98 - - [19/Aug/2026:03:08:15 -0400] "POST /xmlrpc.php HTTP/1.1" 200 403 "-" "Jetpack by WordPress.com (Jetpack 12.0; WordPress 6.3)"
39.37.170.207 - - [19/Aug/2026:03:08:15 -0400] "POST /xmlrpc.php HTTP/1.1" 200 403 "-" "Jetpack by WordPress.com (Jetpack 12.1; WordPress 6.2)"
88.246.198.248 - - [19/Aug/2026:03:08:23 -0400] "POST /xmlrpc.php HTTP/1.1" 200 403 "-" "Mozilla/5.0 (Linux; Android 10; x64) AppleWebKit/537.36 (KHTML, like Gecko) Edge/81.0.0.0 Safari/537.36"
20.226.7.189 - - [19/Aug/2026:03:08:24 -0400] "GET / HTTP/1.1" 200 35817 "-" "Mozilla/5.0 (Windows NT 10.0; Win64; x64) AppleWebKit/537.36 (KHTML, like Gecko) Chrome/120.0.0.0 Safari/537.36"
39.37.170.207 - - [19/Aug/2026:03:08:25 -0400] "POST /xmlrpc.php HTTP/1.1" 200 403 "-" "Jetpack/13.0; WordPress/6.4; http://site80104681.com"
14.97.127.98 - - [19/Aug/2026:03:08:26 -0400] "POST /xmlrpc.php HTTP/1.1" 200 403 "-" "Jetpack by WordPress.com (Jetpack 12.0; WordPress 6.4)"
20.226.7.189 - - [19/Aug/2026:03:08:26 -0400] "GET /hplfuns.php HTTP/1.1" 404 30147 "-" "Mozilla/5.0 (Windows NT 10.0; Win64; x64) AppleWebKit/537.36 (KHTML, like Gecko) Chrome/120.0.0.0 Safari/537.36"
20.226.7.189 - - [19/Aug/2026:03:08:29 -0400] "GET /hosty.php HTTP/1.1" 404 30147 "-" "Mozilla/5.0 (Windows NT 10.0; Win64; x64) AppleWebKit/537.36 (KHTML, like Gecko) Chrome/120.0.0.0 Safari/537.36"
20.226.7.189 - - [19/Aug/2026:03:08:32 -0400] "GET /index HTTP/1.1" 404 30147 "-" "Mozilla/5.0 (Windows NT 10.0; Win64; x64) AppleWebKit/537.36 (KHTML, like Gecko) Chrome/120.0.0.0 Safari/537.36"
39.37.170.207 - - [19/Aug/2026:03:08:36 -0400] "POST /xmlrpc.php HTTP/1.1" 403 1242 "-" "WordPress.com; https://wordpress.com"
14.97.127.98 - - [19/Aug/2026:03:08:37 -0400] "POST /xmlrpc.php HTTP/1.1" 403 1242 "-" "Jetpack by WordPress.com"
20.226.7.189 - - [19/Aug/2026:03:08:35 -0400] "GET /t.php HTTP/1.1" 404 30147 "-" "Mozilla/5.0 (Windows NT 10.0; Win64; x64) AppleWebKit/537.36 (KHTML, like Gecko) Chrome/120.0.0.0 Safari/537.36"
20.226.7.189 - - [19/Aug/2026:03:08:37 -0400] "GET /wp-admin/js HTTP/1.1" 301 795 "-" "Mozilla/5.0 (Windows NT 10.0; Win64; x64) AppleWebKit/537.36 (KHTML, like Gecko) Chrome/120.0.0.0 Safari/537.36"
20.226.7.189 - - [19/Aug/2026:03:08:37 -0400] "GET /xmlrpc.php HTTP/1.1" 405 46 "-" "Mozilla/5.0 (Windows NT 10.0; Win64; x64) AppleWebKit/537.36 (KHTML, like Gecko) Chrome/120.0.0.0 Safari/537.36"
20.226.7.189 - - [19/Aug/2026:03:08:39 -0400] "GET /xx.php HTTP/1.1" 404 30147 "-" "Mozilla/5.0 (Windows NT 10.0; Win64; x64) AppleWebKit/537.36 (KHTML, like Gecko) Chrome/120.0.0.0 Safari/537.36"
88.246.198.248 - - [19/Aug/2026:03:08:39 -0400] "POST /xmlrpc.php HTTP/1.1" 200 403 "-" "Mozilla/5.0 (Windows NT 6.2; x64) AppleWebKit/537.36 (KHTML, like Gecko) Chrome/106.0.0.0 Safari/537.36"
20.226.7.189 - - [19/Aug/2026:03:08:42 -0400] "GET /zwso.php HTTP/1.1" 404 30147 "-" "Mozilla/5.0 (Windows NT 10.0; Win64; x64) AppleWebKit/537.36 (KHTML, like Gecko) Chrome/120.0.0.0 Safari/537.36"
20.226.7.189 - - [19/Aug/2026:03:08:44 -0400] "GET /wp-includes/rest-api/ HTTP/1.1" 200 1088 "-" "Mozilla/5.0 (Windows NT 10.0; Win64; x64) AppleWebKit/537.36 (KHTML, like Gecko) Chrome/120.0.0.0 Safari/537.36"
20.226.7.189 - - [19/Aug/2026:03:08:44 -0400] "GET /x.php HTTP/1.1" 404 30147 "-" "Mozilla/5.0 (Windows NT 10.0; Win64; x64) AppleWebKit/537.36 (KHTML, like Gecko) Chrome/120.0.0.0 Safari/537.36"
14.97.127.98 - - [19/Aug/2026:03:08:47 -0400] "POST /xmlrpc.php HTTP/1.1" 403 1242 "-" "WordPress.com; https://wordpress.com"
39.37.170.207 - - [19/Aug/2026:03:08:46 -0400] "POST /xmlrpc.php HTTP/1.1" 200 403 "-" "Jetpack by WordPress.com (Jetpack 12.5; WordPress 6.4)"
20.226.7.189 - - [19/Aug/2026:03:08:47 -0400] "GET /1.php HTTP/1.1" 404 30147 "-" "Mozilla/5.0 (Windows NT 10.0; Win64; x64) AppleWebKit/537.36 (KHTML, like Gecko) Chrome/120.0.0.0 Safari/537.36"
20.226.7.189 - - [19/Aug/2026:03:08:50 -0400] "GET /z.php HTTP/1.1" 404 30147 "-" "Mozilla/5.0 (Windows NT 10.0; Win64; x64) AppleWebKit/537.36 (KHTML, like Gecko) Chrome/120.0.0.0 Safari/537.36"
20.226.7.189 - - [19/Aug/2026:03:08:52 -0400] "GET /ee.php HTTP/1.1" 404 30147 "-" "Mozilla/5.0 (Windows NT 10.0; Win64; x64) AppleWebKit/537.36 (KHTML, like Gecko) Chrome/120.0.0.0 Safari/537.36"
20.226.7.189 - - [19/Aug/2026:03:08:54 -0400] "GET /we.php HTTP/1.1" 404 30147 "-" "Mozilla/5.0 (Windows NT 10.0; Win64; x64) AppleWebKit/537.36 (KHTML, like Gecko) Chrome/120.0.0.0 Safari/537.36"
20.226.7.189 - - [19/Aug/2026:03:08:56 -0400] "GET /to.php HTTP/1.1" 404 30147 "-" "Mozilla/5.0 (Windows NT 10.0; Win64; x64) AppleWebKit/537.36 (KHTML, like Gecko) Chrome/120.0.0.0 Safari/537.36"
14.97.127.98 - - [19/Aug/2026:03:08:58 -0400] "POST /xmlrpc.php HTTP/1.1" 403 1242 "-" "WordPress.com; https://wordpress.com"
39.37.170.207 - - [19/Aug/2026:03:08:57 -0400] "POST /xmlrpc.php HTTP/1.1" 200 403 "-" "Jetpack by WordPress.com (Jetpack 12.0; WordPress 6.3)"
88.246.198.248 - - [19/Aug/2026:03:08:57 -0400] "POST /xmlrpc.php HTTP/1.1" 200 403 "-" "Mozilla/5.0 (X11; Ubuntu; Linux x86_64; x86) AppleWebKit/537.36 (KHTML, like Gecko) Chrome/102.0.0.0 Safari/537.36"
20.226.7.189 - - [19/Aug/2026:03:08:58 -0400] "GET /ty.php HTTP/1.1" 404 30147 "-" "Mozilla/5.0 (Windows NT 10.0; Win64; x64) AppleWebKit/537.36 (KHTML, like Gecko) Chrome/120.0.0.0 Safari/537.36"
20.226.7.189 - - [19/Aug/2026:03:09:01 -0400] "GET /ak.php HTTP/1.1" 404 30147 "-" "Mozilla/5.0 (Windows NT 10.0; Win64; x64) AppleWebKit/537.36 (KHTML, like Gecko) Chrome/120.0.0.0 Safari/537.36"
20.226.7.189 - - [19/Aug/2026:03:09:03 -0400] "GET /fm.php HTTP/1.1" 404 30147 "-" "Mozilla/5.0 (Windows NT 10.0; Win64; x64) AppleWebKit/537.36 (KHTML, like Gecko) Chrome/120.0.0.0 Safari/537.36"
20.226.7.189 - - [19/Aug/2026:03:09:05 -0400] "GET /wp.php HTTP/1.1" 404 30147 "-" "Mozilla/5.0 (Windows NT 10.0; Win64; x64) AppleWebKit/537.36 (KHTML, like Gecko) Chrome/120.0.0.0 Safari/537.36"
39.37.170.207 - - [19/Aug/2026:03:09:07 -0400] "POST /xmlrpc.php HTTP/1.1" 200 403 "-" "Jetpack/12.5; WordPress/6.4; http://site75785014.com"
20.226.7.189 - - [19/Aug/2026:03:09:07 -0400] "GET /33.php HTTP/1.1" 404 30147 "-" "Mozilla/5.0 (Windows NT 10.0; Win64; x64) AppleWebKit/537.36 (KHTML, like Gecko) Chrome/120.0.0.0 Safari/537.36"
14.97.127.98 - - [19/Aug/2026:03:09:08 -0400] "POST /xmlrpc.php HTTP/1.1" 200 403 "-" "Jetpack by WordPress.com (Jetpack 12.0; WordPress 6.4)"
20.226.7.189 - - [19/Aug/2026:03:09:11 -0400] "GET /az.php HTTP/1.1" 404 30147 "-" "Mozilla/5.0 (Windows NT 10.0; Win64; x64) AppleWebKit/537.36 (KHTML, like Gecko) Chrome/120.0.0.0 Safari/537.36"
88.246.198.248 - - [19/Aug/2026:03:09:13 -0400] "POST /xmlrpc.php HTTP/1.1" 200 403 "-" "Mozilla/5.0 (Windows NT 10.0; x64) AppleWebKit/537.36 (KHTML, like Gecko) Firefox/74.0.0.0 Safari/537.36"
20.226.7.189 - - [19/Aug/2026:03:09:14 -0400] "GET /sx.php HTTP/1.1" 404 30147 "-" "Mozilla/5.0 (Windows NT 10.0; Win64; x64) AppleWebKit/537.36 (KHTML, like Gecko) Chrome/120.0.0.0 Safari/537.36"
20.226.7.189 - - [19/Aug/2026:03:09:17 -0400] "GET /tfm.php HTTP/1.1" 404 30147 "-" "Mozilla/5.0 (Windows NT 10.0; Win64; x64) AppleWebKit/537.36 (KHTML, like Gecko) Chrome/120.0.0.0 Safari/537.36"
39.37.170.207 - - [19/Aug/2026:03:09:18 -0400] "POST /xmlrpc.php HTTP/1.1" 200 403 "-" "Jetpack by WordPress.com (Jetpack 12.5; WordPress 6.1)"
14.97.127.98 - - [19/Aug/2026:03:09:19 -0400] "POST /xmlrpc.php HTTP/1.1" 200 403 "-" "Jetpack by WordPress.com (Jetpack 13.0; WordPress 6.1)"
20.226.7.189 - - [19/Aug/2026:03:09:20 -0400] "GET /asd.php HTTP/1.1" 404 30147 "-" "Mozilla/5.0 (Windows NT 10.0; Win64; x64) AppleWebKit/537.36 (KHTML, like Gecko) Chrome/120.0.0.0 Safari/537.36"
20.226.7.189 - - [19/Aug/2026:03:09:23 -0400] "GET /nij.php HTTP/1.1" 404 30147 "-" "Mozilla/5.0 (Windows NT 10.0; Win64; x64) AppleWebKit/537.36 (KHTML, like Gecko) Chrome/120.0.0.0 Safari/537.36"
20.226.7.189 - - [19/Aug/2026:03:09:25 -0400] "GET /404.php HTTP/1.1" 404 30147 "-" "Mozilla/5.0 (Windows NT 10.0; Win64; x64) AppleWebKit/537.36 (KHTML, like Gecko) Chrome/120.0.0.0 Safari/537.36"
20.226.7.189 - - [19/Aug/2026:03:09:27 -0400] "GET /mah.php HTTP/1.1" 404 30147 "-" "Mozilla/5.0 (Windows NT 10.0; Win64; x64) AppleWebKit/537.36 (KHTML, like Gecko) Chrome/120.0.0.0 Safari/537.36"
39.37.170.207 - - [19/Aug/2026:03:09:28 -0400] "POST /xmlrpc.php HTTP/1.1" 403 1242 "-" "WordPress.com; https://wordpress.com"
20.226.7.189 - - [19/Aug/2026:03:09:28 -0400] "GET /ws.php7 HTTP/1.1" 404 30147 "-" "Mozilla/5.0 (Windows NT 10.0; Win64; x64) AppleWebKit/537.36 (KHTML, like Gecko) Chrome/120.0.0.0 Safari/537.36"
14.97.127.98 - - [19/Aug/2026:03:09:29 -0400] "POST /xmlrpc.php HTTP/1.1" 403 1242 "-" "Jetpack by WordPress.com"
20.226.7.189 - - [19/Aug/2026:03:09:29 -0400] "GET /jga.php HTTP/1.1" 404 30147 "-" "Mozilla/5.0 (Windows NT 10.0; Win64; x64) AppleWebKit/537.36 (KHTML, like Gecko) Chrome/120.0.0.0 Safari/537.36"
20.226.7.189 - - [19/Aug/2026:03:09:31 -0400] "GET /166.php HTTP/1.1" 404 30147 "-" "Mozilla/5.0 (Windows NT 10.0; Win64; x64) AppleWebKit/537.36 (KHTML, like Gecko) Chrome/120.0.0.0 Safari/537.36"
88.246.198.248 - - [19/Aug/2026:03:09:31 -0400] "POST /xmlrpc.php HTTP/1.1" 200 403 "-" "Mozilla/5.0 (Windows NT 6.3; x64) AppleWebKit/537.36 (KHTML, like Gecko) Edge/94.0.0.0 Safari/537.36"
20.226.7.189 - - [19/Aug/2026:03:09:34 -0400] "GET /log.php HTTP/1.1" 404 30147 "-" "Mozilla/5.0 (Windows NT 10.0; Win64; x64) AppleWebKit/537.36 (KHTML, like Gecko) Chrome/120.0.0.0 Safari/537.36"
20.226.7.189 - - [19/Aug/2026:03:09:36 -0400] "GET /file.php HTTP/1.1" 404 30147 "-" "Mozilla/5.0 (Windows NT 10.0; Win64; x64) AppleWebKit/537.36 (KHTML, like Gecko) Chrome/120.0.0.0 Safari/537.36"
39.37.170.207 - - [19/Aug/2026:03:09:39 -0400] "POST /xmlrpc.php HTTP/1.1" 403 1242 "-" "WordPress.com; https://wordpress.com"
