71.229.237.200 - - [19/Aug/2026:03:59:53 -0400] "POST /xmlrpc.php HTTP/1.1" 200 403 "-" "Mozilla/5.0 (Windows NT 6.2; x86) AppleWebKit/537.36 (KHTML, like Gecko) Chrome/104.0.0.0 Safari/537.36"
106.215.155.103 - - [19/Aug/2026:03:59:55 -0400] "POST /xmlrpc.php HTTP/1.1" 200 403 "-" "Jetpack/12.1; WordPress/6.1; http://site49756132.com"
106.215.155.103 - - [19/Aug/2026:04:00:06 -0400] "POST /xmlrpc.php HTTP/1.1" 403 1242 "-" "WordPress.com; https://wordpress.com"
182.8.229.254 - - [19/Aug/2026:04:00:10 -0400] "POST /xmlrpc.php HTTP/1.1" 200 403 "-" "Jetpack by WordPress.com (Jetpack 12.5; WordPress 6.4)"
182.8.229.254 - - [19/Aug/2026:04:00:17 -0400] "POST /xmlrpc.php HTTP/1.1" 403 1242 "-" "WordPress.com; https://wordpress.com"
106.215.155.103 - - [19/Aug/2026:04:00:18 -0400] "POST /xmlrpc.php HTTP/1.1" 403 1242 "-" "WordPress.com; https://wordpress.com"
71.229.237.200 - - [19/Aug/2026:04:00:21 -0400] "POST /xmlrpc.php HTTP/1.1" 200 403 "-" "Mozilla/5.0 (Macintosh; Intel Mac OS X 10_15_7; x86) AppleWebKit/537.36 (KHTML, like Gecko) Chrome/109.0.0.0 Safari/537.36"
182.8.229.254 - - [19/Aug/2026:04:00:28 -0400] "POST /xmlrpc.php HTTP/1.1" 200 403 "-" "Jetpack by WordPress.com (Jetpack 12.5; WordPress 6.1)"
182.8.229.254 - - [19/Aug/2026:04:00:38 -0400] "POST /xmlrpc.php HTTP/1.1" 403 1242 "-" "WordPress.com; https://wordpress.com"
71.229.237.200 - - [19/Aug/2026:04:00:47 -0400] "POST /xmlrpc.php HTTP/1.1" 200 403 "-" "Mozilla/5.0 (Macintosh; Intel Mac OS X 10_15_7; arm64) AppleWebKit/537.36 (KHTML, like Gecko) Firefox/95.0.0.0 Safari/537.36"
212.29.237.5 - - [19/Aug/2026:04:00:47 -0400] "GET /wp-login.php HTTP/2" 200 2021 "-" "Mozilla/5.0 (Windows NT 10.0; Win64; x64) AppleWebKit/537.36 (KHTML, like Gecko) Chrome/149.0.0.0 Safari/537.36"
212.29.237.5 - - [19/Aug/2026:04:00:51 -0400] "POST /wp-login.php HTTP/2" 200 2084 "-" "Mozilla/5.0 (Windows NT 10.0; Win64; x64) AppleWebKit/537.36 (KHTML, like Gecko) Chrome/149.0.0.0 Safari/537.36"
182.8.229.254 - - [19/Aug/2026:04:01:01 -0400] "POST /xmlrpc.php HTTP/1.1" 200 403 "-" "Jetpack by WordPress.com (Jetpack 12.5; WordPress 6.3)"
182.8.229.254 - - [19/Aug/2026:04:01:10 -0400] "POST /xmlrpc.php HTTP/1.1" 200 403 "-" "Jetpack/12.5; WordPress/6.1; http://site43206783.com"
182.8.229.254 - - [19/Aug/2026:04:01:21 -0400] "POST /xmlrpc.php HTTP/1.1" 403 1242 "-" "WordPress.com; https://wordpress.com"
71.229.237.200 - - [19/Aug/2026:04:01:26 -0400] "POST /xmlrpc.php HTTP/1.1" 200 403 "-" "Mozilla/5.0 (Windows NT 10.0; x64) AppleWebKit/537.36 (KHTML, like Gecko) Edge/90.0.0.0 Safari/537.36"
182.8.229.254 - - [19/Aug/2026:04:01:31 -0400] "POST /xmlrpc.php HTTP/1.1" 200 403 "-" "Jetpack by WordPress.com (Jetpack 12.0; WordPress 6.1)"
182.8.229.254 - - [19/Aug/2026:04:01:42 -0400] "POST /xmlrpc.php HTTP/1.1" 403 1242 "-" "WordPress.com; https://wordpress.com"
182.8.229.254 - - [19/Aug/2026:04:01:52 -0400] "POST /xmlrpc.php HTTP/1.1" 403 1242 "-" "Jetpack by WordPress.com"
71.229.237.200 - - [19/Aug/2026:04:01:53 -0400] "POST /xmlrpc.php HTTP/1.1" 200 403 "-" "Mozilla/5.0 (X11; Ubuntu; Linux x86_64; arm64) AppleWebKit/537.36 (KHTML, like Gecko) Opera/69.0.0.0 Safari/537.36"
182.69.177.203 - - [19/Aug/2026:04:01:53 -0400] "GET / HTTP/2" 200 35817 "-" "Mozilla/5.0 (Windows NT 10.0; Win64; x64) AppleWebKit/537.36 (KHTML, like Gecko) Chrome/151.0.0.0 Safari/537.36"
182.69.177.203 - - [19/Aug/2026:04:01:56 -0400] "GET /wp-content/themes/newsup/css/bootstrap.css?ver=7.0.4 HTTP/2" 200 23442 "https://call2action.com/" "Mozilla/5.0 (Windows NT 10.0; Win64; x64) AppleWebKit/537.36 (KHTML, like Gecko) Chrome/151.0.0.0 Safari/537.36"
182.69.177.203 - - [19/Aug/2026:04:01:56 -0400] "GET /wp-content/plugins/cookieadmin/assets/css/consent.css?ver=1.1.7 HTTP/2" 200 2439 "https://call2action.com/" "Mozilla/5.0 (Windows NT 10.0; Win64; x64) AppleWebKit/537.36 (KHTML, like Gecko) Chrome/151.0.0.0 Safari/537.36"
182.69.177.203 - - [19/Aug/2026:04:01:56 -0400] "GET /wp-content/themes/newsup/style.css?ver=7.0.4 HTTP/2" 200 14861 "https://call2action.com/" "Mozilla/5.0 (Windows NT 10.0; Win64; x64) AppleWebKit/537.36 (KHTML, like Gecko) Chrome/151.0.0.0 Safari/537.36"
182.69.177.203 - - [19/Aug/2026:04:01:56 -0400] "GET /wp-content/themes/newsup/css/colors/default.css?ver=7.0.4 HTTP/3" 200 5052 "https://call2action.com/" "Mozilla/5.0 (Windows NT 10.0; Win64; x64) AppleWebKit/537.36 (KHTML, like Gecko) Chrome/151.0.0.0 Safari/537.36"
182.69.177.203 - - [19/Aug/2026:04:01:56 -0400] "GET /wp-content/themes/newsup/css/font-awesome/css/all.min.css?ver=7.0.4 HTTP/3" 200 21986 "https://call2action.com/" "Mozilla/5.0 (Windows NT 10.0; Win64; x64) AppleWebKit/537.36 (KHTML, like Gecko) Chrome/151.0.0.0 Safari/537.36"
182.69.177.203 - - [19/Aug/2026:04:01:57 -0400] "GET /wp-content/themes/newsup/css/font-awesome/css/v4-shims.min.css?ver=7.0.4 HTTP/3" 200 3949 "https://call2action.com/" "Mozilla/5.0 (Windows NT 10.0; Win64; x64) AppleWebKit/537.36 (KHTML, like Gecko) Chrome/151.0.0.0 Safari/537.36"
182.69.177.203 - - [19/Aug/2026:04:01:57 -0400] "GET /wp-content/themes/newsup/css/owl.carousel.css?ver=7.0.4 HTTP/3" 200 471 "https://call2action.com/" "Mozilla/5.0 (Windows NT 10.0; Win64; x64) AppleWebKit/537.36 (KHTML, like Gecko) Chrome/151.0.0.0 Safari/537.36"
182.69.177.203 - - [19/Aug/2026:04:01:57 -0400] "GET /wp-content/themes/newsup/css/jquery.smartmenus.bootstrap.css?ver=7.0.4 HTTP/3" 200 915 "https://call2action.com/" "Mozilla/5.0 (Windows NT 10.0; Win64; x64) AppleWebKit/537.36 (KHTML, like Gecko) Chrome/151.0.0.0 Safari/537.36"
182.69.177.203 - - [19/Aug/2026:04:01:57 -0400] "GET /wp-content/themes/newsup/inc/ansar/customize/css/customizer.css?ver=1.0 HTTP/3" 200 1413 "https://call2action.com/" "Mozilla/5.0 (Windows NT 10.0; Win64; x64) AppleWebKit/537.36 (KHTML, like Gecko) Chrome/151.0.0.0 Safari/537.36"
182.69.177.203 - - [19/Aug/2026:04:01:57 -0400] "GET /wp-content/plugins/cookieadmin-pro/assets/js/consent.js?ver=1.1.7 HTTP/3" 200 1634 "https://call2action.com/" "Mozilla/5.0 (Windows NT 10.0; Win64; x64) AppleWebKit/537.36 (KHTML, like Gecko) Chrome/151.0.0.0 Safari/537.36"
182.69.177.203 - - [19/Aug/2026:04:01:57 -0400] "GET /wp-content/plugins/cookieadmin/assets/js/consent.js?ver=1.1.7 HTTP/3" 200 5055 "https://call2action.com/" "Mozilla/5.0 (Windows NT 10.0; Win64; x64) AppleWebKit/537.36 (KHTML, like Gecko) Chrome/151.0.0.0 Safari/537.36"
182.69.177.203 - - [19/Aug/2026:04:01:57 -0400] "GET /wp-includes/js/jquery/jquery.min.js?ver=3.7.1 HTTP/3" 200 29744 "https://call2action.com/" "Mozilla/5.0 (Windows NT 10.0; Win64; x64) AppleWebKit/537.36 (KHTML, like Gecko) Chrome/151.0.0.0 Safari/537.36"
182.69.177.203 - - [19/Aug/2026:04:01:57 -0400] "GET /wp-includes/js/jquery/jquery-migrate.min.js?ver=3.4.1 HTTP/3" 200 4678 "https://call2action.com/" "Mozilla/5.0 (Windows NT 10.0; Win64; x64) AppleWebKit/537.36 (KHTML, like Gecko) Chrome/151.0.0.0 Safari/537.36"
182.69.177.203 - - [19/Aug/2026:04:01:58 -0400] "GET /wp-content/themes/newsup/js/navigation.js?ver=7.0.4 HTTP/3" 200 767 "https://call2action.com/" "Mozilla/5.0 (Windows NT 10.0; Win64; x64) AppleWebKit/537.36 (KHTML, like Gecko) Chrome/151.0.0.0 Safari/537.36"
182.69.177.203 - - [19/Aug/2026:04:01:58 -0400] "GET /wp-content/themes/newsup/js/bootstrap.js?ver=7.0.4 HTTP/3" 200 24455 "https://call2action.com/" "Mozilla/5.0 (Windows NT 10.0; Win64; x64) AppleWebKit/537.36 (KHTML, like Gecko) Chrome/151.0.0.0 Safari/537.36"
182.69.177.203 - - [19/Aug/2026:04:01:58 -0400] "GET /wp-content/themes/newsup/js/owl.carousel.min.js?ver=7.0.4 HTTP/3" 200 6299 "https://call2action.com/" "Mozilla/5.0 (Windows NT 10.0; Win64; x64) AppleWebKit/537.36 (KHTML, like Gecko) Chrome/151.0.0.0 Safari/537.36"
182.69.177.203 - - [19/Aug/2026:04:01:58 -0400] "GET /wp-content/themes/newsup/js/jquery.smartmenus.js?ver=7.0.4 HTTP/3" 200 11268 "https://call2action.com/" "Mozilla/5.0 (Windows NT 10.0; Win64; x64) AppleWebKit/537.36 (KHTML, like Gecko) Chrome/151.0.0.0 Safari/537.36"
182.69.177.203 - - [19/Aug/2026:04:01:59 -0400] "GET /wp-content/themes/newsup/js/jquery.smartmenus.bootstrap.js?ver=7.0.4 HTTP/3" 200 1837 "https://call2action.com/" "Mozilla/5.0 (Windows NT 10.0; Win64; x64) AppleWebKit/537.36 (KHTML, like Gecko) Chrome/151.0.0.0 Safari/537.36"
182.69.177.203 - - [19/Aug/2026:04:01:59 -0400] "GET /wp-content/themes/newsup/js/main.js?ver=7.0.4 HTTP/3" 200 211 "https://call2action.com/" "Mozilla/5.0 (Windows NT 10.0; Win64; x64) AppleWebKit/537.36 (KHTML, like Gecko) Chrome/151.0.0.0 Safari/537.36"
182.69.177.203 - - [19/Aug/2026:04:01:59 -0400] "GET /wp-content/themes/newsup/js/jquery.marquee.js?ver=7.0.4 HTTP/3" 200 4398 "https://call2action.com/" "Mozilla/5.0 (Windows NT 10.0; Win64; x64) AppleWebKit/537.36 (KHTML, like Gecko) Chrome/151.0.0.0 Safari/537.36"
182.69.177.203 - - [19/Aug/2026:04:01:59 -0400] "GET /wp-content/uploads/2026/04/cropped-370_Call-to-Action.jpg HTTP/3" 200 17580 "https://call2action.com/" "Mozilla/5.0 (Windows NT 10.0; Win64; x64) AppleWebKit/537.36 (KHTML, like Gecko) Chrome/151.0.0.0 Safari/537.36"
182.69.177.203 - - [19/Aug/2026:04:01:59 -0400] "GET /wp-content/uploads/2026/04/How-to-Market-a-Product-in-5-Steps-300x200.webp HTTP/3" 200 18780 "https://call2action.com/" "Mozilla/5.0 (Windows NT 10.0; Win64; x64) AppleWebKit/537.36 (KHTML, like Gecko) Chrome/151.0.0.0 Safari/537.36"
182.69.177.203 - - [19/Aug/2026:04:01:59 -0400] "GET /wp-content/uploads/2026/04/best-healthcare-digital-marketing-tools-jpg-300x143.webp HTTP/3" 200 7714 "https://call2action.com/" "Mozilla/5.0 (Windows NT 10.0; Win64; x64) AppleWebKit/537.36 (KHTML, like Gecko) Chrome/151.0.0.0 Safari/537.36"
182.69.177.203 - - [19/Aug/2026:04:01:59 -0400] "GET /wp-content/themes/newsup/js/custom.js?ver=7.0.4 HTTP/3" 200 1117 "https://call2action.com/" "Mozilla/5.0 (Windows NT 10.0; Win64; x64) AppleWebKit/537.36 (KHTML, like Gecko) Chrome/151.0.0.0 Safari/537.36"
182.69.177.203 - - [19/Aug/2026:04:01:59 -0400] "GET /wp-content/uploads/2026/04/how-to-get-clients-for-your-digital-marketing-agency-300x143.webp HTTP/3" 200 10420 "https://call2action.com/" "Mozilla/5.0 (Windows NT 10.0; Win64; x64) AppleWebKit/537.36 (KHTML, like Gecko) Chrome/151.0.0.0 Safari/537.36"
182.69.177.203 - - [19/Aug/2026:04:01:59 -0400] "GET /wp-content/uploads/2026/04/How-To-Start-Career-In-Digital-Marketing-With-No-Experience-Square-scaled-1-300x210.webp HTTP/3" 200 9608 "https://call2action.com/" "Mozilla/5.0 (Windows NT 10.0; Win64; x64) AppleWebKit/537.36 (KHTML, like Gecko) Chrome/151.0.0.0 Safari/537.36"
182.69.177.203 - - [19/Aug/2026:04:02:00 -0400] "GET /wp-content/themes/newsup/css/font-awesome/webfonts/fa-solid-900.woff2 HTTP/3" 200 156496 "https://call2action.com/wp-content/themes/newsup/css/font-awesome/css/all.min.css?ver=7.0.4" "Mozilla/5.0 (Windows NT 10.0; Win64; x64) AppleWebKit/537.36 (KHTML, like Gecko) Chrome/151.0.0.0 Safari/537.36"
182.69.177.203 - - [19/Aug/2026:04:02:00 -0400] "GET /wp-content/uploads/2026/04/68070c88291bb71c725b1127_blogpostoneone-300x169.png HTTP/3" 200 92874 "https://call2action.com/" "Mozilla/5.0 (Windows NT 10.0; Win64; x64) AppleWebKit/537.36 (KHTML, like Gecko) Chrome/151.0.0.0 Safari/537.36"
182.69.177.203 - - [19/Aug/2026:04:02:00 -0400] "GET /wp-content/uploads/2026/04/best-healthcare-digital-marketing-tools-jpg.webp HTTP/3" 200 24526 "https://call2action.com/" "Mozilla/5.0 (Windows NT 10.0; Win64; x64) AppleWebKit/537.36 (KHTML, like Gecko) Chrome/151.0.0.0 Safari/537.36"
182.69.177.203 - - [19/Aug/2026:04:02:01 -0400] "GET /wp-content/uploads/2026/04/How-to-Market-a-Product-in-5-Steps.webp HTTP/3" 200 127898 "https://call2action.com/" "Mozilla/5.0 (Windows NT 10.0; Win64; x64) AppleWebKit/537.36 (KHTML, like Gecko) Chrome/151.0.0.0 Safari/537.36"
182.69.177.203 - - [19/Aug/2026:04:02:01 -0400] "GET /wp-content/themes/newsup/images/head-back.jpg HTTP/3" 200 184822 "https://call2action.com/" "Mozilla/5.0 (Windows NT 10.0; Win64; x64) AppleWebKit/537.36 (KHTML, like Gecko) Chrome/151.0.0.0 Safari/537.36"
182.69.177.203 - - [19/Aug/2026:04:02:01 -0400] "GET /wp-content/uploads/2026/04/b5dec6_c758d04aea9247f987a2058b67503d75mv2.jpg HTTP/3" 200 301592 "https://call2action.com/" "Mozilla/5.0 (Windows NT 10.0; Win64; x64) AppleWebKit/537.36 (KHTML, like Gecko) Chrome/151.0.0.0 Safari/537.36"
182.69.177.203 - - [19/Aug/2026:04:02:02 -0400] "GET /wp-content/uploads/2026/04/pexels-mikhail-nilov-7731323-1-2048x1494-1-300x219.jpg HTTP/3" 200 14984 "https://call2action.com/" "Mozilla/5.0 (Windows NT 10.0; Win64; x64) AppleWebKit/537.36 (KHTML, like Gecko) Chrome/151.0.0.0 Safari/537.36"
182.69.177.203 - - [19/Aug/2026:04:02:02 -0400] "GET /wp-content/uploads/2026/04/MOOC-Essentials-of-youth-policy-300x171.png HTTP/3" 200 26597 "https://call2action.com/" "Mozilla/5.0 (Windows NT 10.0; Win64; x64) AppleWebKit/537.36 (KHTML, like Gecko) Chrome/151.0.0.0 Safari/537.36"
182.69.177.203 - - [19/Aug/2026:04:02:02 -0400] "GET /wp-content/plugins/cookieadmin-pro//assets/images/re-consent-icons/cookieadmin.svg HTTP/3" 200 293 "https://call2action.com/" "Mozilla/5.0 (Windows NT 10.0; Win64; x64) AppleWebKit/537.36 (KHTML, like Gecko) Chrome/151.0.0.0 Safari/537.36"
182.69.177.203 - - [19/Aug/2026:04:02:02 -0400] "GET /wp-content/uploads/2026/04/how-to-get-clients-for-your-digital-marketing-agency.webp HTTP/3" 200 30766 "https://call2action.com/" "Mozilla/5.0 (Windows NT 10.0; Win64; x64) AppleWebKit/537.36 (KHTML, like Gecko) Chrome/151.0.0.0 Safari/537.36"
182.69.177.203 - - [19/Aug/2026:04:02:02 -0400] "GET /wp-content/uploads/2026/04/How-To-Start-Career-In-Digital-Marketing-With-No-Experience-Square-scaled-1.webp HTTP/3" 200 141312 "https://call2action.com/" "Mozilla/5.0 (Windows NT 10.0; Win64; x64) AppleWebKit/537.36 (KHTML, like Gecko) Chrome/151.0.0.0 Safari/537.36"
182.69.177.203 - - [19/Aug/2026:04:02:02 -0400] "GET /wp-content/uploads/2026/04/Graphic-Design-is-Important-to-Make-Digital-Marketing-Successful.jpg HTTP/3" 200 90419 "https://call2action.com/" "Mozilla/5.0 (Windows NT 10.0; Win64; x64) AppleWebKit/537.36 (KHTML, like Gecko) Chrome/151.0.0.0 Safari/537.36"
182.69.177.203 - - [19/Aug/2026:04:02:02 -0400] "GET /wp-content/uploads/2026/04/Screenshot-2024-10-29-205526.png HTTP/3" 200 322711 "https://call2action.com/" "Mozilla/5.0 (Windows NT 10.0; Win64; x64) AppleWebKit/537.36 (KHTML, like Gecko) Chrome/151.0.0.0 Safari/537.36"
182.69.177.203 - - [19/Aug/2026:04:02:02 -0400] "GET /wp-content/uploads/2026/04/b0225-social-media-tools-small.webp HTTP/3" 200 83404 "https://call2action.com/" "Mozilla/5.0 (Windows NT 10.0; Win64; x64) AppleWebKit/537.36 (KHTML, like Gecko) Chrome/151.0.0.0 Safari/537.36"
182.69.177.203 - - [19/Aug/2026:04:02:03 -0400] "GET /wp-content/uploads/2026/04/Benefits-of-Google-Ads-.jpg HTTP/3" 200 60808 "https://call2action.com/" "Mozilla/5.0 (Windows NT 10.0; Win64; x64) AppleWebKit/537.36 (KHTML, like Gecko) Chrome/151.0.0.0 Safari/537.36"
182.69.177.203 - - [19/Aug/2026:04:02:03 -0400] "GET /wp-content/uploads/2026/04/main-image-1756851924828-scaled.webp HTTP/3" 200 164644 "https://call2action.com/" "Mozilla/5.0 (Windows NT 10.0; Win64; x64) AppleWebKit/537.36 (KHTML, like Gecko) Chrome/151.0.0.0 Safari/537.36"
182.8.229.254 - - [19/Aug/2026:04:02:03 -0400] "POST /xmlrpc.php HTTP/1.1" 403 1242 "-" "WordPress.com; https://wordpress.com"
182.69.177.203 - - [19/Aug/2026:04:02:03 -0400] "GET /wp-content/uploads/2026/04/istockphoto-1252347108-612x612-1.jpg HTTP/3" 200 20742 "https://call2action.com/" "Mozilla/5.0 (Windows NT 10.0; Win64; x64) AppleWebKit/537.36 (KHTML, like Gecko) Chrome/151.0.0.0 Safari/537.36"
182.69.177.203 - - [19/Aug/2026:04:02:03 -0400] "GET /wp-includes/js/wp-emoji-release.min.js?ver=7.0.4 HTTP/3" 200 4974 "https://call2action.com/" "Mozilla/5.0 (Windows NT 10.0; Win64; x64) AppleWebKit/537.36 (KHTML, like Gecko) Chrome/151.0.0.0 Safari/537.36"
182.69.177.203 - - [19/Aug/2026:04:02:03 -0400] "GET /favicon.ico HTTP/3" 404 1251 "https://call2action.com/" "Mozilla/5.0 (Windows NT 10.0; Win64; x64) AppleWebKit/537.36 (KHTML, like Gecko) Chrome/151.0.0.0 Safari/537.36"
182.8.229.254 - - [19/Aug/2026:04:02:13 -0400] "POST /xmlrpc.php HTTP/1.1" 200 403 "-" "Jetpack by WordPress.com (Jetpack 12.5; WordPress 6.1)"
71.229.237.200 - - [19/Aug/2026:04:02:22 -0400] "POST /xmlrpc.php HTTP/1.1" 200 403 "-" "Mozilla/5.0 (Linux; Android 10; x86) AppleWebKit/537.36 (KHTML, like Gecko) Chrome/115.0.0.0 Safari/537.36"
182.8.229.254 - - [19/Aug/2026:04:02:24 -0400] "POST /xmlrpc.php HTTP/1.1" 200 403 "-" "Jetpack by WordPress.com (Jetpack 12.1; WordPress 6.2)"
182.8.229.254 - - [19/Aug/2026:04:02:35 -0400] "POST /xmlrpc.php HTTP/1.1" 403 1242 "-" "WordPress.com; https://wordpress.com"
182.8.229.254 - - [19/Aug/2026:04:02:45 -0400] "POST /xmlrpc.php HTTP/1.1" 403 1242 "-" "WordPress.com; https://wordpress.com"
71.229.237.200 - - [19/Aug/2026:04:02:48 -0400] "POST /xmlrpc.php HTTP/1.1" 200 403 "-" "Mozilla/5.0 (X11; Ubuntu; Linux x86_64; x64) AppleWebKit/537.36 (KHTML, like Gecko) Safari/14.0.0.0 Safari/537.36"
182.8.229.254 - - [19/Aug/2026:04:02:56 -0400] "POST /xmlrpc.php HTTP/1.1" 403 1242 "-" "WordPress.com; https://wordpress.com"
182.8.229.254 - - [19/Aug/2026:04:03:07 -0400] "POST /xmlrpc.php HTTP/1.1" 403 1242 "-" "WordPress.com; https://wordpress.com"
71.229.237.200 - - [19/Aug/2026:04:03:16 -0400] "POST /xmlrpc.php HTTP/1.1" 200 403 "-" "Mozilla/5.0 (Linux; Android 10; arm64) AppleWebKit/537.36 (KHTML, like Gecko) Opera/66.0.0.0 Safari/537.36"
182.8.229.254 - - [19/Aug/2026:04:03:17 -0400] "POST /xmlrpc.php HTTP/1.1" 403 1242 "-" "WordPress.com; https://wordpress.com"
182.8.229.254 - - [19/Aug/2026:04:03:28 -0400] "POST /xmlrpc.php HTTP/1.1" 403 1242 "-" "Jetpack by WordPress.com"
162.241.153.188 - - [19/Aug/2026:04:03:32 -0400] "GET /wp-login.php HTTP/2" 200 3576 "-" "Mozilla/5.0 (Windows NT 10.0; Win64; x64) AppleWebKit/537.36 (KHTML, like Gecko) Chrome/149.0.0.0 Safari/537.36"
162.241.153.188 - - [19/Aug/2026:04:03:36 -0400] "POST /wp-login.php HTTP/2" 200 2108 "-" "Mozilla/5.0 (Windows NT 10.0; Win64; x64) AppleWebKit/537.36 (KHTML, like Gecko) Chrome/149.0.0.0 Safari/537.36"
182.8.229.254 - - [19/Aug/2026:04:03:38 -0400] "POST /xmlrpc.php HTTP/1.1" 403 1242 "-" "Jetpack by WordPress.com"
71.229.237.200 - - [19/Aug/2026:04:03:44 -0400] "POST /xmlrpc.php HTTP/1.1" 200 403 "-" "Mozilla/5.0 (Linux; Android 10; arm64) AppleWebKit/537.36 (KHTML, like Gecko) Safari/12.0.0.0 Safari/537.36"
189.81.152.210 - - [19/Aug/2026:04:03:48 -0400] "GET /wp-content/uploads/2026/04/b0225-social-media-tools-small-768x494.webp HTTP/1.1" 200 75498 "-" "Mozilla/5.0 (compatible; crawler)"
182.8.229.254 - - [19/Aug/2026:04:03:49 -0400] "POST /xmlrpc.php HTTP/1.1" 403 1242 "-" "WordPress.com; https://wordpress.com"
182.8.229.254 - - [19/Aug/2026:04:03:59 -0400] "POST /xmlrpc.php HTTP/1.1" 200 403 "-" "Jetpack/12.5; WordPress/6.2; http://site71000801.com"
182.8.229.254 - - [19/Aug/2026:04:04:10 -0400] "POST /xmlrpc.php HTTP/1.1" 403 1242 "-" "WordPress.com; https://wordpress.com"
71.229.237.200 - - [19/Aug/2026:04:04:10 -0400] "POST /xmlrpc.php HTTP/1.1" 200 403 "-" "Mozilla/5.0 (Linux; Android 10; arm64) AppleWebKit/537.36 (KHTML, like Gecko) Safari/15.0.0.0 Safari/537.36"
182.8.229.254 - - [19/Aug/2026:04:04:21 -0400] "POST /xmlrpc.php HTTP/1.1" 403 1242 "-" "WordPress.com; https://wordpress.com"
182.8.229.254 - - [19/Aug/2026:04:04:31 -0400] "POST /xmlrpc.php HTTP/1.1" 403 1242 "-" "WordPress.com; https://wordpress.com"
71.229.237.200 - - [19/Aug/2026:04:04:38 -0400] "POST /xmlrpc.php HTTP/1.1" 200 403 "-" "Mozilla/5.0 (Macintosh; Intel Mac OS X 10_15_7; arm64) AppleWebKit/537.36 (KHTML, like Gecko) Chrome/85.0.0.0 Safari/537.36"
182.8.229.254 - - [19/Aug/2026:04:04:42 -0400] "POST /xmlrpc.php HTTP/1.1" 403 1242 "-" "Jetpack by WordPress.com"
182.8.229.254 - - [19/Aug/2026:04:04:52 -0400] "POST /xmlrpc.php HTTP/1.1" 200 403 "-" "Jetpack by WordPress.com (Jetpack 13.0; WordPress 6.4)"
71.229.237.200 - - [19/Aug/2026:04:05:01 -0400] "POST /xmlrpc.php HTTP/1.1" 200 403 "-" "Mozilla/5.0 (Windows NT 6.2; x86) AppleWebKit/537.36 (KHTML, like Gecko) Firefox/76.0.0.0 Safari/537.36"
182.8.229.254 - - [19/Aug/2026:04:05:03 -0400] "POST /xmlrpc.php HTTP/1.1" 200 403 "-" "Jetpack/12.0; WordPress/6.4; http://site33149436.com"
182.8.229.254 - - [19/Aug/2026:04:05:14 -0400] "POST /xmlrpc.php HTTP/1.1" 403 1242 "-" "Jetpack by WordPress.com"
182.8.229.254 - - [19/Aug/2026:04:05:24 -0400] "POST /xmlrpc.php HTTP/1.1" 200 403 "-" "Jetpack/13.0; WordPress/6.4; http://site60584242.com"
71.229.237.200 - - [19/Aug/2026:04:05:28 -0400] "POST /xmlrpc.php HTTP/1.1" 200 403 "-" "Mozilla/5.0 (Windows NT 10.0; x86) AppleWebKit/537.36 (KHTML, like Gecko) Chrome/102.0.0.0 Safari/537.36"
182.8.229.254 - - [19/Aug/2026:04:05:35 -0400] "POST /xmlrpc.php HTTP/1.1" 200 403 "-" "Jetpack by WordPress.com (Jetpack 12.5; WordPress 6.1)"
182.8.229.254 - - [19/Aug/2026:04:05:46 -0400] "POST /xmlrpc.php HTTP/1.1" 200 403 "-" "Jetpack by WordPress.com (Jetpack 12.0; WordPress 6.3)"
71.229.237.200 - - [19/Aug/2026:04:05:56 -0400] "POST /xmlrpc.php HTTP/1.1" 200 403 "-" "Mozilla/5.0 (Macintosh; Intel Mac OS X 10_15_7; x64) AppleWebKit/537.36 (KHTML, like Gecko) Chrome/104.0.0.0 Safari/537.36"
182.8.229.254 - - [19/Aug/2026:04:05:56 -0400] "POST /xmlrpc.php HTTP/1.1" 200 403 "-" "Jetpack by WordPress.com (Jetpack 13.0; WordPress 6.1)"
182.8.229.254 - - [19/Aug/2026:04:06:07 -0400] "POST /xmlrpc.php HTTP/1.1" 200 403 "-" "Jetpack by WordPress.com (Jetpack 13.0; WordPress 6.4)"
182.8.229.254 - - [19/Aug/2026:04:06:18 -0400] "POST /xmlrpc.php HTTP/1.1" 403 1242 "-" "Jetpack by WordPress.com"
71.229.237.200 - - [19/Aug/2026:04:06:22 -0400] "POST /xmlrpc.php HTTP/1.1" 200 403 "-" "Mozilla/5.0 (X11; Ubuntu; Linux x86_64; x86) AppleWebKit/537.36 (KHTML, like Gecko) Firefox/90.0.0.0 Safari/537.36"
182.8.229.254 - - [19/Aug/2026:04:06:28 -0400] "POST /xmlrpc.php HTTP/1.1" 403 1242 "-" "Jetpack by WordPress.com"
182.8.229.254 - - [19/Aug/2026:04:06:39 -0400] "POST /xmlrpc.php HTTP/1.1" 403 1242 "-" "WordPress.com; https://wordpress.com"
71.229.237.200 - - [19/Aug/2026:04:06:48 -0400] "POST /xmlrpc.php HTTP/1.1" 200 403 "-" "Mozilla/5.0 (Windows NT 6.3; x64) AppleWebKit/537.36 (KHTML, like Gecko) Chrome/88.0.0.0 Safari/537.36"
182.8.229.254 - - [19/Aug/2026:04:06:49 -0400] "POST /xmlrpc.php HTTP/1.1" 403 1242 "-" "WordPress.com; https://wordpress.com"
182.8.229.254 - - [19/Aug/2026:04:07:00 -0400] "POST /xmlrpc.php HTTP/1.1" 200 403 "-" "Jetpack by WordPress.com (Jetpack 13.0; WordPress 6.4)"
182.8.229.254 - - [19/Aug/2026:04:07:10 -0400] "POST /xmlrpc.php HTTP/1.1" 403 1242 "-" "WordPress.com; https://wordpress.com"
71.229.237.200 - - [19/Aug/2026:04:07:13 -0400] "POST /xmlrpc.php HTTP/1.1" 200 403 "-" "Mozilla/5.0 (Windows NT 6.3; x86) AppleWebKit/537.36 (KHTML, like Gecko) Opera/66.0.0.0 Safari/537.36"
182.8.229.254 - - [19/Aug/2026:04:07:21 -0400] "POST /xmlrpc.php HTTP/1.1" 403 1242 "-" "WordPress.com; https://wordpress.com"
182.8.229.254 - - [19/Aug/2026:04:07:32 -0400] "POST /xmlrpc.php HTTP/1.1" 200 403 "-" "Jetpack/13.0; WordPress/6.1; http://site85227166.com"
71.229.237.200 - - [19/Aug/2026:04:07:39 -0400] "POST /xmlrpc.php HTTP/1.1" 200 403 "-" "Mozilla/5.0 (Linux; Android 10; x86) AppleWebKit/537.36 (KHTML, like Gecko) Firefox/77.0.0.0 Safari/537.36"
182.8.229.254 - - [19/Aug/2026:04:07:42 -0400] "POST /xmlrpc.php HTTP/1.1" 403 1242 "-" "Jetpack by WordPress.com"
182.8.229.254 - - [19/Aug/2026:04:07:53 -0400] "POST /xmlrpc.php HTTP/1.1" 403 1242 "-" "Jetpack by WordPress.com"
182.8.229.254 - - [19/Aug/2026:04:08:04 -0400] "POST /xmlrpc.php HTTP/1.1" 403 1242 "-" "WordPress.com; https://wordpress.com"
71.229.237.200 - - [19/Aug/2026:04:08:05 -0400] "POST /xmlrpc.php HTTP/1.1" 200 403 "-" "Mozilla/5.0 (X11; Ubuntu; Linux x86_64; x64) AppleWebKit/537.36 (KHTML, like Gecko) Opera/61.0.0.0 Safari/537.36"
182.8.229.254 - - [19/Aug/2026:04:08:14 -0400] "POST /xmlrpc.php HTTP/1.1" 403 1242 "-" "WordPress.com; https://wordpress.com"
182.8.229.254 - - [19/Aug/2026:04:08:25 -0400] "POST /xmlrpc.php HTTP/1.1" 403 1242 "-" "WordPress.com; https://wordpress.com"
192.158.238.133 - - [19/Aug/2026:04:08:31 -0400] "POST /wp-cron.php?doing_wp_cron=1787126911.7574911117553710937500 HTTP/1.1" 200 0 "-" "WordPress/7.0.4; https://call2action.com"
71.229.237.200 - - [19/Aug/2026:04:08:30 -0400] "POST /xmlrpc.php HTTP/1.1" 200 403 "-" "Mozilla/5.0 (Windows NT 10.0; arm64) AppleWebKit/537.36 (KHTML, like Gecko) Edge/95.0.0.0 Safari/537.36"
182.8.229.254 - - [19/Aug/2026:04:08:35 -0400] "POST /xmlrpc.php HTTP/1.1" 200 403 "-" "Jetpack by WordPress.com (Jetpack 12.5; WordPress 6.3)"
182.8.229.254 - - [19/Aug/2026:04:08:46 -0400] "POST /xmlrpc.php HTTP/1.1" 200 403 "-" "Jetpack by WordPress.com (Jetpack 12.5; WordPress 6.4)"
71.229.237.200 - - [19/Aug/2026:04:08:53 -0400] "POST /xmlrpc.php HTTP/1.1" 200 403 "-" "Mozilla/5.0 (Windows NT 6.3; arm64) AppleWebKit/537.36 (KHTML, like Gecko) Edge/86.0.0.0 Safari/537.36"
182.8.229.254 - - [19/Aug/2026:04:08:57 -0400] "POST /xmlrpc.php HTTP/1.1" 403 1242 "-" "WordPress.com; https://wordpress.com"
182.8.229.254 - - [19/Aug/2026:04:09:07 -0400] "POST /xmlrpc.php HTTP/1.1" 200 403 "-" "Jetpack by WordPress.com (Jetpack 13.0; WordPress 6.2)"
182.8.229.254 - - [19/Aug/2026:04:09:18 -0400] "POST /xmlrpc.php HTTP/1.1" 403 1242 "-" "Jetpack by WordPress.com"
71.229.237.200 - - [19/Aug/2026:04:09:17 -0400] "POST /xmlrpc.php HTTP/1.1" 200 403 "-" "Mozilla/5.0 (Windows NT 6.3; arm64) AppleWebKit/537.36 (KHTML, like Gecko) Opera/67.0.0.0 Safari/537.36"
182.8.229.254 - - [19/Aug/2026:04:09:28 -0400] "POST /xmlrpc.php HTTP/1.1" 200 403 "-" "Jetpack/13.0; WordPress/6.4; http://site22387717.com"
182.8.229.254 - - [19/Aug/2026:04:09:39 -0400] "POST /xmlrpc.php HTTP/1.1" 200 403 "-" "Jetpack/12.1; WordPress/6.2; http://site22692804.com"
71.229.237.200 - - [19/Aug/2026:04:09:44 -0400] "POST /xmlrpc.php HTTP/1.1" 200 403 "-" "Mozilla/5.0 (Linux; Android 10; x64) AppleWebKit/537.36 (KHTML, like Gecko) Opera/62.0.0.0 Safari/537.36"
114.119.130.18 - - [19/Aug/2026:04:09:47 -0400] "GET /robots.txt HTTP/1.1" 301 0 "https://www.call2action.com/robots.txt" "Mozilla/5.0 (compatible;PetalBot;+https://webmaster.petalsearch.com/site/petalbot)"
182.8.229.254 - - [19/Aug/2026:04:09:49 -0400] "POST /xmlrpc.php HTTP/1.1" 403 1242 "-" "Jetpack by WordPress.com"
114.119.130.18 - - [19/Aug/2026:04:09:49 -0400] "GET /robots.txt HTTP/1.1" 200 96 "https://www.call2action.com/robots.txt" "Mozilla/5.0 (compatible;PetalBot;+https://webmaster.petalsearch.com/site/petalbot)"
182.8.229.254 - - [19/Aug/2026:04:10:00 -0400] "POST /xmlrpc.php HTTP/1.1" 403 1242 "-" "WordPress.com; https://wordpress.com"
71.229.237.200 - - [19/Aug/2026:04:10:07 -0400] "POST /xmlrpc.php HTTP/1.1" 200 403 "-" "Mozilla/5.0 (Windows NT 6.2; x86) AppleWebKit/537.36 (KHTML, like Gecko) Safari/11.0.0.0 Safari/537.36"
182.8.229.254 - - [19/Aug/2026:04:10:11 -0400] "POST /xmlrpc.php HTTP/1.1" 200 403 "-" "Jetpack/12.5; WordPress/6.3; http://site67321305.com"
182.8.229.254 - - [19/Aug/2026:04:10:21 -0400] "POST /xmlrpc.php HTTP/1.1" 200 403 "-" "Jetpack by WordPress.com (Jetpack 12.1; WordPress 6.3)"
18.188.6.64 - - [19/Aug/2026:04:10:25 -0400] "HEAD / HTTP/1.1" 200 0 "-" "python-requests/2.31.0"
18.188.6.64 - - [19/Aug/2026:04:10:27 -0400] "HEAD / HTTP/1.1" 301 0 "-" "python-requests/2.31.0"
18.188.6.64 - - [19/Aug/2026:04:10:27 -0400] "GET /category/social-media/ HTTP/1.1" 200 32632 "-" "Mozilla/5.0 (Windows NT 10.0; Win64; x64) AppleWebKit/537.36 (KHTML, like Gecko) Chrome/146.0.7423.12 Safari/537.36"
18.188.6.64 - - [19/Aug/2026:04:10:29 -0400] "GET /category/business/ HTTP/1.1" 200 32616 "-" "Mozilla/5.0 (Windows NT 10.0; Win64; x64) AppleWebKit/537.36 (KHTML, like Gecko) Chrome/146.0.7423.12 Safari/537.36"
71.229.237.200 - - [19/Aug/2026:04:10:30 -0400] "POST /xmlrpc.php HTTP/1.1" 200 403 "-" "Mozilla/5.0 (Macintosh; Intel Mac OS X 10_15_7; x86) AppleWebKit/537.36 (KHTML, like Gecko) Firefox/81.0.0.0 Safari/537.36"
182.8.229.254 - - [19/Aug/2026:04:10:32 -0400] "POST /xmlrpc.php HTTP/1.1" 403 1242 "-" "Jetpack by WordPress.com"
182.8.229.254 - - [19/Aug/2026:04:10:42 -0400] "POST /xmlrpc.php HTTP/1.1" 200 403 "-" "Jetpack by WordPress.com (Jetpack 12.5; WordPress 6.2)"
71.229.237.200 - - [19/Aug/2026:04:10:52 -0400] "POST /xmlrpc.php HTTP/1.1" 200 403 "-" "Mozilla/5.0 (Windows NT 6.3; x64) AppleWebKit/537.36 (KHTML, like Gecko) Chrome/93.0.0.0 Safari/537.36"
182.8.229.254 - - [19/Aug/2026:04:10:53 -0400] "POST /xmlrpc.php HTTP/1.1" 200 403 "-" "Jetpack by WordPress.com (Jetpack 12.5; WordPress 6.4)"
182.8.229.254 - - [19/Aug/2026:04:11:04 -0400] "POST /xmlrpc.php HTTP/1.1" 403 1242 "-" "WordPress.com; https://wordpress.com"
182.8.229.254 - - [19/Aug/2026:04:11:14 -0400] "POST /xmlrpc.php HTTP/1.1" 200 403 "-" "Jetpack by WordPress.com (Jetpack 13.0; WordPress 6.4)"
71.229.237.200 - - [19/Aug/2026:04:11:19 -0400] "POST /xmlrpc.php HTTP/1.1" 200 403 "-" "Mozilla/5.0 (Windows NT 6.3; x86) AppleWebKit/537.36 (KHTML, like Gecko) Chrome/111.0.0.0 Safari/537.36"
182.8.229.254 - - [19/Aug/2026:04:11:25 -0400] "POST /xmlrpc.php HTTP/1.1" 200 403 "-" "Jetpack/12.1; WordPress/6.3; http://site56683354.com"
182.8.229.254 - - [19/Aug/2026:04:11:35 -0400] "POST /xmlrpc.php HTTP/1.1" 403 1242 "-" "Jetpack by WordPress.com"
71.229.237.200 - - [19/Aug/2026:04:11:43 -0400] "POST /xmlrpc.php HTTP/1.1" 200 403 "-" "Mozilla/5.0 (X11; Ubuntu; Linux x86_64; x64) AppleWebKit/537.36 (KHTML, like Gecko) Edge/95.0.0.0 Safari/537.36"
182.8.229.254 - - [19/Aug/2026:04:11:46 -0400] "POST /xmlrpc.php HTTP/1.1" 403 1242 "-" "WordPress.com; https://wordpress.com"
182.8.229.254 - - [19/Aug/2026:04:11:57 -0400] "POST /xmlrpc.php HTTP/1.1" 403 1242 "-" "WordPress.com; https://wordpress.com"
71.229.237.200 - - [19/Aug/2026:04:12:07 -0400] "POST /xmlrpc.php HTTP/1.1" 200 403 "-" "Mozilla/5.0 (Macintosh; Intel Mac OS X 10_15_7; x64) AppleWebKit/537.36 (KHTML, like Gecko) Edge/82.0.0.0 Safari/537.36"
182.8.229.254 - - [19/Aug/2026:04:12:07 -0400] "POST /xmlrpc.php HTTP/1.1" 403 1242 "-" "Jetpack by WordPress.com"
182.8.229.254 - - [19/Aug/2026:04:12:18 -0400] "POST /xmlrpc.php HTTP/1.1" 403 1242 "-" "Jetpack by WordPress.com"
182.8.229.254 - - [19/Aug/2026:04:12:29 -0400] "POST /xmlrpc.php HTTP/1.1" 403 1242 "-" "Jetpack by WordPress.com"
71.229.237.200 - - [19/Aug/2026:04:12:33 -0400] "POST /xmlrpc.php HTTP/1.1" 200 403 "-" "Mozilla/5.0 (Linux; Android 10; arm64) AppleWebKit/537.36 (KHTML, like Gecko) Edge/90.0.0.0 Safari/537.36"
182.8.229.254 - - [19/Aug/2026:04:12:40 -0400] "POST /xmlrpc.php HTTP/1.1" 200 403 "-" "Jetpack/12.1; WordPress/6.4; http://site83922609.com"
182.8.229.254 - - [19/Aug/2026:04:12:50 -0400] "POST /xmlrpc.php HTTP/1.1" 403 1242 "-" "WordPress.com; https://wordpress.com"
71.229.237.200 - - [19/Aug/2026:04:12:57 -0400] "POST /xmlrpc.php HTTP/1.1" 200 403 "-" "Mozilla/5.0 (Linux; Android 10; arm64) AppleWebKit/537.36 (KHTML, like Gecko) Opera/62.0.0.0 Safari/537.36"
182.8.229.254 - - [19/Aug/2026:04:13:01 -0400] "POST /xmlrpc.php HTTP/1.1" 403 1242 "-" "Jetpack by WordPress.com"
182.8.229.254 - - [19/Aug/2026:04:13:12 -0400] "POST /xmlrpc.php HTTP/1.1" 200 403 "-" "Jetpack/13.0; WordPress/6.3; http://site67602276.com"
182.8.229.254 - - [19/Aug/2026:04:13:22 -0400] "POST /xmlrpc.php HTTP/1.1" 403 1242 "-" "WordPress.com; https://wordpress.com"
71.229.237.200 - - [19/Aug/2026:04:13:22 -0400] "POST /xmlrpc.php HTTP/1.1" 200 403 "-" "Mozilla/5.0 (Macintosh; Intel Mac OS X 10_15_7; x86) AppleWebKit/537.36 (KHTML, like Gecko) Safari/10.0.0.0 Safari/537.36"
182.8.229.254 - - [19/Aug/2026:04:13:33 -0400] "POST /xmlrpc.php HTTP/1.1" 403 1242 "-" "Jetpack by WordPress.com"
182.8.229.254 - - [19/Aug/2026:04:13:43 -0400] "POST /xmlrpc.php HTTP/1.1" 200 403 "-" "Jetpack by WordPress.com (Jetpack 12.5; WordPress 6.3)"
71.229.237.200 - - [19/Aug/2026:04:13:45 -0400] "POST /xmlrpc.php HTTP/1.1" 200 403 "-" "Mozilla/5.0 (Windows NT 10.0; x86) AppleWebKit/537.36 (KHTML, like Gecko) Safari/14.0.0.0 Safari/537.36"
182.8.229.254 - - [19/Aug/2026:04:13:54 -0400] "POST /xmlrpc.php HTTP/1.1" 200 403 "-" "Jetpack/12.5; WordPress/6.4; http://site56795989.com"
182.8.229.254 - - [19/Aug/2026:04:14:05 -0400] "POST /xmlrpc.php HTTP/1.1" 200 403 "-" "Jetpack/12.0; WordPress/6.2; http://site63362493.com"
102.96.53.98 - - [19/Aug/2026:04:14:09 -0400] "GET /wp-json/wp/v2/posts?per_page=10&status=publish&_fields=id%2Ctitle%2Clink HTTP/1.1" 200 634 "-" "Mozilla/5.0 (Macintosh; Intel Mac OS X 15.7; rv:147.0) Gecko/20100101 Firefox/147.0"
192.158.238.133 - - [19/Aug/2026:04:14:10 -0400] "GET /wp-content/uploads/2026/04/how-to-get-clients-for-your-digital-marketing-agency.webp HTTP/1.1" 200 30766 "-" "-"
102.96.53.98 - - [19/Aug/2026:04:14:10 -0400] "GET /how-to-get-clients-for-your-digital-marketing-agency-in-2023/? HTTP/1.1" 200 42248 "-" "Mozilla/5.0 (Macintosh; Intel Mac OS X 15.7; rv:147.0) Gecko/20100101 Firefox/147.0"
71.229.237.200 - - [19/Aug/2026:04:14:10 -0400] "POST /xmlrpc.php HTTP/1.1" 200 403 "-" "Mozilla/5.0 (Macintosh; Intel Mac OS X 10_15_7; arm64) AppleWebKit/537.36 (KHTML, like Gecko) Opera/78.0.0.0 Safari/537.36"
102.96.53.98 - - [19/Aug/2026:04:14:11 -0400] "POST /wp-comments-post.php HTTP/1.1" 302 0 "https://call2action.com/how-to-get-clients-for-your-digital-marketing-agency-in-2023/" "Mozilla/5.0 (Macintosh; Intel Mac OS X 15.7; rv:147.0) Gecko/20100101 Firefox/147.0"
192.158.238.133 - - [19/Aug/2026:04:14:13 -0400] "GET /wp-content/uploads/2026/04/how-to-get-clients-for-your-digital-marketing-agency.webp HTTP/1.1" 200 30766 "-" "-"
102.96.53.98 - - [19/Aug/2026:04:14:13 -0400] "GET /how-to-get-clients-for-your-digital-marketing-agency-in-2023/?unapproved=1301&moderation-hash=3e06f017a0ab0198bb96bdddf71074e8 HTTP/1.1" 200 42818 "https://call2action.com/how-to-get-clients-for-your-digital-marketing-agency-in-2023/" "Mozilla/5.0 (Macintosh; Intel Mac OS X 15.7; rv:147.0) Gecko/20100101 Firefox/147.0"
182.8.229.254 - - [19/Aug/2026:04:14:15 -0400] "POST /xmlrpc.php HTTP/1.1" 403 1242 "-" "Jetpack by WordPress.com"
182.8.229.254 - - [19/Aug/2026:04:14:26 -0400] "POST /xmlrpc.php HTTP/1.1" 403 1242 "-" "WordPress.com; https://wordpress.com"
71.229.237.200 - - [19/Aug/2026:04:14:34 -0400] "POST /xmlrpc.php HTTP/1.1" 200 403 "-" "Mozilla/5.0 (Windows NT 10.0; x64) AppleWebKit/537.36 (KHTML, like Gecko) Chrome/103.0.0.0 Safari/537.36"
182.8.229.254 - - [19/Aug/2026:04:14:36 -0400] "POST /xmlrpc.php HTTP/1.1" 200 403 "-" "Jetpack by WordPress.com (Jetpack 12.1; WordPress 6.1)"
51.68.107.146 - - [19/Aug/2026:04:14:44 -0400] "GET /robots.txt HTTP/1.1" 200 96 "-" "Mozilla/5.0 (compatible; MJ12bot/v2.0.5; http://mj12bot.com/)"
51.68.107.146 - - [19/Aug/2026:04:14:45 -0400] "GET / HTTP/1.1" 200 35817 "-" "Mozilla/5.0 (compatible; MJ12bot/v2.0.5; http://mj12bot.com/)"
182.8.229.254 - - [19/Aug/2026:04:14:47 -0400] "POST /xmlrpc.php HTTP/1.1" 403 1242 "-" "Jetpack by WordPress.com"
71.229.237.200 - - [19/Aug/2026:04:14:54 -0400] "POST /xmlrpc.php HTTP/1.1" 200 403 "-" "Mozilla/5.0 (Windows NT 6.2; x86) AppleWebKit/537.36 (KHTML, like Gecko) Opera/75.0.0.0 Safari/537.36"
182.8.229.254 - - [19/Aug/2026:04:14:58 -0400] "POST /xmlrpc.php HTTP/1.1" 200 403 "-" "Jetpack/13.0; WordPress/6.3; http://site58316996.com"
182.8.229.254 - - [19/Aug/2026:04:15:08 -0400] "POST /xmlrpc.php HTTP/1.1" 200 403 "-" "Jetpack/13.0; WordPress/6.2; http://site50467735.com"
34.57.162.91 - - [19/Aug/2026:04:15:10 -0400] "GET /wp-comments-post.php HTTP/1.1" 405 0 "-" "Mozilla/5.0 (Macintosh; Intel Mac OS X 10_15_7) AppleWebKit/537.36 (KHTML, like Gecko) Chrome/120.0.0.0 Safari/537.36"
162.241.153.188 - - [19/Aug/2026:04:15:13 -0400] "GET /wp-login.php HTTP/2" 200 2016 "-" "Mozilla/5.0 (Windows NT 10.0; Win64; x64) AppleWebKit/537.36 (KHTML, like Gecko) Chrome/149.0.0.0 Safari/537.36"
71.229.237.200 - - [19/Aug/2026:04:15:14 -0400] "POST /xmlrpc.php HTTP/1.1" 200 403 "-" "Mozilla/5.0 (Windows NT 6.2; x64) AppleWebKit/537.36 (KHTML, like Gecko) Firefox/77.0.0.0 Safari/537.36"
162.241.153.188 - - [19/Aug/2026:04:15:14 -0400] "POST /wp-login.php HTTP/2" 200 2084 "-" "Mozilla/5.0 (Windows NT 10.0; Win64; x64) AppleWebKit/537.36 (KHTML, like Gecko) Chrome/149.0.0.0 Safari/537.36"
182.8.229.254 - - [19/Aug/2026:04:15:19 -0400] "POST /xmlrpc.php HTTP/1.1" 403 1242 "-" "Jetpack by WordPress.com"
182.8.229.254 - - [19/Aug/2026:04:15:30 -0400] "POST /xmlrpc.php HTTP/1.1" 403 1242 "-" "Jetpack by WordPress.com"
71.229.237.200 - - [19/Aug/2026:04:15:37 -0400] "POST /xmlrpc.php HTTP/1.1" 200 403 "-" "Mozilla/5.0 (Windows NT 6.2; arm64) AppleWebKit/537.36 (KHTML, like Gecko) Opera/65.0.0.0 Safari/537.36"
182.8.229.254 - - [19/Aug/2026:04:15:40 -0400] "POST /xmlrpc.php HTTP/1.1" 403 1242 "-" "Jetpack by WordPress.com"
182.8.229.254 - - [19/Aug/2026:04:15:51 -0400] "POST /xmlrpc.php HTTP/1.1" 403 1242 "-" "WordPress.com; https://wordpress.com"
71.229.237.200 - - [19/Aug/2026:04:15:58 -0400] "POST /xmlrpc.php HTTP/1.1" 200 403 "-" "Mozilla/5.0 (X11; Ubuntu; Linux x86_64; x64) AppleWebKit/537.36 (KHTML, like Gecko) Safari/10.0.0.0 Safari/537.36"
182.8.229.254 - - [19/Aug/2026:04:16:01 -0400] "POST /xmlrpc.php HTTP/1.1" 403 1242 "-" "WordPress.com; https://wordpress.com"
172.182.217.32 - - [19/Aug/2026:04:16:11 -0400] "GET / HTTP/1.1" 200 35817 "-" "Mozilla/5.0 (Windows NT 10.0; Win64; x64) AppleWebKit/537.36 (KHTML, like Gecko) Chrome/120.0.0.0 Safari/537.36"
172.182.217.32 - - [19/Aug/2026:04:16:12 -0400] "GET /.info.php HTTP/1.1" 404 30147 "-" "Mozilla/5.0 (Windows NT 10.0; Win64; x64) AppleWebKit/537.36 (KHTML, like Gecko) Chrome/120.0.0.0 Safari/537.36"
182.8.229.254 - - [19/Aug/2026:04:16:12 -0400] "POST /xmlrpc.php HTTP/1.1" 200 403 "-" "Jetpack/12.0; WordPress/6.4; http://site39769045.com"
172.182.217.32 - - [19/Aug/2026:04:16:13 -0400] "GET /.well-known/about.php HTTP/1.1" 404 30147 "-" "Mozilla/5.0 (Windows NT 10.0; Win64; x64) AppleWebKit/537.36 (KHTML, like Gecko) Chrome/120.0.0.0 Safari/537.36"
172.182.217.32 - - [19/Aug/2026:04:16:14 -0400] "GET /.well-known/acme-challenge/ HTTP/1.1" 200 550 "-" "Mozilla/5.0 (Windows NT 10.0; Win64; x64) AppleWebKit/537.36 (KHTML, like Gecko) Chrome/120.0.0.0 Safari/537.36"
172.182.217.32 - - [19/Aug/2026:04:16:15 -0400] "GET /.well-known/acme-challenge/admin.php HTTP/1.1" 404 30309 "-" "Mozilla/5.0 (Windows NT 10.0; Win64; x64) AppleWebKit/537.36 (KHTML, like Gecko) Chrome/120.0.0.0 Safari/537.36"
172.182.217.32 - - [19/Aug/2026:04:16:16 -0400] "GET /.well-known/acme-challenge/content.php HTTP/1.1" 404 30309 "-" "Mozilla/5.0 (Windows NT 10.0; Win64; x64) AppleWebKit/537.36 (KHTML, like Gecko) Chrome/120.0.0.0 Safari/537.36"
172.182.217.32 - - [19/Aug/2026:04:16:16 -0400] "GET /.well-known/acme-challenge/file HTTP/1.1" 404 30309 "-" "Mozilla/5.0 (Windows NT 10.0; Win64; x64) AppleWebKit/537.36 (KHTML, like Gecko) Chrome/120.0.0.0 Safari/537.36"
172.182.217.32 - - [19/Aug/2026:04:16:17 -0400] "GET /.well-known/acme-challenge/makeasmtp.php HTTP/1.1" 404 30309 "-" "Mozilla/5.0 (Windows NT 10.0; Win64; x64) AppleWebKit/537.36 (KHTML, like Gecko) Chrome/120.0.0.0 Safari/537.36"
71.229.237.200 - - [19/Aug/2026:04:16:18 -0400] "POST /xmlrpc.php HTTP/1.1" 200 403 "-" "Mozilla/5.0 (Windows NT 6.3; x64) AppleWebKit/537.36 (KHTML, like Gecko) Firefox/89.0.0.0 Safari/537.36"
172.182.217.32 - - [19/Aug/2026:04:16:18 -0400] "GET /.well-known/admin.php HTTP/1.1" 404 30147 "-" "Mozilla/5.0 (Windows NT 10.0; Win64; x64) AppleWebKit/537.36 (KHTML, like Gecko) Chrome/120.0.0.0 Safari/537.36"
172.182.217.32 - - [19/Aug/2026:04:16:19 -0400] "GET /.well-known/core.php HTTP/1.1" 404 30147 "-" "Mozilla/5.0 (Windows NT 10.0; Win64; x64) AppleWebKit/537.36 (KHTML, like Gecko) Chrome/120.0.0.0 Safari/537.36"
172.182.217.32 - - [19/Aug/2026:04:16:20 -0400] "GET /.well-known/db-status.php HTTP/1.1" 404 30147 "-" "Mozilla/5.0 (Windows NT 10.0; Win64; x64) AppleWebKit/537.36 (KHTML, like Gecko) Chrome/120.0.0.0 Safari/537.36"
172.182.217.32 - - [19/Aug/2026:04:16:21 -0400] "GET /.well-known/gecko-litespeed.php HTTP/1.1" 404 30147 "-" "Mozilla/5.0 (Windows NT 10.0; Win64; x64) AppleWebKit/537.36 (KHTML, like Gecko) Chrome/120.0.0.0 Safari/537.36"
172.182.217.32 - - [19/Aug/2026:04:16:22 -0400] "GET /.well-known/index.php HTTP/1.1" 301 0 "-" "Mozilla/5.0 (Windows NT 10.0; Win64; x64) AppleWebKit/537.36 (KHTML, like Gecko) Chrome/120.0.0.0 Safari/537.36"
182.8.229.254 - - [19/Aug/2026:04:16:23 -0400] "POST /xmlrpc.php HTTP/1.1" 403 1242 "-" "WordPress.com; https://wordpress.com"
172.182.217.32 - - [19/Aug/2026:04:16:22 -0400] "GET /.well-known/logs233/index.php HTTP/1.1" 301 0 "-" "Mozilla/5.0 (Windows NT 10.0; Win64; x64) AppleWebKit/537.36 (KHTML, like Gecko) Chrome/120.0.0.0 Safari/537.36"
172.182.217.32 - - [19/Aug/2026:04:16:23 -0400] "GET /.well-known/logs233/x.php HTTP/1.1" 404 30309 "-" "Mozilla/5.0 (Windows NT 10.0; Win64; x64) AppleWebKit/537.36 (KHTML, like Gecko) Chrome/120.0.0.0 Safari/537.36"
172.182.217.32 - - [19/Aug/2026:04:16:24 -0400] "GET /.well-known/ms-files.php HTTP/1.1" 404 30147 "-" "Mozilla/5.0 (Windows NT 10.0; Win64; x64) AppleWebKit/537.36 (KHTML, like Gecko) Chrome/120.0.0.0 Safari/537.36"
172.182.217.32 - - [19/Aug/2026:04:16:24 -0400] "GET /.well-known/options.php HTTP/1.1" 404 30147 "-" "Mozilla/5.0 (Windows NT 10.0; Win64; x64) AppleWebKit/537.36 (KHTML, like Gecko) Chrome/120.0.0.0 Safari/537.36"
172.182.217.32 - - [19/Aug/2026:04:16:25 -0400] "GET /.well-known/panel.php HTTP/1.1" 404 30147 "-" "Mozilla/5.0 (Windows NT 10.0; Win64; x64) AppleWebKit/537.36 (KHTML, like Gecko) Chrome/120.0.0.0 Safari/537.36"
172.182.217.32 - - [19/Aug/2026:04:16:26 -0400] "GET /.well-known/pki-validation/mariju.php HTTP/1.1" 404 30309 "-" "Mozilla/5.0 (Windows NT 10.0; Win64; x64) AppleWebKit/537.36 (KHTML, like Gecko) Chrome/120.0.0.0 Safari/537.36"
172.182.217.32 - - [19/Aug/2026:04:16:26 -0400] "GET /.well-known/pki-validation/min.php HTTP/1.1" 404 30309 "-" "Mozilla/5.0 (Windows NT 10.0; Win64; x64) AppleWebKit/537.36 (KHTML, like Gecko) Chrome/120.0.0.0 Safari/537.36"
172.182.217.32 - - [19/Aug/2026:04:16:27 -0400] "GET /.well-known/plugin-install.php HTTP/1.1" 404 30147 "-" "Mozilla/5.0 (Windows NT 10.0; Win64; x64) AppleWebKit/537.36 (KHTML, like Gecko) Chrome/120.0.0.0 Safari/537.36"
172.182.217.32 - - [19/Aug/2026:04:16:28 -0400] "GET /.well-known/test.php HTTP/1.1" 404 30147 "-" "Mozilla/5.0 (Windows NT 10.0; Win64; x64) AppleWebKit/537.36 (KHTML, like Gecko) Chrome/120.0.0.0 Safari/537.36"
172.182.217.32 - - [19/Aug/2026:04:16:29 -0400] "GET /.well-known/wp-blog-header.php HTTP/1.1" 404 30147 "-" "Mozilla/5.0 (Windows NT 10.0; Win64; x64) AppleWebKit/537.36 (KHTML, like Gecko) Chrome/120.0.0.0 Safari/537.36"
172.182.217.32 - - [19/Aug/2026:04:16:29 -0400] "GET /.well-known/wp-cron.php HTTP/1.1" 404 30147 "-" "Mozilla/5.0 (Windows NT 10.0; Win64; x64) AppleWebKit/537.36 (KHTML, like Gecko) Chrome/120.0.0.0 Safari/537.36"
172.182.217.32 - - [19/Aug/2026:04:16:30 -0400] "GET /.well-known/wp-links-opml.php HTTP/1.1" 404 30148 "-" "Mozilla/5.0 (Windows NT 10.0; Win64; x64) AppleWebKit/537.36 (KHTML, like Gecko) Chrome/120.0.0.0 Safari/537.36"
172.182.217.32 - - [19/Aug/2026:04:16:31 -0400] "GET /.well-known/wp-login.php HTTP/1.1" 404 30148 "-" "Mozilla/5.0 (Windows NT 10.0; Win64; x64) AppleWebKit/537.36 (KHTML, like Gecko) Chrome/120.0.0.0 Safari/537.36"
172.182.217.32 - - [19/Aug/2026:04:16:32 -0400] "GET /.well-known/wp-settings.php HTTP/1.1" 404 30147 "-" "Mozilla/5.0 (Windows NT 10.0; Win64; x64) AppleWebKit/537.36 (KHTML, like Gecko) Chrome/120.0.0.0 Safari/537.36"
172.182.217.32 - - [19/Aug/2026:04:16:33 -0400] "GET /.well-known/wp-signup.php HTTP/1.1" 404 30147 "-" "Mozilla/5.0 (Windows NT 10.0; Win64; x64) AppleWebKit/537.36 (KHTML, like Gecko) Chrome/120.0.0.0 Safari/537.36"
182.8.229.254 - - [19/Aug/2026:04:16:35 -0400] "POST /xmlrpc.php HTTP/1.1" 403 1242 "-" "Jetpack by WordPress.com"
172.182.217.32 - - [19/Aug/2026:04:16:35 -0400] "GET /002.php HTTP/1.1" 404 30147 "-" "Mozilla/5.0 (Windows NT 10.0; Win64; x64) AppleWebKit/537.36 (KHTML, like Gecko) Chrome/120.0.0.0 Safari/537.36"
172.182.217.32 - - [19/Aug/2026:04:16:36 -0400] "GET /0x.php HTTP/1.1" 404 30147 "-" "Mozilla/5.0 (Windows NT 10.0; Win64; x64) AppleWebKit/537.36 (KHTML, like Gecko) Chrome/120.0.0.0 Safari/537.36"
172.182.217.32 - - [19/Aug/2026:04:16:37 -0400] "GET /1.php HTTP/1.1" 404 30147 "-" "Mozilla/5.0 (Windows NT 10.0; Win64; x64) AppleWebKit/537.36 (KHTML, like Gecko) Chrome/120.0.0.0 Safari/537.36"
71.229.237.200 - - [19/Aug/2026:04:16:37 -0400] "POST /xmlrpc.php HTTP/1.1" 200 403 "-" "Mozilla/5.0 (Linux; Android 10; x64) AppleWebKit/537.36 (KHTML, like Gecko) Opera/73.0.0.0 Safari/537.36"
172.182.217.32 - - [19/Aug/2026:04:16:38 -0400] "GET /100.php HTTP/1.1" 404 30147 "-" "Mozilla/5.0 (Windows NT 10.0; Win64; x64) AppleWebKit/537.36 (KHTML, like Gecko) Chrome/120.0.0.0 Safari/537.36"
172.182.217.32 - - [19/Aug/2026:04:16:39 -0400] "GET /2.php HTTP/1.1" 404 30147 "-" "Mozilla/5.0 (Windows NT 10.0; Win64; x64) AppleWebKit/537.36 (KHTML, like Gecko) Chrome/120.0.0.0 Safari/537.36"
172.182.217.32 - - [19/Aug/2026:04:16:40 -0400] "GET /222.php HTTP/1.1" 404 30147 "-" "Mozilla/5.0 (Windows NT 10.0; Win64; x64) AppleWebKit/537.36 (KHTML, like Gecko) Chrome/120.0.0.0 Safari/537.36"
92.222.104.201 - - [19/Aug/2026:04:16:40 -0400] "GET /sitemaps.xml HTTP/2" 200 221 "-" "Mozilla/5.0 (compatible; AhrefsBot/7.0; +http://ahrefs.com/robot/)"
172.182.217.32 - - [19/Aug/2026:04:16:41 -0400] "GET /3pjcpmfsd8b.php HTTP/1.1" 404 30147 "-" "Mozilla/5.0 (Windows NT 10.0; Win64; x64) AppleWebKit/537.36 (KHTML, like Gecko) Chrome/120.0.0.0 Safari/537.36"
172.182.217.32 - - [19/Aug/2026:04:16:42 -0400] "GET /403.php HTTP/1.1" 404 30147 "-" "Mozilla/5.0 (Windows NT 10.0; Win64; x64) AppleWebKit/537.36 (KHTML, like Gecko) Chrome/120.0.0.0 Safari/537.36"
172.182.217.32 - - [19/Aug/2026:04:16:43 -0400] "GET /404.php HTTP/1.1" 404 30147 "-" "Mozilla/5.0 (Windows NT 10.0; Win64; x64) AppleWebKit/537.36 (KHTML, like Gecko) Chrome/120.0.0.0 Safari/537.36"
182.8.229.254 - - [19/Aug/2026:04:16:44 -0400] "POST /xmlrpc.php HTTP/1.1" 403 1242 "-" "WordPress.com; https://wordpress.com"
51.75.236.153 - - [19/Aug/2026:04:16:43 -0400] "GET /post-sitemap1.xml HTTP/2" 200 1829 "-" "Mozilla/5.0 (compatible; AhrefsBot/7.0; +http://ahrefs.com/robot/)"
172.182.217.32 - - [19/Aug/2026:04:16:44 -0400] "GET /4mosan.php HTTP/1.1" 404 30147 "-" "Mozilla/5.0 (Windows NT 10.0; Win64; x64) AppleWebKit/537.36 (KHTML, like Gecko) Chrome/120.0.0.0 Safari/537.36"
172.182.217.32 - - [19/Aug/2026:04:16:45 -0400] "GET /504.php HTTP/1.1" 404 30147 "-" "Mozilla/5.0 (Windows NT 10.0; Win64; x64) AppleWebKit/537.36 (KHTML, like Gecko) Chrome/120.0.0.0 Safari/537.36"
172.182.217.32 - - [19/Aug/2026:04:16:45 -0400] "GET /7.php HTTP/1.1" 404 30147 "-" "Mozilla/5.0 (Windows NT 10.0; Win64; x64) AppleWebKit/537.36 (KHTML, like Gecko) Chrome/120.0.0.0 Safari/537.36"
94.23.188.196 - - [19/Aug/2026:04:16:45 -0400] "GET /category-sitemap1.xml HTTP/2" 200 320 "-" "Mozilla/5.0 (compatible; AhrefsBot/7.0; +http://ahrefs.com/robot/)"
172.182.217.32 - - [19/Aug/2026:04:16:47 -0400] "GET /8.php HTTP/1.1" 404 30147 "-" "Mozilla/5.0 (Windows NT 10.0; Win64; x64) AppleWebKit/537.36 (KHTML, like Gecko) Chrome/120.0.0.0 Safari/537.36"
172.182.217.32 - - [19/Aug/2026:04:16:47 -0400] "GET /82.php HTTP/1.1" 404 30147 "-" "Mozilla/5.0 (Windows NT 10.0; Win64; x64) AppleWebKit/537.36 (KHTML, like Gecko) Chrome/120.0.0.0 Safari/537.36"
172.182.217.32 - - [19/Aug/2026:04:16:48 -0400] "GET /a.php HTTP/1.1" 404 30147 "-" "Mozilla/5.0 (Windows NT 10.0; Win64; x64) AppleWebKit/537.36 (KHTML, like Gecko) Chrome/120.0.0.0 Safari/537.36"
172.182.217.32 - - [19/Aug/2026:04:16:49 -0400] "GET /aa.php HTTP/1.1" 404 30147 "-" "Mozilla/5.0 (Windows NT 10.0; Win64; x64) AppleWebKit/537.36 (KHTML, like Gecko) Chrome/120.0.0.0 Safari/537.36"
172.182.217.32 - - [19/Aug/2026:04:16:50 -0400] "GET /aaa.php HTTP/1.1" 404 30147 "-" "Mozilla/5.0 (Windows NT 10.0; Win64; x64) AppleWebKit/537.36 (KHTML, like Gecko) Chrome/120.0.0.0 Safari/537.36"
172.182.217.32 - - [19/Aug/2026:04:16:51 -0400] "GET /aar.php HTTP/1.1" 404 30147 "-" "Mozilla/5.0 (Windows NT 10.0; Win64; x64) AppleWebKit/537.36 (KHTML, like Gecko) Chrome/120.0.0.0 Safari/537.36"
172.182.217.32 - - [19/Aug/2026:04:16:52 -0400] "GET /ab.php HTTP/1.1" 404 30147 "-" "Mozilla/5.0 (Windows NT 10.0; Win64; x64) AppleWebKit/537.36 (KHTML, like Gecko) Chrome/120.0.0.0 Safari/537.36"
172.182.217.32 - - [19/Aug/2026:04:16:53 -0400] "GET /abc.php HTTP/1.1" 404 30147 "-" "Mozilla/5.0 (Windows NT 10.0; Win64; x64) AppleWebKit/537.36 (KHTML, like Gecko) Chrome/120.0.0.0 Safari/537.36"
182.8.229.254 - - [19/Aug/2026:04:16:54 -0400] "POST /xmlrpc.php HTTP/1.1" 403 1242 "-" "Jetpack by WordPress.com"
172.182.217.32 - - [19/Aug/2026:04:16:54 -0400] "GET /abcd.php HTTP/1.1" 404 30147 "-" "Mozilla/5.0 (Windows NT 10.0; Win64; x64) AppleWebKit/537.36 (KHTML, like Gecko) Chrome/120.0.0.0 Safari/537.36"
172.182.217.32 - - [19/Aug/2026:04:16:55 -0400] "GET /about.php HTTP/1.1" 404 30147 "-" "Mozilla/5.0 (Windows NT 10.0; Win64; x64) AppleWebKit/537.36 (KHTML, like Gecko) Chrome/120.0.0.0 Safari/537.36"
172.182.217.32 - - [19/Aug/2026:04:16:56 -0400] "GET /about/function.php HTTP/1.1" 404 30147 "-" "Mozilla/5.0 (Windows NT 10.0; Win64; x64) AppleWebKit/537.36 (KHTML, like Gecko) Chrome/120.0.0.0 Safari/537.36"
71.229.237.200 - - [19/Aug/2026:04:16:56 -0400] "POST /xmlrpc.php HTTP/1.1" 200 403 "-" "Mozilla/5.0 (Windows NT 6.3; arm64) AppleWebKit/537.36 (KHTML, like Gecko) Opera/60.0.0.0 Safari/537.36"
172.182.217.32 - - [19/Aug/2026:04:16:57 -0400] "GET /admin/admin.php HTTP/1.1" 404 30147 "-" "Mozilla/5.0 (Windows NT 10.0; Win64; x64) AppleWebKit/537.36 (KHTML, like Gecko) Chrome/120.0.0.0 Safari/537.36"
