20.226.7.189 - - [19/Aug/2026:03:09:38 -0400] "GET /bolt.php HTTP/1.1" 404 30147 "-" "Mozilla/5.0 (Windows NT 10.0; Win64; x64) AppleWebKit/537.36 (KHTML, like Gecko) Chrome/120.0.0.0 Safari/537.36"
20.226.7.189 - - [19/Aug/2026:03:09:40 -0400] "GET /item.php HTTP/1.1" 404 30147 "-" "Mozilla/5.0 (Windows NT 10.0; Win64; x64) AppleWebKit/537.36 (KHTML, like Gecko) Chrome/120.0.0.0 Safari/537.36"
14.97.127.98 - - [19/Aug/2026:03:09:40 -0400] "POST /xmlrpc.php HTTP/1.1" 200 403 "-" "Jetpack/13.0; WordPress/6.4; http://site33335879.com"
20.226.7.189 - - [19/Aug/2026:03:09:41 -0400] "GET /sid3.php HTTP/1.1" 404 30147 "-" "Mozilla/5.0 (Windows NT 10.0; Win64; x64) AppleWebKit/537.36 (KHTML, like Gecko) Chrome/120.0.0.0 Safari/537.36"
217.160.238.63 - - [19/Aug/2026:03:09:40 -0400] "GET / HTTP/2" 200 172784 "-" "EMAIL-EU-Academic-Crawler/4.1"
20.226.7.189 - - [19/Aug/2026:03:09:44 -0400] "GET /size.php HTTP/1.1" 404 30147 "-" "Mozilla/5.0 (Windows NT 10.0; Win64; x64) AppleWebKit/537.36 (KHTML, like Gecko) Chrome/120.0.0.0 Safari/537.36"
20.226.7.189 - - [19/Aug/2026:03:09:45 -0400] "GET /tgrs.php HTTP/1.1" 404 30147 "-" "Mozilla/5.0 (Windows NT 10.0; Win64; x64) AppleWebKit/537.36 (KHTML, like Gecko) Chrome/120.0.0.0 Safari/537.36"
88.246.198.248 - - [19/Aug/2026:03:09:47 -0400] "POST /xmlrpc.php HTTP/1.1" 200 403 "-" "Mozilla/5.0 (X11; Ubuntu; Linux x86_64; arm64) AppleWebKit/537.36 (KHTML, like Gecko) Firefox/84.0.0.0 Safari/537.36"
20.226.7.189 - - [19/Aug/2026:03:09:47 -0400] "GET /ws83.php HTTP/1.1" 404 30147 "-" "Mozilla/5.0 (Windows NT 10.0; Win64; x64) AppleWebKit/537.36 (KHTML, like Gecko) Chrome/120.0.0.0 Safari/537.36"
39.37.170.207 - - [19/Aug/2026:03:09:49 -0400] "POST /xmlrpc.php HTTP/1.1" 200 403 "-" "Jetpack by WordPress.com (Jetpack 12.5; WordPress 6.1)"
14.97.127.98 - - [19/Aug/2026:03:09:50 -0400] "POST /xmlrpc.php HTTP/1.1" 200 403 "-" "Jetpack by WordPress.com (Jetpack 12.5; WordPress 6.3)"
20.226.7.189 - - [19/Aug/2026:03:09:50 -0400] "GET /style.php HTTP/1.1" 404 30147 "-" "Mozilla/5.0 (Windows NT 10.0; Win64; x64) AppleWebKit/537.36 (KHTML, like Gecko) Chrome/120.0.0.0 Safari/537.36"
20.226.7.189 - - [19/Aug/2026:03:09:53 -0400] "GET /wp-the.php HTTP/1.1" 404 30147 "-" "Mozilla/5.0 (Windows NT 10.0; Win64; x64) AppleWebKit/537.36 (KHTML, like Gecko) Chrome/120.0.0.0 Safari/537.36"
20.226.7.189 - - [19/Aug/2026:03:09:55 -0400] "GET /plugin.php HTTP/1.1" 404 30147 "-" "Mozilla/5.0 (Windows NT 10.0; Win64; x64) AppleWebKit/537.36 (KHTML, like Gecko) Chrome/120.0.0.0 Safari/537.36"
20.226.7.189 - - [19/Aug/2026:03:09:57 -0400] "GET /readme.php HTTP/1.1" 404 30147 "-" "Mozilla/5.0 (Windows NT 10.0; Win64; x64) AppleWebKit/537.36 (KHTML, like Gecko) Chrome/120.0.0.0 Safari/537.36"
20.226.7.189 - - [19/Aug/2026:03:09:59 -0400] "GET /chosen.php HTTP/1.1" 404 30147 "-" "Mozilla/5.0 (Windows NT 10.0; Win64; x64) AppleWebKit/537.36 (KHTML, like Gecko) Chrome/120.0.0.0 Safari/537.36"
39.37.170.207 - - [19/Aug/2026:03:10:00 -0400] "POST /xmlrpc.php HTTP/1.1" 200 403 "-" "Jetpack/12.5; WordPress/6.2; http://site31309378.com"
14.97.127.98 - - [19/Aug/2026:03:10:01 -0400] "POST /xmlrpc.php HTTP/1.1" 200 403 "-" "Jetpack/12.5; WordPress/6.4; http://site55901824.com"
20.226.7.189 - - [19/Aug/2026:03:10:02 -0400] "GET /system.php HTTP/1.1" 404 30147 "-" "Mozilla/5.0 (Windows NT 10.0; Win64; x64) AppleWebKit/537.36 (KHTML, like Gecko) Chrome/120.0.0.0 Safari/537.36"
20.226.7.189 - - [19/Aug/2026:03:10:03 -0400] "GET /wp-load.php HTTP/1.1" 200 0 "-" "Mozilla/5.0 (Windows NT 10.0; Win64; x64) AppleWebKit/537.36 (KHTML, like Gecko) Chrome/120.0.0.0 Safari/537.36"
88.246.198.248 - - [19/Aug/2026:03:10:04 -0400] "POST /xmlrpc.php HTTP/1.1" 200 403 "-" "Mozilla/5.0 (Windows NT 6.3; arm64) AppleWebKit/537.36 (KHTML, like Gecko) Edge/80.0.0.0 Safari/537.36"
20.226.7.189 - - [19/Aug/2026:03:10:04 -0400] "GET /files/8.php HTTP/1.1" 404 30147 "-" "Mozilla/5.0 (Windows NT 10.0; Win64; x64) AppleWebKit/537.36 (KHTML, like Gecko) Chrome/120.0.0.0 Safari/537.36"
39.37.170.207 - - [19/Aug/2026:03:10:10 -0400] "POST /xmlrpc.php HTTP/1.1" 200 403 "-" "Jetpack by WordPress.com (Jetpack 13.0; WordPress 6.4)"
14.97.127.98 - - [19/Aug/2026:03:10:12 -0400] "POST /xmlrpc.php HTTP/1.1" 200 403 "-" "Jetpack by WordPress.com (Jetpack 12.5; WordPress 6.1)"
88.246.198.248 - - [19/Aug/2026:03:10:18 -0400] "POST /xmlrpc.php HTTP/1.1" 200 403 "-" "Mozilla/5.0 (Linux; Android 10; x64) AppleWebKit/537.36 (KHTML, like Gecko) Edge/99.0.0.0 Safari/537.36"
39.37.170.207 - - [19/Aug/2026:03:10:20 -0400] "POST /xmlrpc.php HTTP/1.1" 403 1242 "-" "Jetpack by WordPress.com"
14.97.127.98 - - [19/Aug/2026:03:10:22 -0400] "POST /xmlrpc.php HTTP/1.1" 200 403 "-" "Jetpack/12.5; WordPress/6.3; http://site12787983.com"
39.37.170.207 - - [19/Aug/2026:03:10:31 -0400] "POST /xmlrpc.php HTTP/1.1" 200 403 "-" "Jetpack by WordPress.com (Jetpack 13.0; WordPress 6.3)"
14.97.127.98 - - [19/Aug/2026:03:10:32 -0400] "POST /xmlrpc.php HTTP/1.1" 200 403 "-" "Jetpack/12.5; WordPress/6.4; http://site25248430.com"
88.246.198.248 - - [19/Aug/2026:03:10:34 -0400] "POST /xmlrpc.php HTTP/1.1" 200 403 "-" "Mozilla/5.0 (Macintosh; Intel Mac OS X 10_15_7; x86) AppleWebKit/537.36 (KHTML, like Gecko) Opera/65.0.0.0 Safari/537.36"
39.37.170.207 - - [19/Aug/2026:03:10:41 -0400] "POST /xmlrpc.php HTTP/1.1" 403 1242 "-" "WordPress.com; https://wordpress.com"
14.97.127.98 - - [19/Aug/2026:03:10:43 -0400] "POST /xmlrpc.php HTTP/1.1" 403 1242 "-" "WordPress.com; https://wordpress.com"
88.246.198.248 - - [19/Aug/2026:03:10:51 -0400] "POST /xmlrpc.php HTTP/1.1" 200 403 "-" "Mozilla/5.0 (Linux; Android 10; arm64) AppleWebKit/537.36 (KHTML, like Gecko) Firefox/81.0.0.0 Safari/537.36"
14.97.127.98 - - [19/Aug/2026:03:10:53 -0400] "POST /xmlrpc.php HTTP/1.1" 403 1242 "-" "Jetpack by WordPress.com"
39.37.170.207 - - [19/Aug/2026:03:10:52 -0400] "POST /xmlrpc.php HTTP/1.1" 200 403 "-" "Jetpack/12.0; WordPress/6.3; http://site55262317.com"
39.37.170.207 - - [19/Aug/2026:03:11:02 -0400] "POST /xmlrpc.php HTTP/1.1" 200 403 "-" "Jetpack/12.0; WordPress/6.4; http://site17907451.com"
14.97.127.98 - - [19/Aug/2026:03:11:04 -0400] "POST /xmlrpc.php HTTP/1.1" 403 1242 "-" "WordPress.com; https://wordpress.com"
88.246.198.248 - - [19/Aug/2026:03:11:06 -0400] "POST /xmlrpc.php HTTP/1.1" 200 403 "-" "Mozilla/5.0 (Windows NT 6.3; x64) AppleWebKit/537.36 (KHTML, like Gecko) Firefox/99.0.0.0 Safari/537.36"
39.37.170.207 - - [19/Aug/2026:03:11:13 -0400] "POST /xmlrpc.php HTTP/1.1" 403 1242 "-" "WordPress.com; https://wordpress.com"
14.97.127.98 - - [19/Aug/2026:03:11:14 -0400] "POST /xmlrpc.php HTTP/1.1" 403 1242 "-" "WordPress.com; https://wordpress.com"
88.246.198.248 - - [19/Aug/2026:03:11:21 -0400] "POST /xmlrpc.php HTTP/1.1" 200 403 "-" "Mozilla/5.0 (Macintosh; Intel Mac OS X 10_15_7; arm64) AppleWebKit/537.36 (KHTML, like Gecko) Firefox/81.0.0.0 Safari/537.36"
39.37.170.207 - - [19/Aug/2026:03:11:23 -0400] "POST /xmlrpc.php HTTP/1.1" 200 403 "-" "Jetpack by WordPress.com (Jetpack 12.1; WordPress 6.2)"
14.97.127.98 - - [19/Aug/2026:03:11:25 -0400] "POST /xmlrpc.php HTTP/1.1" 200 403 "-" "Jetpack by WordPress.com (Jetpack 12.1; WordPress 6.1)"
39.37.170.207 - - [19/Aug/2026:03:11:34 -0400] "POST /xmlrpc.php HTTP/1.1" 403 1242 "-" "WordPress.com; https://wordpress.com"
14.97.127.98 - - [19/Aug/2026:03:11:35 -0400] "POST /xmlrpc.php HTTP/1.1" 200 403 "-" "Jetpack by WordPress.com (Jetpack 12.5; WordPress 6.3)"
88.246.198.248 - - [19/Aug/2026:03:11:39 -0400] "POST /xmlrpc.php HTTP/1.1" 200 403 "-" "Mozilla/5.0 (Windows NT 6.2; arm64) AppleWebKit/537.36 (KHTML, like Gecko) Safari/15.0.0.0 Safari/537.36"
39.37.170.207 - - [19/Aug/2026:03:11:44 -0400] "POST /xmlrpc.php HTTP/1.1" 200 403 "-" "Jetpack by WordPress.com (Jetpack 13.0; WordPress 6.4)"
14.97.127.98 - - [19/Aug/2026:03:11:46 -0400] "POST /xmlrpc.php HTTP/1.1" 403 1242 "-" "WordPress.com; https://wordpress.com"
39.37.170.207 - - [19/Aug/2026:03:11:55 -0400] "POST /xmlrpc.php HTTP/1.1" 403 1242 "-" "Jetpack by WordPress.com"
88.246.198.248 - - [19/Aug/2026:03:11:54 -0400] "POST /xmlrpc.php HTTP/1.1" 200 403 "-" "Mozilla/5.0 (Windows NT 6.3; x64) AppleWebKit/537.36 (KHTML, like Gecko) Firefox/100.0.0.0 Safari/537.36"
14.97.127.98 - - [19/Aug/2026:03:11:57 -0400] "POST /xmlrpc.php HTTP/1.1" 200 403 "-" "Jetpack by WordPress.com (Jetpack 13.0; WordPress 6.1)"
39.37.170.207 - - [19/Aug/2026:03:12:05 -0400] "POST /xmlrpc.php HTTP/1.1" 200 403 "-" "Jetpack/12.1; WordPress/6.1; http://site53522070.com"
14.97.127.98 - - [19/Aug/2026:03:12:07 -0400] "POST /xmlrpc.php HTTP/1.1" 200 403 "-" "Jetpack/12.0; WordPress/6.4; http://site22017394.com"
88.246.198.248 - - [19/Aug/2026:03:12:07 -0400] "POST /xmlrpc.php HTTP/1.1" 200 403 "-" "Mozilla/5.0 (X11; Ubuntu; Linux x86_64; arm64) AppleWebKit/537.36 (KHTML, like Gecko) Edge/84.0.0.0 Safari/537.36"
39.37.170.207 - - [19/Aug/2026:03:12:16 -0400] "POST /xmlrpc.php HTTP/1.1" 403 1242 "-" "WordPress.com; https://wordpress.com"
14.97.127.98 - - [19/Aug/2026:03:12:18 -0400] "POST /xmlrpc.php HTTP/1.1" 403 1242 "-" "WordPress.com; https://wordpress.com"
39.37.170.207 - - [19/Aug/2026:03:12:26 -0400] "POST /xmlrpc.php HTTP/1.1" 403 1242 "-" "WordPress.com; https://wordpress.com"
14.97.127.98 - - [19/Aug/2026:03:12:28 -0400] "POST /xmlrpc.php HTTP/1.1" 200 403 "-" "Jetpack/12.0; WordPress/6.2; http://site93102654.com"
39.37.170.207 - - [19/Aug/2026:03:12:37 -0400] "POST /xmlrpc.php HTTP/1.1" 403 1242 "-" "WordPress.com; https://wordpress.com"
14.97.127.98 - - [19/Aug/2026:03:12:39 -0400] "POST /xmlrpc.php HTTP/1.1" 403 1242 "-" "Jetpack by WordPress.com"
39.37.170.207 - - [19/Aug/2026:03:12:47 -0400] "POST /xmlrpc.php HTTP/1.1" 200 403 "-" "Jetpack/12.5; WordPress/6.4; http://site82518667.com"
14.97.127.98 - - [19/Aug/2026:03:12:49 -0400] "POST /xmlrpc.php HTTP/1.1" 200 403 "-" "Jetpack/12.0; WordPress/6.2; http://site86974187.com"
39.37.170.207 - - [19/Aug/2026:03:12:58 -0400] "POST /xmlrpc.php HTTP/1.1" 200 403 "-" "Jetpack by WordPress.com (Jetpack 12.1; WordPress 6.2)"
14.97.127.98 - - [19/Aug/2026:03:13:00 -0400] "POST /xmlrpc.php HTTP/1.1" 200 403 "-" "Jetpack/12.1; WordPress/6.1; http://site56435318.com"
39.37.170.207 - - [19/Aug/2026:03:13:08 -0400] "POST /xmlrpc.php HTTP/1.1" 200 403 "-" "Jetpack by WordPress.com (Jetpack 13.0; WordPress 6.2)"
14.97.127.98 - - [19/Aug/2026:03:13:10 -0400] "POST /xmlrpc.php HTTP/1.1" 403 1242 "-" "Jetpack by WordPress.com"
39.37.170.207 - - [19/Aug/2026:03:13:18 -0400] "POST /xmlrpc.php HTTP/1.1" 200 403 "-" "Jetpack by WordPress.com (Jetpack 13.0; WordPress 6.4)"
14.97.127.98 - - [19/Aug/2026:03:13:21 -0400] "POST /xmlrpc.php HTTP/1.1" 200 403 "-" "Jetpack/12.0; WordPress/6.3; http://site69588392.com"
39.37.170.207 - - [19/Aug/2026:03:13:29 -0400] "POST /xmlrpc.php HTTP/1.1" 200 403 "-" "Jetpack by WordPress.com (Jetpack 12.5; WordPress 6.3)"
14.97.127.98 - - [19/Aug/2026:03:13:31 -0400] "POST /xmlrpc.php HTTP/1.1" 200 403 "-" "Jetpack by WordPress.com (Jetpack 12.5; WordPress 6.3)"
39.37.170.207 - - [19/Aug/2026:03:13:39 -0400] "POST /xmlrpc.php HTTP/1.1" 403 1242 "-" "Jetpack by WordPress.com"
14.97.127.98 - - [19/Aug/2026:03:13:42 -0400] "POST /xmlrpc.php HTTP/1.1" 403 1242 "-" "WordPress.com; https://wordpress.com"
39.37.170.207 - - [19/Aug/2026:03:13:50 -0400] "POST /xmlrpc.php HTTP/1.1" 200 403 "-" "Jetpack/12.0; WordPress/6.2; http://site32393954.com"
14.97.127.98 - - [19/Aug/2026:03:13:52 -0400] "POST /xmlrpc.php HTTP/1.1" 200 403 "-" "Jetpack by WordPress.com (Jetpack 12.5; WordPress 6.4)"
39.37.170.207 - - [19/Aug/2026:03:14:00 -0400] "POST /xmlrpc.php HTTP/1.1" 200 403 "-" "Jetpack/12.1; WordPress/6.2; http://site72977065.com"
14.97.127.98 - - [19/Aug/2026:03:14:03 -0400] "POST /xmlrpc.php HTTP/1.1" 403 1242 "-" "WordPress.com; https://wordpress.com"
39.37.170.207 - - [19/Aug/2026:03:14:11 -0400] "POST /xmlrpc.php HTTP/1.1" 200 403 "-" "Jetpack by WordPress.com (Jetpack 13.0; WordPress 6.4)"
182.9.161.165 - - [19/Aug/2026:03:14:12 -0400] "GET /sitemaps.xml HTTP/2" 200 221 "-" "Mozilla/5.0 (Macintosh; Intel Mac OS X 10_15_7) AppleWebKit/537.36 (KHTML, like Gecko) Chrome/133.0.0.0 Safari/537.36"
14.97.127.98 - - [19/Aug/2026:03:14:13 -0400] "POST /xmlrpc.php HTTP/1.1" 403 1242 "-" "Jetpack by WordPress.com"
39.37.170.207 - - [19/Aug/2026:03:14:21 -0400] "POST /xmlrpc.php HTTP/1.1" 200 403 "-" "Jetpack by WordPress.com (Jetpack 12.5; WordPress 6.3)"
14.97.127.98 - - [19/Aug/2026:03:14:24 -0400] "POST /xmlrpc.php HTTP/1.1" 403 1242 "-" "WordPress.com; https://wordpress.com"
39.37.170.207 - - [19/Aug/2026:03:14:32 -0400] "POST /xmlrpc.php HTTP/1.1" 200 403 "-" "Jetpack by WordPress.com (Jetpack 13.0; WordPress 6.1)"
14.97.127.98 - - [19/Aug/2026:03:14:34 -0400] "POST /xmlrpc.php HTTP/1.1" 200 403 "-" "Jetpack by WordPress.com (Jetpack 12.5; WordPress 6.3)"
39.37.170.207 - - [19/Aug/2026:03:14:42 -0400] "POST /xmlrpc.php HTTP/1.1" 200 403 "-" "Jetpack by WordPress.com (Jetpack 12.0; WordPress 6.1)"
14.97.127.98 - - [19/Aug/2026:03:14:45 -0400] "POST /xmlrpc.php HTTP/1.1" 200 403 "-" "Jetpack/12.1; WordPress/6.1; http://site91069269.com"
39.37.170.207 - - [19/Aug/2026:03:14:53 -0400] "POST /xmlrpc.php HTTP/1.1" 200 403 "-" "Jetpack by WordPress.com (Jetpack 12.5; WordPress 6.4)"
14.97.127.98 - - [19/Aug/2026:03:14:55 -0400] "POST /xmlrpc.php HTTP/1.1" 200 403 "-" "Jetpack/12.1; WordPress/6.1; http://site21558933.com"
39.37.170.207 - - [19/Aug/2026:03:15:03 -0400] "POST /xmlrpc.php HTTP/1.1" 200 403 "-" "Jetpack/12.0; WordPress/6.3; http://site36965614.com"
14.97.127.98 - - [19/Aug/2026:03:15:06 -0400] "POST /xmlrpc.php HTTP/1.1" 403 1242 "-" "WordPress.com; https://wordpress.com"
39.37.170.207 - - [19/Aug/2026:03:15:14 -0400] "POST /xmlrpc.php HTTP/1.1" 200 403 "-" "Jetpack by WordPress.com (Jetpack 13.0; WordPress 6.2)"
14.97.127.98 - - [19/Aug/2026:03:15:16 -0400] "POST /xmlrpc.php HTTP/1.1" 403 1242 "-" "WordPress.com; https://wordpress.com"
39.37.170.207 - - [19/Aug/2026:03:15:24 -0400] "POST /xmlrpc.php HTTP/1.1" 403 1242 "-" "WordPress.com; https://wordpress.com"
14.97.127.98 - - [19/Aug/2026:03:15:27 -0400] "POST /xmlrpc.php HTTP/1.1" 403 1242 "-" "Jetpack by WordPress.com (Jetpack 12.5; WordPress 6.3)"
123.20.67.11 - - [19/Aug/2026:03:15:28 -0400] "GET /comments/feed/ HTTP/2" 200 366 "-" "Mozilla/5.0 (Macintosh; Intel Mac OS X 10_15_7) AppleWebKit/537.36 (KHTML, like Gecko) Chrome/146.0.0.0 Safari/537.36"
201.214.225.219 - - [19/Aug/2026:03:15:30 -0400] "GET /blog/portfolio/denounce-with-righteous-indignation-dislike/ HTTP/1.1" 404 34154 "-" "Mozilla/5.0 (Macintosh; Intel Mac OS X 14_3_1) AppleWebKit/537.36 (KHTML, like Gecko) Chrome/131.0.6778.204 Safari/537.36"
39.37.170.207 - - [19/Aug/2026:03:15:35 -0400] "POST /xmlrpc.php HTTP/1.1" 200 403 "-" "Jetpack/12.1; WordPress/6.1; http://site15014270.com"
14.97.127.98 - - [19/Aug/2026:03:15:37 -0400] "POST /xmlrpc.php HTTP/1.1" 403 1242 "-" "WordPress.com; https://wordpress.com"
39.37.170.207 - - [19/Aug/2026:03:15:45 -0400] "POST /xmlrpc.php HTTP/1.1" 403 1242 "-" "WordPress.com; https://wordpress.com"
14.97.127.98 - - [19/Aug/2026:03:15:48 -0400] "POST /xmlrpc.php HTTP/1.1" 403 1242 "-" "Jetpack by WordPress.com"
39.37.170.207 - - [19/Aug/2026:03:15:56 -0400] "POST /xmlrpc.php HTTP/1.1" 403 1242 "-" "Jetpack by WordPress.com"
14.97.127.98 - - [19/Aug/2026:03:15:58 -0400] "POST /xmlrpc.php HTTP/1.1" 403 1242 "-" "Jetpack by WordPress.com"
39.37.170.207 - - [19/Aug/2026:03:16:06 -0400] "POST /xmlrpc.php HTTP/1.1" 200 403 "-" "Jetpack/12.5; WordPress/6.1; http://site34667077.com"
14.97.127.98 - - [19/Aug/2026:03:16:09 -0400] "POST /xmlrpc.php HTTP/1.1" 200 403 "-" "Jetpack/13.0; WordPress/6.4; http://site12512580.com"
39.37.170.207 - - [19/Aug/2026:03:16:17 -0400] "POST /xmlrpc.php HTTP/1.1" 200 403 "-" "Jetpack by WordPress.com (Jetpack 12.5; WordPress 6.1)"
14.97.127.98 - - [19/Aug/2026:03:16:19 -0400] "POST /xmlrpc.php HTTP/1.1" 200 403 "-" "Jetpack by WordPress.com (Jetpack 12.1; WordPress 6.3)"
39.37.170.207 - - [19/Aug/2026:03:16:27 -0400] "POST /xmlrpc.php HTTP/1.1" 200 403 "-" "Jetpack by WordPress.com (Jetpack 13.0; WordPress 6.3)"
14.97.127.98 - - [19/Aug/2026:03:16:30 -0400] "POST /xmlrpc.php HTTP/1.1" 403 1242 "-" "Jetpack by WordPress.com"
39.37.170.207 - - [19/Aug/2026:03:16:37 -0400] "POST /xmlrpc.php HTTP/1.1" 403 1242 "-" "Jetpack by WordPress.com"
14.97.127.98 - - [19/Aug/2026:03:16:41 -0400] "POST /xmlrpc.php HTTP/1.1" 200 403 "-" "Jetpack/12.1; WordPress/6.3; http://site95197653.com"
39.37.170.207 - - [19/Aug/2026:03:16:48 -0400] "POST /xmlrpc.php HTTP/1.1" 403 1242 "-" "WordPress.com; https://wordpress.com"
14.97.127.98 - - [19/Aug/2026:03:16:51 -0400] "POST /xmlrpc.php HTTP/1.1" 403 1242 "-" "WordPress.com; https://wordpress.com"
39.37.170.207 - - [19/Aug/2026:03:16:58 -0400] "POST /xmlrpc.php HTTP/1.1" 403 1242 "-" "WordPress.com; https://wordpress.com"
14.97.127.98 - - [19/Aug/2026:03:17:02 -0400] "POST /xmlrpc.php HTTP/1.1" 200 403 "-" "Jetpack/12.0; WordPress/6.2; http://site86714502.com"
39.37.170.207 - - [19/Aug/2026:03:17:09 -0400] "POST /xmlrpc.php HTTP/1.1" 200 403 "-" "Jetpack by WordPress.com (Jetpack 12.1; WordPress 6.3)"
14.97.127.98 - - [19/Aug/2026:03:17:12 -0400] "POST /xmlrpc.php HTTP/1.1" 200 403 "-" "Jetpack/12.0; WordPress/6.3; http://site70170595.com"
39.37.170.207 - - [19/Aug/2026:03:17:19 -0400] "POST /xmlrpc.php HTTP/1.1" 200 403 "-" "Jetpack by WordPress.com (Jetpack 13.0; WordPress 6.4)"
14.97.127.98 - - [19/Aug/2026:03:17:23 -0400] "POST /xmlrpc.php HTTP/1.1" 200 403 "-" "Jetpack by WordPress.com (Jetpack 12.1; WordPress 6.1)"
39.37.170.207 - - [19/Aug/2026:03:17:30 -0400] "POST /xmlrpc.php HTTP/1.1" 403 1242 "-" "WordPress.com; https://wordpress.com"
14.97.127.98 - - [19/Aug/2026:03:17:33 -0400] "POST /xmlrpc.php HTTP/1.1" 403 1242 "-" "WordPress.com; https://wordpress.com"
39.37.170.207 - - [19/Aug/2026:03:17:40 -0400] "POST /xmlrpc.php HTTP/1.1" 200 403 "-" "Jetpack by WordPress.com (Jetpack 13.0; WordPress 6.2)"
14.97.127.98 - - [19/Aug/2026:03:17:44 -0400] "POST /xmlrpc.php HTTP/1.1" 200 403 "-" "Jetpack/13.0; WordPress/6.1; http://site78984788.com"
39.37.170.207 - - [19/Aug/2026:03:17:51 -0400] "POST /xmlrpc.php HTTP/1.1" 403 1242 "-" "Jetpack by WordPress.com"
14.97.127.98 - - [19/Aug/2026:03:17:54 -0400] "POST /xmlrpc.php HTTP/1.1" 403 1242 "-" "Jetpack by WordPress.com"
39.37.170.207 - - [19/Aug/2026:03:18:02 -0400] "POST /xmlrpc.php HTTP/1.1" 403 1242 "-" "Jetpack by WordPress.com"
14.97.127.98 - - [19/Aug/2026:03:18:05 -0400] "POST /xmlrpc.php HTTP/1.1" 200 403 "-" "Jetpack/12.5; WordPress/6.1; http://site66882558.com"
39.37.170.207 - - [19/Aug/2026:03:18:12 -0400] "POST /xmlrpc.php HTTP/1.1" 200 403 "-" "Jetpack/12.5; WordPress/6.4; http://site67115813.com"
14.97.127.98 - - [19/Aug/2026:03:18:15 -0400] "POST /xmlrpc.php HTTP/1.1" 200 403 "-" "Jetpack/12.5; WordPress/6.1; http://site77365617.com"
39.37.170.207 - - [19/Aug/2026:03:18:22 -0400] "POST /xmlrpc.php HTTP/1.1" 403 1242 "-" "WordPress.com; https://wordpress.com"
14.97.127.98 - - [19/Aug/2026:03:18:26 -0400] "POST /xmlrpc.php HTTP/1.1" 403 1242 "-" "WordPress.com; https://wordpress.com"
39.37.170.207 - - [19/Aug/2026:03:18:33 -0400] "POST /xmlrpc.php HTTP/1.1" 403 1242 "-" "Jetpack by WordPress.com"
14.97.127.98 - - [19/Aug/2026:03:18:36 -0400] "POST /xmlrpc.php HTTP/1.1" 403 1242 "-" "WordPress.com; https://wordpress.com"
14.97.127.98 - - [19/Aug/2026:03:18:47 -0400] "POST /xmlrpc.php HTTP/1.1" 403 1242 "-" "Jetpack by WordPress.com"
14.97.127.98 - - [19/Aug/2026:03:18:57 -0400] "POST /xmlrpc.php HTTP/1.1" 403 1242 "-" "WordPress.com; https://wordpress.com"
14.97.127.98 - - [19/Aug/2026:03:19:08 -0400] "POST /xmlrpc.php HTTP/1.1" 200 403 "-" "Jetpack/12.1; WordPress/6.1; http://site29127792.com"
14.97.127.98 - - [19/Aug/2026:03:19:18 -0400] "POST /xmlrpc.php HTTP/1.1" 403 1242 "-" "WordPress.com; https://wordpress.com"
14.97.127.98 - - [19/Aug/2026:03:19:29 -0400] "POST /xmlrpc.php HTTP/1.1" 403 1242 "-" "WordPress.com; https://wordpress.com"
14.97.127.98 - - [19/Aug/2026:03:19:39 -0400] "POST /xmlrpc.php HTTP/1.1" 403 1242 "-" "WordPress.com; https://wordpress.com"
14.97.127.98 - - [19/Aug/2026:03:19:50 -0400] "POST /xmlrpc.php HTTP/1.1" 200 403 "-" "Jetpack by WordPress.com (Jetpack 12.0; WordPress 6.4)"
14.97.127.98 - - [19/Aug/2026:03:20:00 -0400] "POST /xmlrpc.php HTTP/1.1" 200 403 "-" "Jetpack by WordPress.com (Jetpack 12.0; WordPress 6.4)"
14.97.127.98 - - [19/Aug/2026:03:20:11 -0400] "POST /xmlrpc.php HTTP/1.1" 200 403 "-" "Jetpack by WordPress.com (Jetpack 13.0; WordPress 6.4)"
14.97.127.98 - - [19/Aug/2026:03:20:21 -0400] "POST /xmlrpc.php HTTP/1.1" 403 1242 "-" "Jetpack by WordPress.com"
14.97.127.98 - - [19/Aug/2026:03:20:32 -0400] "POST /xmlrpc.php HTTP/1.1" 200 403 "-" "Jetpack/12.1; WordPress/6.3; http://site52061817.com"
14.97.127.98 - - [19/Aug/2026:03:20:42 -0400] "POST /xmlrpc.php HTTP/1.1" 403 1242 "-" "Jetpack by WordPress.com"
14.97.127.98 - - [19/Aug/2026:03:20:53 -0400] "POST /xmlrpc.php HTTP/1.1" 403 1242 "-" "WordPress.com; https://wordpress.com"
102.96.53.98 - - [19/Aug/2026:03:21:01 -0400] "GET /wp-json/wp/v2/posts?per_page=10&status=publish&_fields=id%2Ctitle%2Clink HTTP/1.1" 200 634 "-" "Mozilla/5.0 (Android 10; Mobile; rv:150.0) Gecko/150.0 Firefox/150.0"
14.97.127.98 - - [19/Aug/2026:03:21:03 -0400] "POST /xmlrpc.php HTTP/1.1" 403 1242 "-" "WordPress.com; https://wordpress.com"
192.158.238.133 - - [19/Aug/2026:03:21:04 -0400] "GET /wp-content/uploads/2026/04/main-image-1756851924828-scaled.webp HTTP/1.1" 200 164644 "-" "-"
102.96.53.98 - - [19/Aug/2026:03:21:02 -0400] "GET /bing-webmaster-tools-and-everything-you-can-do/? HTTP/1.1" 200 41888 "-" "Mozilla/5.0 (Android 10; Mobile; rv:150.0) Gecko/150.0 Firefox/150.0"
102.96.53.98 - - [19/Aug/2026:03:21:05 -0400] "POST /wp-comments-post.php HTTP/1.1" 302 0 "https://call2action.com/bing-webmaster-tools-and-everything-you-can-do/" "Mozilla/5.0 (Android 10; Mobile; rv:150.0) Gecko/150.0 Firefox/150.0"
192.158.238.133 - - [19/Aug/2026:03:21:09 -0400] "GET /wp-content/uploads/2026/04/main-image-1756851924828-scaled.webp HTTP/1.1" 200 164644 "-" "-"
102.96.53.98 - - [19/Aug/2026:03:21:08 -0400] "GET /bing-webmaster-tools-and-everything-you-can-do/?unapproved=1300&moderation-hash=a1ae9f40ff47fbcb9822e92ea45cdda7 HTTP/1.1" 200 42481 "https://call2action.com/bing-webmaster-tools-and-everything-you-can-do/" "Mozilla/5.0 (Android 10; Mobile; rv:150.0) Gecko/150.0 Firefox/150.0"
14.97.127.98 - - [19/Aug/2026:03:21:14 -0400] "POST /xmlrpc.php HTTP/1.1" 200 403 "-" "Jetpack/12.5; WordPress/6.4; http://site32118164.com"
14.97.127.98 - - [19/Aug/2026:03:21:24 -0400] "POST /xmlrpc.php HTTP/1.1" 403 1242 "-" "WordPress.com; https://wordpress.com"
14.97.127.98 - - [19/Aug/2026:03:21:35 -0400] "POST /xmlrpc.php HTTP/1.1" 403 1242 "-" "Jetpack by WordPress.com"
14.97.127.98 - - [19/Aug/2026:03:21:45 -0400] "POST /xmlrpc.php HTTP/1.1" 403 1242 "-" "Jetpack by WordPress.com"
14.97.127.98 - - [19/Aug/2026:03:21:56 -0400] "POST /xmlrpc.php HTTP/1.1" 403 1242 "-" "Jetpack by WordPress.com"
14.97.127.98 - - [19/Aug/2026:03:22:06 -0400] "POST /xmlrpc.php HTTP/1.1" 403 1242 "-" "Jetpack by WordPress.com"
14.97.127.98 - - [19/Aug/2026:03:22:17 -0400] "POST /xmlrpc.php HTTP/1.1" 403 1242 "-" "WordPress.com; https://wordpress.com"
14.97.127.98 - - [19/Aug/2026:03:22:27 -0400] "POST /xmlrpc.php HTTP/1.1" 403 1242 "-" "WordPress.com; https://wordpress.com"
14.97.127.98 - - [19/Aug/2026:03:22:38 -0400] "POST /xmlrpc.php HTTP/1.1" 200 403 "-" "Jetpack by WordPress.com (Jetpack 13.0; WordPress 6.3)"
14.97.127.98 - - [19/Aug/2026:03:22:48 -0400] "POST /xmlrpc.php HTTP/1.1" 200 403 "-" "Jetpack/12.0; WordPress/6.1; http://site23264291.com"
14.97.127.98 - - [19/Aug/2026:03:22:59 -0400] "POST /xmlrpc.php HTTP/1.1" 200 403 "-" "Jetpack/12.1; WordPress/6.2; http://site19002701.com"
14.97.127.98 - - [19/Aug/2026:03:23:10 -0400] "POST /xmlrpc.php HTTP/1.1" 200 403 "-" "Jetpack/12.0; WordPress/6.4; http://site26311701.com"
14.97.127.98 - - [19/Aug/2026:03:23:20 -0400] "POST /xmlrpc.php HTTP/1.1" 403 1242 "-" "Jetpack by WordPress.com"
14.97.127.98 - - [19/Aug/2026:03:23:31 -0400] "POST /xmlrpc.php HTTP/1.1" 403 1242 "-" "Jetpack by WordPress.com"
14.97.127.98 - - [19/Aug/2026:03:23:41 -0400] "POST /xmlrpc.php HTTP/1.1" 200 403 "-" "Jetpack/13.0; WordPress/6.1; http://site30944302.com"
20.52.168.85 - - [19/Aug/2026:03:23:48 -0400] "GET / HTTP/1.1" 200 35817 "-" "Mozilla/5.0 (Windows NT 10.0; Win64; x64) AppleWebKit/537.36 (KHTML, like Gecko) Chrome/120.0.0.0 Safari/537.36"
20.52.168.85 - - [19/Aug/2026:03:23:49 -0400] "GET /haiterus.php HTTP/1.1" 404 30147 "-" "Mozilla/5.0 (Windows NT 10.0; Win64; x64) AppleWebKit/537.36 (KHTML, like Gecko) Chrome/120.0.0.0 Safari/537.36"
20.52.168.85 - - [19/Aug/2026:03:23:49 -0400] "GET /addslashes.php HTTP/1.1" 404 30147 "-" "Mozilla/5.0 (Windows NT 10.0; Win64; x64) AppleWebKit/537.36 (KHTML, like Gecko) Chrome/120.0.0.0 Safari/537.36"
20.52.168.85 - - [19/Aug/2026:03:23:51 -0400] "GET /aQzODIgoBr.php HTTP/1.1" 404 30147 "-" "Mozilla/5.0 (Windows NT 10.0; Win64; x64) AppleWebKit/537.36 (KHTML, like Gecko) Chrome/120.0.0.0 Safari/537.36"
14.97.127.98 - - [19/Aug/2026:03:23:52 -0400] "POST /xmlrpc.php HTTP/1.1" 403 1242 "-" "WordPress.com; https://wordpress.com"
20.52.168.85 - - [19/Aug/2026:03:23:51 -0400] "GET /php8.php HTTP/1.1" 404 30147 "-" "Mozilla/5.0 (Windows NT 10.0; Win64; x64) AppleWebKit/537.36 (KHTML, like Gecko) Chrome/120.0.0.0 Safari/537.36"
20.52.168.85 - - [19/Aug/2026:03:23:53 -0400] "GET /config.php HTTP/1.1" 404 30147 "-" "Mozilla/5.0 (Windows NT 10.0; Win64; x64) AppleWebKit/537.36 (KHTML, like Gecko) Chrome/120.0.0.0 Safari/537.36"
20.52.168.85 - - [19/Aug/2026:03:23:54 -0400] "GET /abcd.php HTTP/1.1" 404 30147 "-" "Mozilla/5.0 (Windows NT 10.0; Win64; x64) AppleWebKit/537.36 (KHTML, like Gecko) Chrome/120.0.0.0 Safari/537.36"
20.52.168.85 - - [19/Aug/2026:03:23:55 -0400] "GET /wp-content/uploads/min.php HTTP/1.1" 404 30309 "-" "Mozilla/5.0 (Windows NT 10.0; Win64; x64) AppleWebKit/537.36 (KHTML, like Gecko) Chrome/120.0.0.0 Safari/537.36"
20.52.168.85 - - [19/Aug/2026:03:23:56 -0400] "GET /xmlrpc.php HTTP/1.1" 405 46 "-" "Mozilla/5.0 (Windows NT 10.0; Win64; x64) AppleWebKit/537.36 (KHTML, like Gecko) Chrome/120.0.0.0 Safari/537.36"
103.152.37.86 - - [19/Aug/2026:03:23:57 -0400] "GET /wp-login.php HTTP/2" 200 3576 "-" "Mozilla/5.0 (Windows NT 10.0; Win64; x64) AppleWebKit/537.36 (KHTML, like Gecko) Chrome/149.0.0.0 Safari/537.36"
20.52.168.85 - - [19/Aug/2026:03:23:57 -0400] "GET /css.php HTTP/1.1" 404 30147 "-" "Mozilla/5.0 (Windows NT 10.0; Win64; x64) AppleWebKit/537.36 (KHTML, like Gecko) Chrome/120.0.0.0 Safari/537.36"
20.52.168.85 - - [19/Aug/2026:03:23:59 -0400] "GET /admin/index.php HTTP/1.1" 301 0 "-" "Mozilla/5.0 (Windows NT 10.0; Win64; x64) AppleWebKit/537.36 (KHTML, like Gecko) Chrome/120.0.0.0 Safari/537.36"
20.52.168.85 - - [19/Aug/2026:03:24:00 -0400] "GET /txets.php HTTP/1.1" 404 30147 "-" "Mozilla/5.0 (Windows NT 10.0; Win64; x64) AppleWebKit/537.36 (KHTML, like Gecko) Chrome/120.0.0.0 Safari/537.36"
20.52.168.85 - - [19/Aug/2026:03:24:01 -0400] "GET /fox.php HTTP/1.1" 404 30147 "-" "Mozilla/5.0 (Windows NT 10.0; Win64; x64) AppleWebKit/537.36 (KHTML, like Gecko) Chrome/120.0.0.0 Safari/537.36"
14.97.127.98 - - [19/Aug/2026:03:24:02 -0400] "POST /xmlrpc.php HTTP/1.1" 200 403 "-" "Jetpack by WordPress.com (Jetpack 12.5; WordPress 6.4)"
20.52.168.85 - - [19/Aug/2026:03:24:02 -0400] "GET /hehe.php HTTP/1.1" 404 30147 "-" "Mozilla/5.0 (Windows NT 10.0; Win64; x64) AppleWebKit/537.36 (KHTML, like Gecko) Chrome/120.0.0.0 Safari/537.36"
103.152.37.86 - - [19/Aug/2026:03:24:04 -0400] "POST /wp-login.php HTTP/2" 200 3728 "-" "Mozilla/5.0 (Windows NT 10.0; Win64; x64) AppleWebKit/537.36 (KHTML, like Gecko) Chrome/149.0.0.0 Safari/537.36"
20.52.168.85 - - [19/Aug/2026:03:24:04 -0400] "GET /yindu.php HTTP/1.1" 404 30147 "-" "Mozilla/5.0 (Windows NT 10.0; Win64; x64) AppleWebKit/537.36 (KHTML, like Gecko) Chrome/120.0.0.0 Safari/537.36"
20.52.168.85 - - [19/Aug/2026:03:24:06 -0400] "GET /disagraep.php HTTP/1.1" 404 30147 "-" "Mozilla/5.0 (Windows NT 10.0; Win64; x64) AppleWebKit/537.36 (KHTML, like Gecko) Chrome/120.0.0.0 Safari/537.36"
20.52.168.85 - - [19/Aug/2026:03:24:07 -0400] "GET /xmrlpc.php HTTP/1.1" 404 30147 "-" "Mozilla/5.0 (Windows NT 10.0; Win64; x64) AppleWebKit/537.36 (KHTML, like Gecko) Chrome/120.0.0.0 Safari/537.36"
20.52.168.85 - - [19/Aug/2026:03:24:08 -0400] "GET /headerg.php HTTP/1.1" 404 30147 "-" "Mozilla/5.0 (Windows NT 10.0; Win64; x64) AppleWebKit/537.36 (KHTML, like Gecko) Chrome/120.0.0.0 Safari/537.36"
20.52.168.85 - - [19/Aug/2026:03:24:09 -0400] "GET /block-bindings.php HTTP/1.1" 404 30147 "-" "Mozilla/5.0 (Windows NT 10.0; Win64; x64) AppleWebKit/537.36 (KHTML, like Gecko) Chrome/120.0.0.0 Safari/537.36"
20.52.168.85 - - [19/Aug/2026:03:24:10 -0400] "GET /special.php HTTP/1.1" 404 30147 "-" "Mozilla/5.0 (Windows NT 10.0; Win64; x64) AppleWebKit/537.36 (KHTML, like Gecko) Chrome/120.0.0.0 Safari/537.36"
223.109.255.168 - - [19/Aug/2026:03:24:11 -0400] "GET /category/business/ HTTP/1.1" 200 37183 "-" "Sogou web spider/4.0(+http://www.sogou.com/docs/help/webmasters.htm#07)"
20.52.168.85 - - [19/Aug/2026:03:24:11 -0400] "GET /makeasmtp.php HTTP/1.1" 404 30147 "-" "Mozilla/5.0 (Windows NT 10.0; Win64; x64) AppleWebKit/537.36 (KHTML, like Gecko) Chrome/120.0.0.0 Safari/537.36"
14.97.127.98 - - [19/Aug/2026:03:24:13 -0400] "POST /xmlrpc.php HTTP/1.1" 403 1242 "-" "WordPress.com; https://wordpress.com"
20.52.168.85 - - [19/Aug/2026:03:24:12 -0400] "GET /nc4.php HTTP/1.1" 404 30147 "-" "Mozilla/5.0 (Windows NT 10.0; Win64; x64) AppleWebKit/537.36 (KHTML, like Gecko) Chrome/120.0.0.0 Safari/537.36"
20.52.168.85 - - [19/Aug/2026:03:24:13 -0400] "GET /cong.php HTTP/1.1" 404 30147 "-" "Mozilla/5.0 (Windows NT 10.0; Win64; x64) AppleWebKit/537.36 (KHTML, like Gecko) Chrome/120.0.0.0 Safari/537.36"
20.52.168.85 - - [19/Aug/2026:03:24:15 -0400] "GET /blog.php HTTP/1.1" 404 30147 "-" "Mozilla/5.0 (Windows NT 10.0; Win64; x64) AppleWebKit/537.36 (KHTML, like Gecko) Chrome/120.0.0.0 Safari/537.36"
20.52.168.85 - - [19/Aug/2026:03:24:16 -0400] "GET /admin-ajax.php HTTP/1.1" 404 30147 "-" "Mozilla/5.0 (Windows NT 10.0; Win64; x64) AppleWebKit/537.36 (KHTML, like Gecko) Chrome/120.0.0.0 Safari/537.36"
20.52.168.85 - - [19/Aug/2026:03:24:17 -0400] "GET /cljntmcz.php HTTP/1.1" 404 30147 "-" "Mozilla/5.0 (Windows NT 10.0; Win64; x64) AppleWebKit/537.36 (KHTML, like Gecko) Chrome/120.0.0.0 Safari/537.36"
20.52.168.85 - - [19/Aug/2026:03:24:18 -0400] "GET /cgi-bin/ HTTP/1.1" 403 1242 "-" "Mozilla/5.0 (Windows NT 10.0; Win64; x64) AppleWebKit/537.36 (KHTML, like Gecko) Chrome/120.0.0.0 Safari/537.36"
20.52.168.85 - - [19/Aug/2026:03:24:18 -0400] "GET /wp-admin/index.php HTTP/1.1" 302 0 "-" "Mozilla/5.0 (Windows NT 10.0; Win64; x64) AppleWebKit/537.36 (KHTML, like Gecko) Chrome/120.0.0.0 Safari/537.36"
20.52.168.85 - - [19/Aug/2026:03:24:19 -0400] "GET /i.php HTTP/1.1" 404 30147 "-" "Mozilla/5.0 (Windows NT 10.0; Win64; x64) AppleWebKit/537.36 (KHTML, like Gecko) Chrome/120.0.0.0 Safari/537.36"
20.52.168.85 - - [19/Aug/2026:03:24:20 -0400] "GET /wp-admin/css/ HTTP/1.1" 200 2893 "-" "Mozilla/5.0 (Windows NT 10.0; Win64; x64) AppleWebKit/537.36 (KHTML, like Gecko) Chrome/120.0.0.0 Safari/537.36"
20.52.168.85 - - [19/Aug/2026:03:24:21 -0400] "GET /modules/mod_footer/tmpl/index.php HTTP/1.1" 301 0 "-" "Mozilla/5.0 (Windows NT 10.0; Win64; x64) AppleWebKit/537.36 (KHTML, like Gecko) Chrome/120.0.0.0 Safari/537.36"
20.52.168.85 - - [19/Aug/2026:03:24:21 -0400] "GET /a.php HTTP/1.1" 404 30147 "-" "Mozilla/5.0 (Windows NT 10.0; Win64; x64) AppleWebKit/537.36 (KHTML, like Gecko) Chrome/120.0.0.0 Safari/537.36"
20.52.168.85 - - [19/Aug/2026:03:24:22 -0400] "GET /xxx.php HTTP/1.1" 404 30147 "-" "Mozilla/5.0 (Windows NT 10.0; Win64; x64) AppleWebKit/537.36 (KHTML, like Gecko) Chrome/120.0.0.0 Safari/537.36"
14.97.127.98 - - [19/Aug/2026:03:24:23 -0400] "POST /xmlrpc.php HTTP/1.1" 200 403 "-" "Jetpack/12.1; WordPress/6.3; http://site37225914.com"
20.52.168.85 - - [19/Aug/2026:03:24:24 -0400] "GET /wp-content.php HTTP/1.1" 404 30147 "-" "Mozilla/5.0 (Windows NT 10.0; Win64; x64) AppleWebKit/537.36 (KHTML, like Gecko) Chrome/120.0.0.0 Safari/537.36"
20.52.168.85 - - [19/Aug/2026:03:24:25 -0400] "GET /p.php HTTP/1.1" 404 30147 "-" "Mozilla/5.0 (Windows NT 10.0; Win64; x64) AppleWebKit/537.36 (KHTML, like Gecko) Chrome/120.0.0.0 Safari/537.36"
20.52.168.85 - - [19/Aug/2026:03:24:26 -0400] "GET /alfa-rex.php7 HTTP/1.1" 404 30147 "-" "Mozilla/5.0 (Windows NT 10.0; Win64; x64) AppleWebKit/537.36 (KHTML, like Gecko) Chrome/120.0.0.0 Safari/537.36"
20.52.168.85 - - [19/Aug/2026:03:24:27 -0400] "GET /upload.php HTTP/1.1" 404 30147 "-" "Mozilla/5.0 (Windows NT 10.0; Win64; x64) AppleWebKit/537.36 (KHTML, like Gecko) Chrome/120.0.0.0 Safari/537.36"
20.52.168.85 - - [19/Aug/2026:03:24:28 -0400] "GET /files.php HTTP/1.1" 404 30147 "-" "Mozilla/5.0 (Windows NT 10.0; Win64; x64) AppleWebKit/537.36 (KHTML, like Gecko) Chrome/120.0.0.0 Safari/537.36"
20.52.168.85 - - [19/Aug/2026:03:24:28 -0400] "GET /xda.php HTTP/1.1" 404 30147 "-" "Mozilla/5.0 (Windows NT 10.0; Win64; x64) AppleWebKit/537.36 (KHTML, like Gecko) Chrome/120.0.0.0 Safari/537.36"
20.52.168.85 - - [19/Aug/2026:03:24:29 -0400] "GET /about/function.php HTTP/1.1" 404 30147 "-" "Mozilla/5.0 (Windows NT 10.0; Win64; x64) AppleWebKit/537.36 (KHTML, like Gecko) Chrome/120.0.0.0 Safari/537.36"
20.52.168.85 - - [19/Aug/2026:03:24:30 -0400] "GET /lock360.php HTTP/1.1" 404 30147 "-" "Mozilla/5.0 (Windows NT 10.0; Win64; x64) AppleWebKit/537.36 (KHTML, like Gecko) Chrome/120.0.0.0 Safari/537.36"
20.52.168.85 - - [19/Aug/2026:03:24:31 -0400] "GET /autoload_classmap.php HTTP/1.1" 404 30147 "-" "Mozilla/5.0 (Windows NT 10.0; Win64; x64) AppleWebKit/537.36 (KHTML, like Gecko) Chrome/120.0.0.0 Safari/537.36"
20.52.168.85 - - [19/Aug/2026:03:24:32 -0400] "GET /1.php7 HTTP/1.1" 404 30147 "-" "Mozilla/5.0 (Windows NT 10.0; Win64; x64) AppleWebKit/537.36 (KHTML, like Gecko) Chrome/120.0.0.0 Safari/537.36"
20.52.168.85 - - [19/Aug/2026:03:24:33 -0400] "GET /system_log.php HTTP/1.1" 404 30147 "-" "Mozilla/5.0 (Windows NT 10.0; Win64; x64) AppleWebKit/537.36 (KHTML, like Gecko) Chrome/120.0.0.0 Safari/537.36"
14.97.127.98 - - [19/Aug/2026:03:24:34 -0400] "POST /xmlrpc.php HTTP/1.1" 403 1242 "-" "Jetpack by WordPress.com"
20.52.168.85 - - [19/Aug/2026:03:24:34 -0400] "GET /admin/controller/extension/extension/ HTTP/1.1" 404 30309 "-" "Mozilla/5.0 (Windows NT 10.0; Win64; x64) AppleWebKit/537.36 (KHTML, like Gecko) Chrome/120.0.0.0 Safari/537.36"
20.52.168.85 - - [19/Aug/2026:03:24:34 -0400] "GET /wp-admin/css/colors/ocean/ HTTP/1.1" 200 731 "-" "Mozilla/5.0 (Windows NT 10.0; Win64; x64) AppleWebKit/537.36 (KHTML, like Gecko) Chrome/120.0.0.0 Safari/537.36"
20.52.168.85 - - [19/Aug/2026:03:24:34 -0400] "GET /gifclass.php HTTP/1.1" 404 30147 "-" "Mozilla/5.0 (Windows NT 10.0; Win64; x64) AppleWebKit/537.36 (KHTML, like Gecko) Chrome/120.0.0.0 Safari/537.36"
20.52.168.85 - - [19/Aug/2026:03:24:35 -0400] "GET /wp-cron.php HTTP/1.1" 200 0 "-" "Mozilla/5.0 (Windows NT 10.0; Win64; x64) AppleWebKit/537.36 (KHTML, like Gecko) Chrome/120.0.0.0 Safari/537.36"
4.15.194.220 - - [19/Aug/2026:03:24:35 -0400] "GET / HTTP/1.1" 200 41495 "-" "Mozilla/5.0 (Macintosh; Intel Mac OS X 10_15_7) AppleWebKit/537.36"
20.52.168.85 - - [19/Aug/2026:03:24:35 -0400] "GET /aa.php HTTP/1.1" 404 30147 "-" "Mozilla/5.0 (Windows NT 10.0; Win64; x64) AppleWebKit/537.36 (KHTML, like Gecko) Chrome/120.0.0.0 Safari/537.36"
20.52.168.85 - - [19/Aug/2026:03:24:37 -0400] "GET /m.php HTTP/1.1" 404 30147 "-" "Mozilla/5.0 (Windows NT 10.0; Win64; x64) AppleWebKit/537.36 (KHTML, like Gecko) Chrome/120.0.0.0 Safari/537.36"
20.52.168.85 - - [19/Aug/2026:03:24:38 -0400] "GET /gmo.php HTTP/1.1" 404 30147 "-" "Mozilla/5.0 (Windows NT 10.0; Win64; x64) AppleWebKit/537.36 (KHTML, like Gecko) Chrome/120.0.0.0 Safari/537.36"
20.52.168.85 - - [19/Aug/2026:03:24:38 -0400] "GET /init.php HTTP/1.1" 404 30147 "-" "Mozilla/5.0 (Windows NT 10.0; Win64; x64) AppleWebKit/537.36 (KHTML, like Gecko) Chrome/120.0.0.0 Safari/537.36"
20.52.168.85 - - [19/Aug/2026:03:24:39 -0400] "GET /f35.php HTTP/1.1" 404 30147 "-" "Mozilla/5.0 (Windows NT 10.0; Win64; x64) AppleWebKit/537.36 (KHTML, like Gecko) Chrome/120.0.0.0 Safari/537.36"
20.52.168.85 - - [19/Aug/2026:03:24:40 -0400] "GET /wp-includes/IXR/ HTTP/1.1" 200 1280 "-" "Mozilla/5.0 (Windows NT 10.0; Win64; x64) AppleWebKit/537.36 (KHTML, like Gecko) Chrome/120.0.0.0 Safari/537.36"
20.52.168.85 - - [19/Aug/2026:03:24:40 -0400] "GET /wp-admin/css/colors/blue/ HTTP/1.1" 200 724 "-" "Mozilla/5.0 (Windows NT 10.0; Win64; x64) AppleWebKit/537.36 (KHTML, like Gecko) Chrome/120.0.0.0 Safari/537.36"
20.52.168.85 - - [19/Aug/2026:03:24:40 -0400] "GET /wp-admin/images/admin.php HTTP/1.1" 404 30309 "-" "Mozilla/5.0 (Windows NT 10.0; Win64; x64) AppleWebKit/537.36 (KHTML, like Gecko) Chrome/120.0.0.0 Safari/537.36"
20.52.168.85 - - [19/Aug/2026:03:24:41 -0400] "GET /wp-configs.php HTTP/1.1" 404 30147 "-" "Mozilla/5.0 (Windows NT 10.0; Win64; x64) AppleWebKit/537.36 (KHTML, like Gecko) Chrome/120.0.0.0 Safari/537.36"
20.52.168.85 - - [19/Aug/2026:03:24:42 -0400] "GET /wp-includes/sitemaps/providers/ HTTP/1.1" 200 779 "-" "Mozilla/5.0 (Windows NT 10.0; Win64; x64) AppleWebKit/537.36 (KHTML, like Gecko) Chrome/120.0.0.0 Safari/537.36"
20.52.168.85 - - [19/Aug/2026:03:24:42 -0400] "GET /size.php HTTP/1.1" 404 30147 "-" "Mozilla/5.0 (Windows NT 10.0; Win64; x64) AppleWebKit/537.36 (KHTML, like Gecko) Chrome/120.0.0.0 Safari/537.36"
20.52.168.85 - - [19/Aug/2026:03:24:43 -0400] "GET /as.php HTTP/1.1" 404 30147 "-" "Mozilla/5.0 (Windows NT 10.0; Win64; x64) AppleWebKit/537.36 (KHTML, like Gecko) Chrome/120.0.0.0 Safari/537.36"
20.52.168.85 - - [19/Aug/2026:03:24:43 -0400] "GET /wp-includes/js/index.php HTTP/1.1" 301 0 "-" "Mozilla/5.0 (Windows NT 10.0; Win64; x64) AppleWebKit/537.36 (KHTML, like Gecko) Chrome/120.0.0.0 Safari/537.36"
14.97.127.98 - - [19/Aug/2026:03:24:44 -0400] "POST /xmlrpc.php HTTP/1.1" 403 1242 "-" "WordPress.com; https://wordpress.com"
20.52.168.85 - - [19/Aug/2026:03:24:44 -0400] "GET /images/index.php HTTP/1.1" 301 0 "-" "Mozilla/5.0 (Windows NT 10.0; Win64; x64) AppleWebKit/537.36 (KHTML, like Gecko) Chrome/120.0.0.0 Safari/537.36"
20.52.168.85 - - [19/Aug/2026:03:24:45 -0400] "GET /wp-content/plugins/core-plugin/include.php HTTP/1.1" 404 30309 "-" "Mozilla/5.0 (Windows NT 10.0; Win64; x64) AppleWebKit/537.36 (KHTML, like Gecko) Chrome/120.0.0.0 Safari/537.36"
20.52.168.85 - - [19/Aug/2026:03:24:46 -0400] "GET /wp-includes/IXR/chosen.php HTTP/1.1" 404 30309 "-" "Mozilla/5.0 (Windows NT 10.0; Win64; x64) AppleWebKit/537.36 (KHTML, like Gecko) Chrome/120.0.0.0 Safari/537.36"
20.52.168.85 - - [19/Aug/2026:03:24:47 -0400] "GET /inputs.php HTTP/1.1" 404 30147 "-" "Mozilla/5.0 (Windows NT 10.0; Win64; x64) AppleWebKit/537.36 (KHTML, like Gecko) Chrome/120.0.0.0 Safari/537.36"
20.52.168.85 - - [19/Aug/2026:03:24:48 -0400] "GET /plugin.php HTTP/1.1" 404 30147 "-" "Mozilla/5.0 (Windows NT 10.0; Win64; x64) AppleWebKit/537.36 (KHTML, like Gecko) Chrome/120.0.0.0 Safari/537.36"
20.52.168.85 - - [19/Aug/2026:03:24:49 -0400] "GET /wp.php HTTP/1.1" 404 30147 "-" "Mozilla/5.0 (Windows NT 10.0; Win64; x64) AppleWebKit/537.36 (KHTML, like Gecko) Chrome/120.0.0.0 Safari/537.36"
20.52.168.85 - - [19/Aug/2026:03:24:49 -0400] "GET /wp-content/plugins/WordPressCore/ HTTP/1.1" 404 30309 "-" "Mozilla/5.0 (Windows NT 10.0; Win64; x64) AppleWebKit/537.36 (KHTML, like Gecko) Chrome/120.0.0.0 Safari/537.36"
20.52.168.85 - - [19/Aug/2026:03:24:50 -0400] "GET /wp-includes/css/ HTTP/1.1" 200 1930 "-" "Mozilla/5.0 (Windows NT 10.0; Win64; x64) AppleWebKit/537.36 (KHTML, like Gecko) Chrome/120.0.0.0 Safari/537.36"
20.52.168.85 - - [19/Aug/2026:03:24:50 -0400] "GET /wp-content/uploads/2024/ HTTP/1.1" 404 30309 "-" "Mozilla/5.0 (Windows NT 10.0; Win64; x64) AppleWebKit/537.36 (KHTML, like Gecko) Chrome/120.0.0.0 Safari/537.36"
20.52.168.85 - - [19/Aug/2026:03:24:51 -0400] "GET /wp-includes/SimplePie/about.php HTTP/1.1" 404 30309 "-" "Mozilla/5.0 (Windows NT 10.0; Win64; x64) AppleWebKit/537.36 (KHTML, like Gecko) Chrome/120.0.0.0 Safari/537.36"
20.52.168.85 - - [19/Aug/2026:03:24:52 -0400] "GET /wp-content/ HTTP/1.1" 200 0 "-" "Mozilla/5.0 (Windows NT 10.0; Win64; x64) AppleWebKit/537.36 (KHTML, like Gecko) Chrome/120.0.0.0 Safari/537.36"
20.52.168.85 - - [19/Aug/2026:03:24:52 -0400] "GET /ioxi-o.php HTTP/1.1" 404 30147 "-" "Mozilla/5.0 (Windows NT 10.0; Win64; x64) AppleWebKit/537.36 (KHTML, like Gecko) Chrome/120.0.0.0 Safari/537.36"
20.52.168.85 - - [19/Aug/2026:03:24:53 -0400] "GET /wp-content/edit.php HTTP/1.1" 404 30147 "-" "Mozilla/5.0 (Windows NT 10.0; Win64; x64) AppleWebKit/537.36 (KHTML, like Gecko) Chrome/120.0.0.0 Safari/537.36"
20.52.168.85 - - [19/Aug/2026:03:24:53 -0400] "GET /send.php HTTP/1.1" 404 30148 "-" "Mozilla/5.0 (Windows NT 10.0; Win64; x64) AppleWebKit/537.36 (KHTML, like Gecko) Chrome/120.0.0.0 Safari/537.36"
20.52.168.85 - - [19/Aug/2026:03:24:54 -0400] "GET /options.php HTTP/1.1" 404 30147 "-" "Mozilla/5.0 (Windows NT 10.0; Win64; x64) AppleWebKit/537.36 (KHTML, like Gecko) Chrome/120.0.0.0 Safari/537.36"
14.97.127.98 - - [19/Aug/2026:03:24:55 -0400] "POST /xmlrpc.php HTTP/1.1" 403 1242 "-" "WordPress.com; https://wordpress.com"
20.52.168.85 - - [19/Aug/2026:03:24:55 -0400] "GET /meta.php HTTP/1.1" 404 30147 "-" "Mozilla/5.0 (Windows NT 10.0; Win64; x64) AppleWebKit/537.36 (KHTML, like Gecko) Chrome/120.0.0.0 Safari/537.36"
20.52.168.85 - - [19/Aug/2026:03:24:56 -0400] "GET /help.php HTTP/1.1" 404 30147 "-" "Mozilla/5.0 (Windows NT 10.0; Win64; x64) AppleWebKit/537.36 (KHTML, like Gecko) Chrome/120.0.0.0 Safari/537.36"
20.52.168.85 - - [19/Aug/2026:03:24:57 -0400] "GET /bihnmimh.php HTTP/1.1" 404 30147 "-" "Mozilla/5.0 (Windows NT 10.0; Win64; x64) AppleWebKit/537.36 (KHTML, like Gecko) Chrome/120.0.0.0 Safari/537.36"
20.52.168.85 - - [19/Aug/2026:03:24:57 -0400] "GET /wp-activate.php HTTP/1.1" 302 0 "-" "Mozilla/5.0 (Windows NT 10.0; Win64; x64) AppleWebKit/537.36 (KHTML, like Gecko) Chrome/120.0.0.0 Safari/537.36"
20.52.168.85 - - [19/Aug/2026:03:24:58 -0400] "GET /about.php525 HTTP/1.1" 404 30147 "-" "Mozilla/5.0 (Windows NT 10.0; Win64; x64) AppleWebKit/537.36 (KHTML, like Gecko) Chrome/120.0.0.0 Safari/537.36"
20.52.168.85 - - [19/Aug/2026:03:24:59 -0400] "GET /Alfa.php HTTP/1.1" 404 30147 "-" "Mozilla/5.0 (Windows NT 10.0; Win64; x64) AppleWebKit/537.36 (KHTML, like Gecko) Chrome/120.0.0.0 Safari/537.36"
20.52.168.85 - - [19/Aug/2026:03:24:59 -0400] "GET /user.php HTTP/1.1" 404 30147 "-" "Mozilla/5.0 (Windows NT 10.0; Win64; x64) AppleWebKit/537.36 (KHTML, like Gecko) Chrome/120.0.0.0 Safari/537.36"
20.52.168.85 - - [19/Aug/2026:03:25:00 -0400] "GET /1p.php HTTP/1.1" 404 30147 "-" "Mozilla/5.0 (Windows NT 10.0; Win64; x64) AppleWebKit/537.36 (KHTML, like Gecko) Chrome/120.0.0.0 Safari/537.36"
20.52.168.85 - - [19/Aug/2026:03:25:01 -0400] "GET /4price.php HTTP/1.1" 404 30147 "-" "Mozilla/5.0 (Windows NT 10.0; Win64; x64) AppleWebKit/537.36 (KHTML, like Gecko) Chrome/120.0.0.0 Safari/537.36"
20.52.168.85 - - [19/Aug/2026:03:25:02 -0400] "GET /update.php HTTP/1.1" 404 30147 "-" "Mozilla/5.0 (Windows NT 10.0; Win64; x64) AppleWebKit/537.36 (KHTML, like Gecko) Chrome/120.0.0.0 Safari/537.36"
20.52.168.85 - - [19/Aug/2026:03:25:03 -0400] "GET /fucixwya.php HTTP/1.1" 404 30147 "-" "Mozilla/5.0 (Windows NT 10.0; Win64; x64) AppleWebKit/537.36 (KHTML, like Gecko) Chrome/120.0.0.0 Safari/537.36"
20.52.168.85 - - [19/Aug/2026:03:25:04 -0400] "GET /god4m.php HTTP/1.1" 404 30147 "-" "Mozilla/5.0 (Windows NT 10.0; Win64; x64) AppleWebKit/537.36 (KHTML, like Gecko) Chrome/120.0.0.0 Safari/537.36"
20.52.168.85 - - [19/Aug/2026:03:25:05 -0400] "GET /wxo.php HTTP/1.1" 404 30147 "-" "Mozilla/5.0 (Windows NT 10.0; Win64; x64) AppleWebKit/537.36 (KHTML, like Gecko) Chrome/120.0.0.0 Safari/537.36"
14.97.127.98 - - [19/Aug/2026:03:25:05 -0400] "POST /xmlrpc.php HTTP/1.1" 200 403 "-" "Jetpack by WordPress.com (Jetpack 13.0; WordPress 6.1)"
20.52.168.85 - - [19/Aug/2026:03:25:06 -0400] "GET /bypass.php7 HTTP/1.1" 404 30147 "-" "Mozilla/5.0 (Windows NT 10.0; Win64; x64) AppleWebKit/537.36 (KHTML, like Gecko) Chrome/120.0.0.0 Safari/537.36"
20.52.168.85 - - [19/Aug/2026:03:25:07 -0400] "GET /favicon.php HTTP/1.1" 404 30147 "-" "Mozilla/5.0 (Windows NT 10.0; Win64; x64) AppleWebKit/537.36 (KHTML, like Gecko) Chrome/120.0.0.0 Safari/537.36"
20.52.168.85 - - [19/Aug/2026:03:25:09 -0400] "GET /classsmtps.php HTTP/1.1" 404 30147 "-" "Mozilla/5.0 (Windows NT 10.0; Win64; x64) AppleWebKit/537.36 (KHTML, like Gecko) Chrome/120.0.0.0 Safari/537.36"
20.52.168.85 - - [19/Aug/2026:03:25:10 -0400] "GET /class-php HTTP/1.1" 404 30147 "-" "Mozilla/5.0 (Windows NT 10.0; Win64; x64) AppleWebKit/537.36 (KHTML, like Gecko) Chrome/120.0.0.0 Safari/537.36"
20.52.168.85 - - [19/Aug/2026:03:25:11 -0400] "GET /NFXxUAA.php HTTP/1.1" 404 30147 "-" "Mozilla/5.0 (Windows NT 10.0; Win64; x64) AppleWebKit/537.36 (KHTML, like Gecko) Chrome/120.0.0.0 Safari/537.36"
20.52.168.85 - - [19/Aug/2026:03:25:12 -0400] "GET /chosen.php HTTP/1.1" 404 30147 "-" "Mozilla/5.0 (Windows NT 10.0; Win64; x64) AppleWebKit/537.36 (KHTML, like Gecko) Chrome/120.0.0.0 Safari/537.36"
20.52.168.85 - - [19/Aug/2026:03:25:13 -0400] "GET /mari.php HTTP/1.1" 404 30147 "-" "Mozilla/5.0 (Windows NT 10.0; Win64; x64) AppleWebKit/537.36 (KHTML, like Gecko) Chrome/120.0.0.0 Safari/537.36"
20.52.168.85 - - [19/Aug/2026:03:25:14 -0400] "GET /text.php HTTP/1.1" 404 30147 "-" "Mozilla/5.0 (Windows NT 10.0; Win64; x64) AppleWebKit/537.36 (KHTML, like Gecko) Chrome/120.0.0.0 Safari/537.36"
20.52.168.85 - - [19/Aug/2026:03:25:15 -0400] "GET /asasx.php HTTP/1.1" 404 30147 "-" "Mozilla/5.0 (Windows NT 10.0; Win64; x64) AppleWebKit/537.36 (KHTML, like Gecko) Chrome/120.0.0.0 Safari/537.36"
14.97.127.98 - - [19/Aug/2026:03:25:16 -0400] "POST /xmlrpc.php HTTP/1.1" 200 403 "-" "Jetpack/12.0; WordPress/6.4; http://site21312069.com"
20.52.168.85 - - [19/Aug/2026:03:25:16 -0400] "GET /hello.php HTTP/1.1" 404 30147 "-" "Mozilla/5.0 (Windows NT 10.0; Win64; x64) AppleWebKit/537.36 (KHTML, like Gecko) Chrome/120.0.0.0 Safari/537.36"
20.52.168.85 - - [19/Aug/2026:03:25:18 -0400] "GET /eq2hbpgs.php HTTP/1.1" 404 30147 "-" "Mozilla/5.0 (Windows NT 10.0; Win64; x64) AppleWebKit/537.36 (KHTML, like Gecko) Chrome/120.0.0.0 Safari/537.36"
20.52.168.85 - - [19/Aug/2026:03:25:19 -0400] "GET /alfanew.php HTTP/1.1" 404 30147 "-" "Mozilla/5.0 (Windows NT 10.0; Win64; x64) AppleWebKit/537.36 (KHTML, like Gecko) Chrome/120.0.0.0 Safari/537.36"
20.52.168.85 - - [19/Aug/2026:03:25:20 -0400] "GET /build.php HTTP/1.1" 404 30147 "-" "Mozilla/5.0 (Windows NT 10.0; Win64; x64) AppleWebKit/537.36 (KHTML, like Gecko) Chrome/120.0.0.0 Safari/537.36"
20.52.168.85 - - [19/Aug/2026:03:25:21 -0400] "GET /hoot.php HTTP/1.1" 404 30147 "-" "Mozilla/5.0 (Windows NT 10.0; Win64; x64) AppleWebKit/537.36 (KHTML, like Gecko) Chrome/120.0.0.0 Safari/537.36"
20.52.168.85 - - [19/Aug/2026:03:25:23 -0400] "GET /Js.php HTTP/1.1" 404 30147 "-" "Mozilla/5.0 (Windows NT 10.0; Win64; x64) AppleWebKit/537.36 (KHTML, like Gecko) Chrome/120.0.0.0 Safari/537.36"
20.52.168.85 - - [19/Aug/2026:03:25:24 -0400] "GET /wp-blog-header.php HTTP/1.1" 404 0 "-" "Mozilla/5.0 (Windows NT 10.0; Win64; x64) AppleWebKit/537.36 (KHTML, like Gecko) Chrome/120.0.0.0 Safari/537.36"
14.97.127.98 - - [19/Aug/2026:03:25:26 -0400] "POST /xmlrpc.php HTTP/1.1" 403 1242 "-" "Jetpack by WordPress.com"
20.52.168.85 - - [19/Aug/2026:03:25:26 -0400] "GET /content.php HTTP/1.1" 404 30147 "-" "Mozilla/5.0 (Windows NT 10.0; Win64; x64) AppleWebKit/537.36 (KHTML, like Gecko) Chrome/120.0.0.0 Safari/537.36"
20.52.168.85 - - [19/Aug/2026:03:25:27 -0400] "GET /bak.php HTTP/1.1" 404 30147 "-" "Mozilla/5.0 (Windows NT 10.0; Win64; x64) AppleWebKit/537.36 (KHTML, like Gecko) Chrome/120.0.0.0 Safari/537.36"
20.52.168.85 - - [19/Aug/2026:03:25:28 -0400] "GET /post.php HTTP/1.1" 404 30147 "-" "Mozilla/5.0 (Windows NT 10.0; Win64; x64) AppleWebKit/537.36 (KHTML, like Gecko) Chrome/120.0.0.0 Safari/537.36"
14.97.127.98 - - [19/Aug/2026:03:25:37 -0400] "POST /xmlrpc.php HTTP/1.1" 403 1242 "-" "Jetpack by WordPress.com"
14.97.127.98 - - [19/Aug/2026:03:25:47 -0400] "POST /xmlrpc.php HTTP/1.1" 200 403 "-" "Jetpack/12.5; WordPress/6.4; http://site68182687.com"
14.97.127.98 - - [19/Aug/2026:03:25:58 -0400] "POST /xmlrpc.php HTTP/1.1" 403 1242 "-" "Jetpack by WordPress.com"
14.97.127.98 - - [19/Aug/2026:03:26:09 -0400] "POST /xmlrpc.php HTTP/1.1" 200 403 "-" "Jetpack by WordPress.com (Jetpack 12.0; WordPress 6.1)"
14.97.127.98 - - [19/Aug/2026:03:26:19 -0400] "POST /xmlrpc.php HTTP/1.1" 403 1242 "-" "WordPress.com; https://wordpress.com"
14.97.127.98 - - [19/Aug/2026:03:26:29 -0400] "POST /xmlrpc.php HTTP/1.1" 403 1242 "-" "Jetpack by WordPress.com"
14.97.127.98 - - [19/Aug/2026:03:26:40 -0400] "POST /xmlrpc.php HTTP/1.1" 200 403 "-" "Jetpack by WordPress.com (Jetpack 12.0; WordPress 6.1)"
71.211.131.132 - - [19/Aug/2026:03:26:44 -0400] "GET /feed/ HTTP/2" 200 23114 "-" "Mozilla/5.0 (Macintosh; Intel Mac OS X 10_15_7) AppleWebKit/605.1.15 (KHTML, like Gecko) Version/26.0 Safari/605.1.15"
121.226.180.146 - - [19/Aug/2026:03:30:54 -0400] "GET / HTTP/1.1" 301 0 "-" "Mozilla/5.0 (Macintosh; Intel Mac OS X 10_15_7) AppleWebKit/537.36 (KHTML, like Gecko) Chrome/132.0.0.0 Safari/537.36"
140.250.144.157 - - [19/Aug/2026:03:30:58 -0400] "GET / HTTP/1.1" 200 172784 "-" "Mozilla/5.0 (Macintosh; Intel Mac OS X 10_15_7) AppleWebKit/537.36 (KHTML, like Gecko) Chrome/132.0.0.0 Safari/537.36"
106.8.139.83 - - [19/Aug/2026:03:31:08 -0400] "GET /wp-content/themes/newsup/js/main.js?ver=7.0.4 HTTP/1.1" 200 211 "https://call2action.com/" "YisouSpider"
