74.248.18.37 - - [19/Aug/2026:07:12:18 -0400] "GET /wp-good.php HTTP/1.1" 404 30147 "-" "Mozilla/5.0 (Windows NT 10.0; Win64; x64) AppleWebKit/537.36 (KHTML, like Gecko) Chrome/120.0.0.0 Safari/537.36"
74.248.18.37 - - [19/Aug/2026:07:12:19 -0400] "GET /simple.php HTTP/1.1" 404 30147 "-" "Mozilla/5.0 (Windows NT 10.0; Win64; x64) AppleWebKit/537.36 (KHTML, like Gecko) Chrome/120.0.0.0 Safari/537.36"
74.248.18.37 - - [19/Aug/2026:07:12:20 -0400] "GET /edit-tags.php HTTP/1.1" 404 30147 "-" "Mozilla/5.0 (Windows NT 10.0; Win64; x64) AppleWebKit/537.36 (KHTML, like Gecko) Chrome/120.0.0.0 Safari/537.36"
74.248.18.37 - - [19/Aug/2026:07:12:22 -0400] "GET /u.php HTTP/1.1" 404 30147 "-" "Mozilla/5.0 (Windows NT 10.0; Win64; x64) AppleWebKit/537.36 (KHTML, like Gecko) Chrome/120.0.0.0 Safari/537.36"
74.248.18.37 - - [19/Aug/2026:07:12:23 -0400] "GET /wp-content/themes/admin.php HTTP/1.1" 404 30309 "-" "Mozilla/5.0 (Windows NT 10.0; Win64; x64) AppleWebKit/537.36 (KHTML, like Gecko) Chrome/120.0.0.0 Safari/537.36"
74.248.18.37 - - [19/Aug/2026:07:12:24 -0400] "GET /h.php HTTP/1.1" 404 30147 "-" "Mozilla/5.0 (Windows NT 10.0; Win64; x64) AppleWebKit/537.36 (KHTML, like Gecko) Chrome/120.0.0.0 Safari/537.36"
74.248.18.37 - - [19/Aug/2026:07:12:26 -0400] "GET /ms-edit.php HTTP/1.1" 404 30147 "-" "Mozilla/5.0 (Windows NT 10.0; Win64; x64) AppleWebKit/537.36 (KHTML, like Gecko) Chrome/120.0.0.0 Safari/537.36"
74.248.18.37 - - [19/Aug/2026:07:12:28 -0400] "GET /a7.php HTTP/1.1" 404 30147 "-" "Mozilla/5.0 (Windows NT 10.0; Win64; x64) AppleWebKit/537.36 (KHTML, like Gecko) Chrome/120.0.0.0 Safari/537.36"
74.248.18.37 - - [19/Aug/2026:07:12:30 -0400] "GET /manager.php HTTP/1.1" 404 30147 "-" "Mozilla/5.0 (Windows NT 10.0; Win64; x64) AppleWebKit/537.36 (KHTML, like Gecko) Chrome/120.0.0.0 Safari/537.36"
74.248.18.37 - - [19/Aug/2026:07:12:31 -0400] "GET /w1.php HTTP/1.1" 404 30147 "-" "Mozilla/5.0 (Windows NT 10.0; Win64; x64) AppleWebKit/537.36 (KHTML, like Gecko) Chrome/120.0.0.0 Safari/537.36"
74.248.18.37 - - [19/Aug/2026:07:12:32 -0400] "GET /wp-includes/fonts/ HTTP/1.1" 200 1246 "-" "Mozilla/5.0 (Windows NT 10.0; Win64; x64) AppleWebKit/537.36 (KHTML, like Gecko) Chrome/120.0.0.0 Safari/537.36"
74.248.18.37 - - [19/Aug/2026:07:12:33 -0400] "GET /wp-login.php HTTP/1.1" 200 3560 "-" "Mozilla/5.0 (Windows NT 10.0; Win64; x64) AppleWebKit/537.36 (KHTML, like Gecko) Chrome/120.0.0.0 Safari/537.36"
74.248.18.37 - - [19/Aug/2026:07:12:34 -0400] "GET /default.php HTTP/1.1" 404 30147 "-" "Mozilla/5.0 (Windows NT 10.0; Win64; x64) AppleWebKit/537.36 (KHTML, like Gecko) Chrome/120.0.0.0 Safari/537.36"
74.248.18.37 - - [19/Aug/2026:07:12:36 -0400] "GET /i.php HTTP/1.1" 404 30147 "-" "Mozilla/5.0 (Windows NT 10.0; Win64; x64) AppleWebKit/537.36 (KHTML, like Gecko) Chrome/120.0.0.0 Safari/537.36"
74.248.18.37 - - [19/Aug/2026:07:12:37 -0400] "GET /wp-content/uploads/ HTTP/1.1" 200 614 "-" "Mozilla/5.0 (Windows NT 10.0; Win64; x64) AppleWebKit/537.36 (KHTML, like Gecko) Chrome/120.0.0.0 Safari/537.36"
74.248.18.37 - - [19/Aug/2026:07:12:37 -0400] "GET /wp-includes/Requests/library/index.php HTTP/1.1" 301 0 "-" "Mozilla/5.0 (Windows NT 10.0; Win64; x64) AppleWebKit/537.36 (KHTML, like Gecko) Chrome/120.0.0.0 Safari/537.36"
74.248.18.37 - - [19/Aug/2026:07:12:39 -0400] "GET /wp-content/themes/index.php HTTP/1.1" 200 0 "-" "Mozilla/5.0 (Windows NT 10.0; Win64; x64) AppleWebKit/537.36 (KHTML, like Gecko) Chrome/120.0.0.0 Safari/537.36"
74.248.18.37 - - [19/Aug/2026:07:12:39 -0400] "GET /gecko-new.php HTTP/1.1" 404 30147 "-" "Mozilla/5.0 (Windows NT 10.0; Win64; x64) AppleWebKit/537.36 (KHTML, like Gecko) Chrome/120.0.0.0 Safari/537.36"
74.248.18.37 - - [19/Aug/2026:07:12:40 -0400] "GET /NewFile.php HTTP/1.1" 404 30147 "-" "Mozilla/5.0 (Windows NT 10.0; Win64; x64) AppleWebKit/537.36 (KHTML, like Gecko) Chrome/120.0.0.0 Safari/537.36"
74.248.18.37 - - [19/Aug/2026:07:12:41 -0400] "GET /wp-Blogs.php HTTP/1.1" 404 30147 "-" "Mozilla/5.0 (Windows NT 10.0; Win64; x64) AppleWebKit/537.36 (KHTML, like Gecko) Chrome/120.0.0.0 Safari/537.36"
74.248.18.37 - - [19/Aug/2026:07:12:42 -0400] "GET /wp-includes/fonts/index.php HTTP/1.1" 301 0 "-" "Mozilla/5.0 (Windows NT 10.0; Win64; x64) AppleWebKit/537.36 (KHTML, like Gecko) Chrome/120.0.0.0 Safari/537.36"
74.248.18.37 - - [19/Aug/2026:07:12:43 -0400] "GET /themes.php HTTP/1.1" 404 30147 "-" "Mozilla/5.0 (Windows NT 10.0; Win64; x64) AppleWebKit/537.36 (KHTML, like Gecko) Chrome/120.0.0.0 Safari/537.36"
74.248.18.37 - - [19/Aug/2026:07:12:44 -0400] "GET /cv.php HTTP/1.1" 404 30147 "-" "Mozilla/5.0 (Windows NT 10.0; Win64; x64) AppleWebKit/537.36 (KHTML, like Gecko) Chrome/120.0.0.0 Safari/537.36"
74.248.18.37 - - [19/Aug/2026:07:12:46 -0400] "GET /wp-admin/js/ HTTP/1.1" 200 3570 "-" "Mozilla/5.0 (Windows NT 10.0; Win64; x64) AppleWebKit/537.36 (KHTML, like Gecko) Chrome/120.0.0.0 Safari/537.36"
74.248.18.37 - - [19/Aug/2026:07:12:46 -0400] "GET /wp-content/uploads/index.php HTTP/1.1" 301 0 "-" "Mozilla/5.0 (Windows NT 10.0; Win64; x64) AppleWebKit/537.36 (KHTML, like Gecko) Chrome/120.0.0.0 Safari/537.36"
74.248.18.37 - - [19/Aug/2026:07:12:47 -0400] "GET /ws83.php HTTP/1.1" 404 30147 "-" "Mozilla/5.0 (Windows NT 10.0; Win64; x64) AppleWebKit/537.36 (KHTML, like Gecko) Chrome/120.0.0.0 Safari/537.36"
74.248.18.37 - - [19/Aug/2026:07:12:48 -0400] "GET /atex1.php HTTP/1.1" 404 30147 "-" "Mozilla/5.0 (Windows NT 10.0; Win64; x64) AppleWebKit/537.36 (KHTML, like Gecko) Chrome/120.0.0.0 Safari/537.36"
74.248.18.37 - - [19/Aug/2026:07:12:49 -0400] "GET /class-t.api.php HTTP/1.1" 404 30147 "-" "Mozilla/5.0 (Windows NT 10.0; Win64; x64) AppleWebKit/537.36 (KHTML, like Gecko) Chrome/120.0.0.0 Safari/537.36"
74.248.18.37 - - [19/Aug/2026:07:12:50 -0400] "GET /w.php HTTP/1.1" 404 30147 "-" "Mozilla/5.0 (Windows NT 10.0; Win64; x64) AppleWebKit/537.36 (KHTML, like Gecko) Chrome/120.0.0.0 Safari/537.36"
74.248.18.37 - - [19/Aug/2026:07:12:52 -0400] "GET /archive.php HTTP/1.1" 404 30147 "-" "Mozilla/5.0 (Windows NT 10.0; Win64; x64) AppleWebKit/537.36 (KHTML, like Gecko) Chrome/120.0.0.0 Safari/537.36"
74.248.18.37 - - [19/Aug/2026:07:12:54 -0400] "GET /bless.php HTTP/1.1" 404 30147 "-" "Mozilla/5.0 (Windows NT 10.0; Win64; x64) AppleWebKit/537.36 (KHTML, like Gecko) Chrome/120.0.0.0 Safari/537.36"
74.248.18.37 - - [19/Aug/2026:07:12:55 -0400] "GET /sagax1.php HTTP/1.1" 404 30147 "-" "Mozilla/5.0 (Windows NT 10.0; Win64; x64) AppleWebKit/537.36 (KHTML, like Gecko) Chrome/120.0.0.0 Safari/537.36"
74.248.18.37 - - [19/Aug/2026:07:12:56 -0400] "GET /wpc.php HTTP/1.1" 404 30147 "-" "Mozilla/5.0 (Windows NT 10.0; Win64; x64) AppleWebKit/537.36 (KHTML, like Gecko) Chrome/120.0.0.0 Safari/537.36"
74.248.18.37 - - [19/Aug/2026:07:12:57 -0400] "GET /fone1.php HTTP/1.1" 404 30147 "-" "Mozilla/5.0 (Windows NT 10.0; Win64; x64) AppleWebKit/537.36 (KHTML, like Gecko) Chrome/120.0.0.0 Safari/537.36"
74.248.18.37 - - [19/Aug/2026:07:12:58 -0400] "GET /ncx.php HTTP/1.1" 404 30147 "-" "Mozilla/5.0 (Windows NT 10.0; Win64; x64) AppleWebKit/537.36 (KHTML, like Gecko) Chrome/120.0.0.0 Safari/537.36"
74.248.18.37 - - [19/Aug/2026:07:12:59 -0400] "GET /wp-admin/js/index.php HTTP/1.1" 301 0 "-" "Mozilla/5.0 (Windows NT 10.0; Win64; x64) AppleWebKit/537.36 (KHTML, like Gecko) Chrome/120.0.0.0 Safari/537.36"
74.248.18.37 - - [19/Aug/2026:07:13:00 -0400] "GET /wso.php HTTP/1.1" 404 30147 "-" "Mozilla/5.0 (Windows NT 10.0; Win64; x64) AppleWebKit/537.36 (KHTML, like Gecko) Chrome/120.0.0.0 Safari/537.36"
74.248.18.37 - - [19/Aug/2026:07:13:01 -0400] "GET /zup.php73 HTTP/1.1" 404 30147 "-" "Mozilla/5.0 (Windows NT 10.0; Win64; x64) AppleWebKit/537.36 (KHTML, like Gecko) Chrome/120.0.0.0 Safari/537.36"
74.248.18.37 - - [19/Aug/2026:07:13:03 -0400] "GET /k.php HTTP/1.1" 404 30147 "-" "Mozilla/5.0 (Windows NT 10.0; Win64; x64) AppleWebKit/537.36 (KHTML, like Gecko) Chrome/120.0.0.0 Safari/537.36"
74.248.18.37 - - [19/Aug/2026:07:13:04 -0400] "GET /wp-blink.php HTTP/1.1" 404 30147 "-" "Mozilla/5.0 (Windows NT 10.0; Win64; x64) AppleWebKit/537.36 (KHTML, like Gecko) Chrome/120.0.0.0 Safari/537.36"
74.248.18.37 - - [19/Aug/2026:07:13:05 -0400] "GET /randkeyword.PhP7 HTTP/1.1" 404 30147 "-" "Mozilla/5.0 (Windows NT 10.0; Win64; x64) AppleWebKit/537.36 (KHTML, like Gecko) Chrome/120.0.0.0 Safari/537.36"
74.248.18.37 - - [19/Aug/2026:07:13:07 -0400] "GET /wp-admin/css/colors/ectoplasm/ HTTP/1.1" 200 724 "-" "Mozilla/5.0 (Windows NT 10.0; Win64; x64) AppleWebKit/537.36 (KHTML, like Gecko) Chrome/120.0.0.0 Safari/537.36"
74.248.18.37 - - [19/Aug/2026:07:13:07 -0400] "GET /wp-content/ HTTP/1.1" 200 0 "-" "Mozilla/5.0 (Windows NT 10.0; Win64; x64) AppleWebKit/537.36 (KHTML, like Gecko) Chrome/120.0.0.0 Safari/537.36"
74.248.18.37 - - [19/Aug/2026:07:13:07 -0400] "GET /ww5.php HTTP/1.1" 404 30147 "-" "Mozilla/5.0 (Windows NT 10.0; Win64; x64) AppleWebKit/537.36 (KHTML, like Gecko) Chrome/120.0.0.0 Safari/537.36"
74.248.18.37 - - [19/Aug/2026:07:13:08 -0400] "GET /2.php HTTP/1.1" 404 30147 "-" "Mozilla/5.0 (Windows NT 10.0; Win64; x64) AppleWebKit/537.36 (KHTML, like Gecko) Chrome/120.0.0.0 Safari/537.36"
74.248.18.37 - - [19/Aug/2026:07:13:09 -0400] "GET /wp-admin/classwithtostring.php HTTP/1.1" 404 30147 "-" "Mozilla/5.0 (Windows NT 10.0; Win64; x64) AppleWebKit/537.36 (KHTML, like Gecko) Chrome/120.0.0.0 Safari/537.36"
74.248.18.37 - - [19/Aug/2026:07:13:11 -0400] "GET /atomlib.php HTTP/1.1" 404 30147 "-" "Mozilla/5.0 (Windows NT 10.0; Win64; x64) AppleWebKit/537.36 (KHTML, like Gecko) Chrome/120.0.0.0 Safari/537.36"
74.248.18.37 - - [19/Aug/2026:07:13:12 -0400] "GET /rip.php HTTP/1.1" 404 30147 "-" "Mozilla/5.0 (Windows NT 10.0; Win64; x64) AppleWebKit/537.36 (KHTML, like Gecko) Chrome/120.0.0.0 Safari/537.36"
74.248.18.37 - - [19/Aug/2026:07:13:12 -0400] "GET /p.php HTTP/1.1" 404 30147 "-" "Mozilla/5.0 (Windows NT 10.0; Win64; x64) AppleWebKit/537.36 (KHTML, like Gecko) Chrome/120.0.0.0 Safari/537.36"
74.248.18.37 - - [19/Aug/2026:07:13:13 -0400] "GET /php.php HTTP/1.1" 404 30147 "-" "Mozilla/5.0 (Windows NT 10.0; Win64; x64) AppleWebKit/537.36 (KHTML, like Gecko) Chrome/120.0.0.0 Safari/537.36"
82.140.196.116 - - [19/Aug/2026:07:14:13 -0400] "GET /sitemaps.xml HTTP/2" 200 220 "-" "Mozilla/5.0 (Macintosh; Intel Mac OS X 10_15_7) AppleWebKit/605.1.15 (KHTML, like Gecko) Version/26.0 Safari/605.1.15"
90.126.41.177 - - [19/Aug/2026:07:15:27 -0400] "GET /comments/feed/ HTTP/2" 200 366 "-" "Mozilla/5.0 (Macintosh; Intel Mac OS X 10_15_7) AppleWebKit/605.1.15 (KHTML, like Gecko) Version/26.0.1 Safari/605.1.15"
116.107.133.33 - - [19/Aug/2026:07:26:45 -0400] "GET /feed/ HTTP/2" 200 23114 "-" "Mozilla/5.0 (Macintosh; Intel Mac OS X 10_15_7) AppleWebKit/605.1.15 (KHTML, like Gecko) Version/18.0 Safari/605.1.15"
223.109.252.209 - - [19/Aug/2026:07:27:51 -0400] "GET /category/technology/ HTTP/1.1" 200 37341 "-" "Sogou web spider/4.0(+http://www.sogou.com/docs/help/webmasters.htm#07)"
47.128.38.52 - - [19/Aug/2026:07:30:48 -0400] "GET /robots.txt HTTP/1.1" 200 111 "-" "Mozilla/5.0 (Linux; Android 5.0) AppleWebKit/537.36 (KHTML, like Gecko) Mobile Safari/537.36 (compatible; Bytespider; https://bytedance.sg.larkoffice.com/docx/K5bxdypulop3IIxrJb0lOjLVgFe)"
223.109.252.161 - - [19/Aug/2026:07:33:03 -0400] "GET /category/lifestyle/ HTTP/1.1" 200 36864 "-" "Sogou web spider/4.0(+http://www.sogou.com/docs/help/webmasters.htm#07)"
187.188.241.90 - - [19/Aug/2026:07:37:22 -0400] "GET /wp-content/uploads/2023/09/istockphoto-1140385944-612x612-1-600x340.jpg HTTP/1.1" 301 0 "https://www.call2action.com/" "Mozilla/5.0 (Windows NT 10.0; Win64; x64) AppleWebKit/537.36 (KHTML, like Gecko) Chrome/106.0.5249.119 Safari/537.36"
165.90.205.209 - - [19/Aug/2026:07:37:27 -0400] "GET /wp-content/uploads/2023/09/istockphoto-1140385944-612x612-1-600x340.jpg HTTP/1.1" 404 34154 "https://www.call2action.com/" "Mozilla/5.0 (Windows NT 10.0; Win64; x64) AppleWebKit/537.36 (KHTML, like Gecko) Chrome/106.0.5249.119 Safari/537.36"
121.229.156.62 - - [19/Aug/2026:07:37:37 -0400] "GET /category/education/ HTTP/1.1" 200 36809 "-" "Sogou web spider/4.0(+http://www.sogou.com/docs/help/webmasters.htm#07)"
192.158.238.133 - - [19/Aug/2026:07:39:47 -0400] "POST /wp-cron.php?doing_wp_cron=1787139586.7896499633789062500000 HTTP/1.1" 200 0 "-" "WordPress/7.0.4; https://call2action.com"
112.86.225.226 - - [19/Aug/2026:07:39:44 -0400] "GET /category/business/ HTTP/1.1" 200 37183 "-" "Sogou web spider/4.0(+http://www.sogou.com/docs/help/webmasters.htm#07)"
177.128.197.78 - - [19/Aug/2026:07:41:32 -0400] "GET /blog/portfolio/the-same-as-saying-through-shrinking-quality-worker/ HTTP/1.1" 404 34154 "-" "Mozilla/5.0 (Macintosh; Intel Mac OS X 14_6_0) AppleWebKit/537.36 (KHTML, like Gecko) Chrome/132.0.6834.160 Safari/537.36"
223.109.252.150 - - [19/Aug/2026:07:51:04 -0400] "GET /category/marketing/ HTTP/1.1" 200 37176 "-" "Sogou web spider/4.0(+http://www.sogou.com/docs/help/webmasters.htm#07)"
223.109.252.198 - - [19/Aug/2026:07:51:19 -0400] "GET /category/lifestyle/ HTTP/1.1" 200 36864 "-" "Sogou web spider/4.0(+http://www.sogou.com/docs/help/webmasters.htm#07)"
40.77.167.35 - - [19/Aug/2026:07:52:48 -0400] "GET /six-creative-ways-to-recycle-content/ HTTP/2" 404 30148 "-" "Mozilla/5.0 AppleWebKit/537.36 (KHTML, like Gecko; compatible; bingbot/2.0; +http://www.bing.com/bingbot.htm) Chrome/116.0.1938.76 Safari/537.36"
205.210.31.134 - - [19/Aug/2026:07:53:01 -0400] "GET / HTTP/1.1" 301 0 "-" "Hello from Palo Alto Networks, find out more about our scans in https://docs-cortex.paloaltonetworks.com/r/1/Cortex-Xpanse/Scanning-activity"
47.128.38.243 - - [19/Aug/2026:07:53:04 -0400] "GET /blog/revolutionizing-brand-engagement-with-gamification/ HTTP/2" 301 0 "-" "Mozilla/5.0 (Linux; Android 5.0) AppleWebKit/537.36 (KHTML, like Gecko) Mobile Safari/537.36 (compatible; Bytespider; https://bytedance.sg.larkoffice.com/docx/K5bxdypulop3IIxrJb0lOjLVgFe)"
205.210.31.134 - - [19/Aug/2026:07:53:04 -0400] "GET / HTTP/1.1" 200 172784 "-" "Hello from Palo Alto Networks, find out more about our scans in https://docs-cortex.paloaltonetworks.com/r/1/Cortex-Xpanse/Scanning-activity"
192.158.238.133 - - [19/Aug/2026:07:53:11 -0400] "GET /wp-content/uploads/2026/04/Screenshot-2024-10-29-205526.png HTTP/1.1" 200 322711 "-" "-"
47.128.38.243 - - [19/Aug/2026:07:53:08 -0400] "GET /revolutionizing-brand-engagement-with-gamification/ HTTP/2" 200 37779 "-" "Mozilla/5.0 (Linux; Android 5.0) AppleWebKit/537.36 (KHTML, like Gecko) Mobile Safari/537.36 (compatible; Bytespider; https://bytedance.sg.larkoffice.com/docx/K5bxdypulop3IIxrJb0lOjLVgFe)"
47.128.38.243 - - [19/Aug/2026:07:53:12 -0400] "GET /wp-content/uploads/2026/04/Screenshot-2024-10-29-205526.png HTTP/2" 206 500 "https://call2action.com/revolutionizing-brand-engagement-with-gamification/" "Mozilla/5.0 (Linux; Android 5.0) AppleWebKit/537.36 (KHTML, like Gecko) Mobile Safari/537.36 (compatible; Bytespider; https://bytedance.sg.larkoffice.com/docx/K5bxdypulop3IIxrJb0lOjLVgFe)"
144.76.32.187 - - [19/Aug/2026:07:56:48 -0400] "GET /robots.txt HTTP/1.1" 301 0 "-" "Mozilla/5.0 (compatible; SERankingBacklinksBot/1.0; +https://seranking.com/backlinks-crawler)"
144.76.32.187 - - [19/Aug/2026:07:56:50 -0400] "GET /robots.txt HTTP/1.1" 200 111 "-" "Mozilla/5.0 (compatible; SERankingBacklinksBot/1.0; +https://seranking.com/backlinks-crawler)"
144.76.32.187 - - [19/Aug/2026:07:56:51 -0400] "GET /what-does-a-social-media-policy-for-a-business-typically-specify/ HTTP/1.1" 301 0 "-" "Mozilla/5.0 (compatible; SERankingBacklinksBot/1.0; +https://seranking.com/backlinks-crawler)"
144.76.32.187 - - [19/Aug/2026:07:56:52 -0400] "GET /robots.txt HTTP/1.1" 200 111 "-" "Mozilla/5.0 (compatible; SERankingBacklinksBot/1.0; +https://seranking.com/backlinks-crawler)"
144.76.32.187 - - [19/Aug/2026:07:56:52 -0400] "GET /what-does-a-social-media-policy-for-a-business-typically-specify/ HTTP/1.1" 404 33929 "-" "Mozilla/5.0 (compatible; SERankingBacklinksBot/1.0; +https://seranking.com/backlinks-crawler)"
104.210.140.138 - - [19/Aug/2026:07:57:01 -0400] "GET /robots.txt HTTP/2" 301 0 "-" "Mozilla/5.0 (Macintosh; Intel Mac OS X 10_15_7) AppleWebKit/537.36 (KHTML, like Gecko) Chrome/131.0.0.0 Safari/537.36; compatible; OAI-SearchBot/1.0; +https://openai.com/searchbot"
144.76.32.187 - - [19/Aug/2026:07:57:01 -0400] "GET /actionable-steps-to-start-a-successful-seo-campaign/ HTTP/1.1" 301 0 "-" "Mozilla/5.0 (compatible; SERankingBacklinksBot/1.0; +https://seranking.com/backlinks-crawler)"
144.76.32.187 - - [19/Aug/2026:07:57:03 -0400] "GET /actionable-steps-to-start-a-successful-seo-campaign/ HTTP/1.1" 404 33929 "-" "Mozilla/5.0 (compatible; SERankingBacklinksBot/1.0; +https://seranking.com/backlinks-crawler)"
104.210.140.130 - - [19/Aug/2026:07:57:04 -0400] "GET /robots.txt HTTP/2" 200 96 "-" "Mozilla/5.0 (Macintosh; Intel Mac OS X 10_15_7) AppleWebKit/537.36 (KHTML, like Gecko) Chrome/131.0.0.0 Safari/537.36; compatible; OAI-SearchBot/1.0; +https://openai.com/searchbot"
104.210.140.130 - - [19/Aug/2026:07:57:19 -0400] "GET /robots.txt HTTP/2" 200 96 "-" "Mozilla/5.0 (Macintosh; Intel Mac OS X 10_15_7) AppleWebKit/537.36 (KHTML, like Gecko) Chrome/131.0.0.0 Safari/537.36; compatible; OAI-SearchBot/1.0; +https://openai.com/searchbot"
144.76.32.187 - - [19/Aug/2026:07:57:23 -0400] "GET /article-about-digital-marketing/ HTTP/1.1" 301 0 "-" "Mozilla/5.0 (compatible; SERankingBacklinksBot/1.0; +https://seranking.com/backlinks-crawler)"
144.76.32.187 - - [19/Aug/2026:07:57:24 -0400] "GET /article-about-digital-marketing/ HTTP/1.1" 404 33929 "-" "Mozilla/5.0 (compatible; SERankingBacklinksBot/1.0; +https://seranking.com/backlinks-crawler)"
144.76.32.187 - - [19/Aug/2026:07:57:45 -0400] "GET /aspiring-digital-marketers/ HTTP/1.1" 301 0 "-" "Mozilla/5.0 (compatible; SERankingBacklinksBot/1.0; +https://seranking.com/backlinks-crawler)"
144.76.32.187 - - [19/Aug/2026:07:57:47 -0400] "GET /aspiring-digital-marketers/ HTTP/1.1" 404 33929 "-" "Mozilla/5.0 (compatible; SERankingBacklinksBot/1.0; +https://seranking.com/backlinks-crawler)"
144.76.32.187 - - [19/Aug/2026:07:58:03 -0400] "GET /benefits-of-digital-marketing-for-small-businesses/ HTTP/1.1" 301 0 "-" "Mozilla/5.0 (compatible; SERankingBacklinksBot/1.0; +https://seranking.com/backlinks-crawler)"
144.76.32.187 - - [19/Aug/2026:07:58:04 -0400] "GET /benefits-of-digital-marketing-for-small-businesses/ HTTP/1.1" 404 33929 "-" "Mozilla/5.0 (compatible; SERankingBacklinksBot/1.0; +https://seranking.com/backlinks-crawler)"
144.76.32.187 - - [19/Aug/2026:07:58:38 -0400] "GET /what-is-digital-advertising-a-guide-to-getting-started/ HTTP/1.1" 301 0 "-" "Mozilla/5.0 (compatible; SERankingBacklinksBot/1.0; +https://seranking.com/backlinks-crawler)"
144.76.32.187 - - [19/Aug/2026:07:58:39 -0400] "GET /what-is-digital-advertising-a-guide-to-getting-started/ HTTP/1.1" 404 33929 "-" "Mozilla/5.0 (compatible; SERankingBacklinksBot/1.0; +https://seranking.com/backlinks-crawler)"
144.76.32.187 - - [19/Aug/2026:07:59:16 -0400] "GET /what-is-digital-marketing/ HTTP/1.1" 301 0 "-" "Mozilla/5.0 (compatible; SERankingBacklinksBot/1.0; +https://seranking.com/backlinks-crawler)"
144.76.32.187 - - [19/Aug/2026:07:59:17 -0400] "GET /what-is-digital-marketing/ HTTP/1.1" 404 33929 "-" "Mozilla/5.0 (compatible; SERankingBacklinksBot/1.0; +https://seranking.com/backlinks-crawler)"
144.76.32.187 - - [19/Aug/2026:07:59:35 -0400] "GET /what-is-freelance-digital-marketing/ HTTP/1.1" 301 0 "-" "Mozilla/5.0 (compatible; SERankingBacklinksBot/1.0; +https://seranking.com/backlinks-crawler)"
144.76.32.187 - - [19/Aug/2026:07:59:36 -0400] "GET /what-is-freelance-digital-marketing/ HTTP/1.1" 404 33929 "-" "Mozilla/5.0 (compatible; SERankingBacklinksBot/1.0; +https://seranking.com/backlinks-crawler)"
192.158.238.133 - - [19/Aug/2026:07:59:45 -0400] "GET /wp-content/uploads/2026/04/b0225-social-media-tools-small.webp HTTP/1.1" 200 83404 "-" "-"
144.76.32.187 - - [19/Aug/2026:07:59:45 -0400] "GET /best-social-media-marketing-tools/ HTTP/1.1" 200 41789 "-" "Mozilla/5.0 (compatible; SERankingBacklinksBot/1.0; +https://seranking.com/backlinks-crawler)"
144.76.32.187 - - [19/Aug/2026:07:59:54 -0400] "GET /what-is-online-marketing-learn-tools-tips-and-winning-tactics-2/ HTTP/1.1" 301 0 "-" "Mozilla/5.0 (compatible; SERankingBacklinksBot/1.0; +https://seranking.com/backlinks-crawler)"
144.76.32.187 - - [19/Aug/2026:07:59:55 -0400] "GET /what-is-online-marketing-learn-tools-tips-and-winning-tactics-2/ HTTP/1.1" 404 33929 "-" "Mozilla/5.0 (compatible; SERankingBacklinksBot/1.0; +https://seranking.com/backlinks-crawler)"
112.86.225.213 - - [19/Aug/2026:08:00:22 -0400] "GET /category/marketing/ HTTP/1.1" 200 37176 "-" "Sogou web spider/4.0(+http://www.sogou.com/docs/help/webmasters.htm#07)"
192.158.238.133 - - [19/Aug/2026:08:00:27 -0400] "GET /wp-content/uploads/2026/04/IMG_4259.jpeg HTTP/1.1" 200 146116 "-" "-"
144.76.32.187 - - [19/Aug/2026:08:00:27 -0400] "GET /case-study-how-boogle-transformed-our-link-building-campaign/ HTTP/1.1" 200 43179 "-" "Mozilla/5.0 (compatible; SERankingBacklinksBot/1.0; +https://seranking.com/backlinks-crawler)"
144.76.32.187 - - [19/Aug/2026:08:00:31 -0400] "GET /what-is-ppc-pay-per-click-an-introduction-to-ppc-marketing/ HTTP/1.1" 301 0 "-" "Mozilla/5.0 (compatible; SERankingBacklinksBot/1.0; +https://seranking.com/backlinks-crawler)"
144.76.32.187 - - [19/Aug/2026:08:00:32 -0400] "GET /what-is-ppc-pay-per-click-an-introduction-to-ppc-marketing/ HTTP/1.1" 404 33935 "-" "Mozilla/5.0 (compatible; SERankingBacklinksBot/1.0; +https://seranking.com/backlinks-crawler)"
144.76.32.187 - - [19/Aug/2026:08:00:36 -0400] "GET /blog/category/digital-marketing/page/2/ HTTP/1.1" 301 0 "-" "Mozilla/5.0 (compatible; SERankingBacklinksBot/1.0; +https://seranking.com/backlinks-crawler)"
144.76.32.187 - - [19/Aug/2026:08:00:37 -0400] "GET /blog/category/digital-marketing/page/2/ HTTP/1.1" 404 34153 "-" "Mozilla/5.0 (compatible; SERankingBacklinksBot/1.0; +https://seranking.com/backlinks-crawler)"
144.76.32.187 - - [19/Aug/2026:08:00:46 -0400] "GET /blog/category/marketing/page/2/ HTTP/1.1" 301 0 "-" "Mozilla/5.0 (compatible; SERankingBacklinksBot/1.0; +https://seranking.com/backlinks-crawler)"
144.76.32.187 - - [19/Aug/2026:08:00:48 -0400] "GET /blog/category/marketing/page/2/ HTTP/1.1" 404 34153 "-" "Mozilla/5.0 (compatible; SERankingBacklinksBot/1.0; +https://seranking.com/backlinks-crawler)"
144.76.32.187 - - [19/Aug/2026:08:01:04 -0400] "GET /blog/chatgpt-wont-replace-your-marketing-team-but-it-can-be-a-useful-tool/ HTTP/1.1" 301 0 "-" "Mozilla/5.0 (compatible; SERankingBacklinksBot/1.0; +https://seranking.com/backlinks-crawler)"
144.76.32.187 - - [19/Aug/2026:08:01:05 -0400] "GET /blog/chatgpt-wont-replace-your-marketing-team-but-it-can-be-a-useful-tool/ HTTP/1.1" 404 33929 "-" "Mozilla/5.0 (compatible; SERankingBacklinksBot/1.0; +https://seranking.com/backlinks-crawler)"
144.76.32.187 - - [19/Aug/2026:08:01:14 -0400] "GET /what-is-search-engine-marketing-sem-explained/ HTTP/1.1" 301 0 "-" "Mozilla/5.0 (compatible; SERankingBacklinksBot/1.0; +https://seranking.com/backlinks-crawler)"
144.76.32.187 - - [19/Aug/2026:08:01:15 -0400] "GET /what-is-search-engine-marketing-sem-explained/ HTTP/1.1" 404 33929 "-" "Mozilla/5.0 (compatible; SERankingBacklinksBot/1.0; +https://seranking.com/backlinks-crawler)"
144.76.32.187 - - [19/Aug/2026:08:01:54 -0400] "GET /what-we-learned-analyzing-1-million-blog-headlines/ HTTP/1.1" 301 0 "-" "Mozilla/5.0 (compatible; SERankingBacklinksBot/1.0; +https://seranking.com/backlinks-crawler)"
144.76.32.187 - - [19/Aug/2026:08:01:56 -0400] "GET /what-we-learned-analyzing-1-million-blog-headlines/ HTTP/1.1" 404 33929 "-" "Mozilla/5.0 (compatible; SERankingBacklinksBot/1.0; +https://seranking.com/backlinks-crawler)"
192.158.238.133 - - [19/Aug/2026:08:02:20 -0400] "GET /wp-content/uploads/2026/04/pexels-photo-5625002.jpeg HTTP/1.1" 200 15050 "-" "-"
54.158.183.195 - - [19/Aug/2026:08:02:19 -0400] "GET /how-to-choose-the-right-promotional-product-supplier/ HTTP/1.1" 200 40591 "-" "Mozilla/5.0 (Macintosh; Intel Mac OS X 10_15_7) AppleWebKit/605.1.15 (KHTML, like Gecko) Chrome/139.0.0.0 Safari/605.1.15"
144.76.32.187 - - [19/Aug/2026:08:02:36 -0400] "GET /wytlabs-reviews/ HTTP/1.1" 301 0 "-" "Mozilla/5.0 (compatible; SERankingBacklinksBot/1.0; +https://seranking.com/backlinks-crawler)"
144.76.32.187 - - [19/Aug/2026:08:02:37 -0400] "GET /wytlabs-reviews/ HTTP/1.1" 404 33929 "-" "Mozilla/5.0 (compatible; SERankingBacklinksBot/1.0; +https://seranking.com/backlinks-crawler)"
195.3.220.7 - - [19/Aug/2026:08:03:01 -0400] "GET /a.php HTTP/1.1" 404 30148 "-" "Mozilla/5.0 (Linux; Android 7.0; SM-G892A Build/NRD90M; wv) AppleWebKit/537.36 (KHTML, like Gecko) Version/4.0 Chrome/60.0.3112.107 Mobile Safari/537.36"
195.3.220.7 - - [19/Aug/2026:08:03:03 -0400] "GET /chosen.php HTTP/1.1" 404 30148 "-" "Mozilla/5.0 (Linux; Android 7.0; SM-G892A Build/NRD90M; wv) AppleWebKit/537.36 (KHTML, like Gecko) Version/4.0 Chrome/60.0.3112.107 Mobile Safari/537.36"
195.3.220.7 - - [19/Aug/2026:08:03:05 -0400] "GET /simple.php HTTP/1.1" 404 30148 "-" "Mozilla/5.0 (Linux; Android 7.0; SM-G892A Build/NRD90M; wv) AppleWebKit/537.36 (KHTML, like Gecko) Version/4.0 Chrome/60.0.3112.107 Mobile Safari/537.36"
195.3.220.7 - - [19/Aug/2026:08:03:06 -0400] "GET /.tmb/worksec.php HTTP/1.1" 404 30148 "-" "Mozilla/5.0 (Linux; Android 7.0; SM-G892A Build/NRD90M; wv) AppleWebKit/537.36 (KHTML, like Gecko) Version/4.0 Chrome/60.0.3112.107 Mobile Safari/537.36"
195.3.220.7 - - [19/Aug/2026:08:03:08 -0400] "GET /wp-content/plugins/fix/up.php HTTP/1.1" 404 30311 "-" "Mozilla/5.0 (Linux; Android 7.0; SM-G892A Build/NRD90M; wv) AppleWebKit/537.36 (KHTML, like Gecko) Version/4.0 Chrome/60.0.3112.107 Mobile Safari/537.36"
195.3.220.7 - - [19/Aug/2026:08:03:11 -0400] "GET /wp-content/index.php HTTP/1.1" 200 0 "-" "Mozilla/5.0 (Linux; Android 7.0; SM-G892A Build/NRD90M; wv) AppleWebKit/537.36 (KHTML, like Gecko) Version/4.0 Chrome/60.0.3112.107 Mobile Safari/537.36"
195.3.220.7 - - [19/Aug/2026:08:03:11 -0400] "GET /wp-content/plugins/pwnd/pwnd.php HTTP/1.1" 404 30309 "-" "Mozilla/5.0 (Linux; Android 7.0; SM-G892A Build/NRD90M; wv) AppleWebKit/537.36 (KHTML, like Gecko) Version/4.0 Chrome/60.0.3112.107 Mobile Safari/537.36"
192.158.238.133 - - [19/Aug/2026:08:03:15 -0400] "GET /wp-content/uploads/2026/04/istockphoto-1147525564-612x612-1.jpg HTTP/1.1" 200 27665 "-" "-"
144.76.32.187 - - [19/Aug/2026:08:03:14 -0400] "GET /how-can-website-management-help-you-increase-your-roi/ HTTP/1.1" 200 40731 "-" "Mozilla/5.0 (compatible; SERankingBacklinksBot/1.0; +https://seranking.com/backlinks-crawler)"
195.3.220.7 - - [19/Aug/2026:08:03:14 -0400] "GET /wp-content/plugins/pwnd-1/pwnd.php HTTP/1.1" 404 30309 "-" "Mozilla/5.0 (Linux; Android 7.0; SM-G892A Build/NRD90M; wv) AppleWebKit/537.36 (KHTML, like Gecko) Version/4.0 Chrome/60.0.3112.107 Mobile Safari/537.36"
195.3.220.7 - - [19/Aug/2026:08:03:16 -0400] "GET /worksec.php HTTP/1.1" 404 30148 "-" "Mozilla/5.0 (Linux; Android 7.0; SM-G892A Build/NRD90M; wv) AppleWebKit/537.36 (KHTML, like Gecko) Version/4.0 Chrome/60.0.3112.107 Mobile Safari/537.36"
195.3.220.7 - - [19/Aug/2026:08:03:19 -0400] "GET /wp-content/worksec.php HTTP/1.1" 404 30148 "-" "Mozilla/5.0 (Linux; Android 7.0; SM-G892A Build/NRD90M; wv) AppleWebKit/537.36 (KHTML, like Gecko) Version/4.0 Chrome/60.0.3112.107 Mobile Safari/537.36"
195.3.220.7 - - [19/Aug/2026:08:03:21 -0400] "GET /wp-content/themes/twentynineteen/404.php HTTP/1.1" 404 30309 "-" "Mozilla/5.0 (Linux; Android 7.0; SM-G892A Build/NRD90M; wv) AppleWebKit/537.36 (KHTML, like Gecko) Version/4.0 Chrome/60.0.3112.107 Mobile Safari/537.36"
223.109.255.152 - - [19/Aug/2026:08:03:23 -0400] "GET /category/digital-marketing/ HTTP/1.1" 200 38918 "-" "Sogou web spider/4.0(+http://www.sogou.com/docs/help/webmasters.htm#07)"
195.3.220.7 - - [19/Aug/2026:08:03:23 -0400] "GET /wp-content/themes/twentytwentyone/404.php HTTP/1.1" 404 30309 "-" "Mozilla/5.0 (Linux; Android 7.0; SM-G892A Build/NRD90M; wv) AppleWebKit/537.36 (KHTML, like Gecko) Version/4.0 Chrome/60.0.3112.107 Mobile Safari/537.36"
195.3.220.7 - - [19/Aug/2026:08:03:26 -0400] "GET /wp-content/cache/index.php HTTP/1.1" 301 0 "-" "Mozilla/5.0 (Linux; Android 7.0; SM-G892A Build/NRD90M; wv) AppleWebKit/537.36 (KHTML, like Gecko) Version/4.0 Chrome/60.0.3112.107 Mobile Safari/537.36"
195.3.220.7 - - [19/Aug/2026:08:03:28 -0400] "GET /wp-content/cache/ HTTP/1.1" 200 621 "-" "Mozilla/5.0 (Linux; Android 7.0; SM-G892A Build/NRD90M; wv) AppleWebKit/537.36 (KHTML, like Gecko) Version/4.0 Chrome/60.0.3112.107 Mobile Safari/537.36"
195.3.220.7 - - [19/Aug/2026:08:03:28 -0400] "GET /wp-content/index.php HTTP/1.1" 200 0 "-" "Mozilla/5.0 (Linux; Android 7.0; SM-G892A Build/NRD90M; wv) AppleWebKit/537.36 (KHTML, like Gecko) Version/4.0 Chrome/60.0.3112.107 Mobile Safari/537.36"
195.3.220.7 - - [19/Aug/2026:08:03:29 -0400] "GET /wp-content/languages/index.php HTTP/1.1" 301 0 "-" "Mozilla/5.0 (Linux; Android 7.0; SM-G892A Build/NRD90M; wv) AppleWebKit/537.36 (KHTML, like Gecko) Version/4.0 Chrome/60.0.3112.107 Mobile Safari/537.36"
195.3.220.7 - - [19/Aug/2026:08:03:30 -0400] "GET /wp-content/languages/ HTTP/1.1" 404 30148 "-" "Mozilla/5.0 (Linux; Android 7.0; SM-G892A Build/NRD90M; wv) AppleWebKit/537.36 (KHTML, like Gecko) Version/4.0 Chrome/60.0.3112.107 Mobile Safari/537.36"
195.3.220.7 - - [19/Aug/2026:08:03:32 -0400] "GET /wp-content/plugins/index.php HTTP/1.1" 200 0 "-" "Mozilla/5.0 (Linux; Android 7.0; SM-G892A Build/NRD90M; wv) AppleWebKit/537.36 (KHTML, like Gecko) Version/4.0 Chrome/60.0.3112.107 Mobile Safari/537.36"
195.3.220.7 - - [19/Aug/2026:08:03:32 -0400] "GET /wp-content/themes/index.php HTTP/1.1" 200 0 "-" "Mozilla/5.0 (Linux; Android 7.0; SM-G892A Build/NRD90M; wv) AppleWebKit/537.36 (KHTML, like Gecko) Version/4.0 Chrome/60.0.3112.107 Mobile Safari/537.36"
195.3.220.7 - - [19/Aug/2026:08:03:33 -0400] "GET /wp-content/upgrade/index.php HTTP/1.1" 301 0 "-" "Mozilla/5.0 (Linux; Android 7.0; SM-G892A Build/NRD90M; wv) AppleWebKit/537.36 (KHTML, like Gecko) Version/4.0 Chrome/60.0.3112.107 Mobile Safari/537.36"
195.3.220.7 - - [19/Aug/2026:08:03:34 -0400] "GET /wp-content/upgrade/ HTTP/1.1" 200 545 "-" "Mozilla/5.0 (Linux; Android 7.0; SM-G892A Build/NRD90M; wv) AppleWebKit/537.36 (KHTML, like Gecko) Version/4.0 Chrome/60.0.3112.107 Mobile Safari/537.36"
195.3.220.7 - - [19/Aug/2026:08:03:34 -0400] "GET /wp-content/uploads/index.php HTTP/1.1" 301 0 "-" "Mozilla/5.0 (Linux; Android 7.0; SM-G892A Build/NRD90M; wv) AppleWebKit/537.36 (KHTML, like Gecko) Version/4.0 Chrome/60.0.3112.107 Mobile Safari/537.36"
195.3.220.7 - - [19/Aug/2026:08:03:36 -0400] "GET /wp-content/uploads/ HTTP/1.1" 200 614 "-" "Mozilla/5.0 (Linux; Android 7.0; SM-G892A Build/NRD90M; wv) AppleWebKit/537.36 (KHTML, like Gecko) Version/4.0 Chrome/60.0.3112.107 Mobile Safari/537.36"
195.3.220.7 - - [19/Aug/2026:08:03:37 -0400] "GET /wp-admin/index.php HTTP/1.1" 302 0 "-" "Mozilla/5.0 (Linux; Android 7.0; SM-G892A Build/NRD90M; wv) AppleWebKit/537.36 (KHTML, like Gecko) Version/4.0 Chrome/60.0.3112.107 Mobile Safari/537.36"
195.3.220.7 - - [19/Aug/2026:08:03:38 -0400] "GET /wp-login.php?redirect_to=https%3A%2F%2Fcall2action.com%2Fwp-admin%2Findex.php&reauth=1 HTTP/1.1" 200 3606 "-" "Mozilla/5.0 (Linux; Android 7.0; SM-G892A Build/NRD90M; wv) AppleWebKit/537.36 (KHTML, like Gecko) Version/4.0 Chrome/60.0.3112.107 Mobile Safari/537.36"
195.3.220.7 - - [19/Aug/2026:08:03:41 -0400] "GET /wp-content/themes/Divi/404.php HTTP/1.1" 404 30309 "-" "Mozilla/5.0 (Linux; Android 7.0; SM-G892A Build/NRD90M; wv) AppleWebKit/537.36 (KHTML, like Gecko) Version/4.0 Chrome/60.0.3112.107 Mobile Safari/537.36"
195.3.220.7 - - [19/Aug/2026:08:03:42 -0400] "GET /wp-admin/index.php HTTP/1.1" 302 0 "-" "Mozilla/5.0 (Linux; Android 7.0; SM-G892A Build/NRD90M; wv) AppleWebKit/537.36 (KHTML, like Gecko) Version/4.0 Chrome/60.0.3112.107 Mobile Safari/537.36"
195.3.220.7 - - [19/Aug/2026:08:03:44 -0400] "GET /wp-login.php?redirect_to=https%3A%2F%2Fcall2action.com%2Fwp-admin%2Findex.php&reauth=1 HTTP/1.1" 200 3604 "-" "Mozilla/5.0 (Linux; Android 7.0; SM-G892A Build/NRD90M; wv) AppleWebKit/537.36 (KHTML, like Gecko) Version/4.0 Chrome/60.0.3112.107 Mobile Safari/537.36"
195.3.220.7 - - [19/Aug/2026:08:03:45 -0400] "GET /wp-admin/css/index.php HTTP/1.1" 301 0 "-" "Mozilla/5.0 (Linux; Android 7.0; SM-G892A Build/NRD90M; wv) AppleWebKit/537.36 (KHTML, like Gecko) Version/4.0 Chrome/60.0.3112.107 Mobile Safari/537.36"
195.3.220.7 - - [19/Aug/2026:08:03:46 -0400] "GET /wp-admin/css/ HTTP/1.1" 200 2893 "-" "Mozilla/5.0 (Linux; Android 7.0; SM-G892A Build/NRD90M; wv) AppleWebKit/537.36 (KHTML, like Gecko) Version/4.0 Chrome/60.0.3112.107 Mobile Safari/537.36"
195.3.220.7 - - [19/Aug/2026:08:03:47 -0400] "GET /wp-admin/images/index.php HTTP/1.1" 301 0 "-" "Mozilla/5.0 (Linux; Android 7.0; SM-G892A Build/NRD90M; wv) AppleWebKit/537.36 (KHTML, like Gecko) Version/4.0 Chrome/60.0.3112.107 Mobile Safari/537.36"
195.3.220.7 - - [19/Aug/2026:08:03:48 -0400] "GET /wp-admin/images/ HTTP/1.1" 200 3025 "-" "Mozilla/5.0 (Linux; Android 7.0; SM-G892A Build/NRD90M; wv) AppleWebKit/537.36 (KHTML, like Gecko) Version/4.0 Chrome/60.0.3112.107 Mobile Safari/537.36"
195.3.220.7 - - [19/Aug/2026:08:03:49 -0400] "GET /wp-admin/includes/index.php HTTP/1.1" 301 0 "-" "Mozilla/5.0 (Linux; Android 7.0; SM-G892A Build/NRD90M; wv) AppleWebKit/537.36 (KHTML, like Gecko) Version/4.0 Chrome/60.0.3112.107 Mobile Safari/537.36"
195.3.220.7 - - [19/Aug/2026:08:03:51 -0400] "GET /wp-admin/includes/ HTTP/1.1" 200 3899 "-" "Mozilla/5.0 (Linux; Android 7.0; SM-G892A Build/NRD90M; wv) AppleWebKit/537.36 (KHTML, like Gecko) Version/4.0 Chrome/60.0.3112.107 Mobile Safari/537.36"
195.3.220.7 - - [19/Aug/2026:08:03:51 -0400] "GET /wp-admin/js/index.php HTTP/1.1" 301 0 "-" "Mozilla/5.0 (Linux; Android 7.0; SM-G892A Build/NRD90M; wv) AppleWebKit/537.36 (KHTML, like Gecko) Version/4.0 Chrome/60.0.3112.107 Mobile Safari/537.36"
195.3.220.7 - - [19/Aug/2026:08:03:52 -0400] "GET /wp-admin/js/ HTTP/1.1" 200 3570 "-" "Mozilla/5.0 (Linux; Android 7.0; SM-G892A Build/NRD90M; wv) AppleWebKit/537.36 (KHTML, like Gecko) Version/4.0 Chrome/60.0.3112.107 Mobile Safari/537.36"
195.3.220.7 - - [19/Aug/2026:08:03:53 -0400] "GET /wp-admin/maint/index.php HTTP/1.1" 301 0 "-" "Mozilla/5.0 (Linux; Android 7.0; SM-G892A Build/NRD90M; wv) AppleWebKit/537.36 (KHTML, like Gecko) Version/4.0 Chrome/60.0.3112.107 Mobile Safari/537.36"
195.3.220.7 - - [19/Aug/2026:08:03:54 -0400] "GET /wp-admin/maint/ HTTP/1.1" 200 624 "-" "Mozilla/5.0 (Linux; Android 7.0; SM-G892A Build/NRD90M; wv) AppleWebKit/537.36 (KHTML, like Gecko) Version/4.0 Chrome/60.0.3112.107 Mobile Safari/537.36"
195.3.220.7 - - [19/Aug/2026:08:03:54 -0400] "GET /wp-admin/network/index.php HTTP/1.1" 302 0 "-" "Mozilla/5.0 (Linux; Android 7.0; SM-G892A Build/NRD90M; wv) AppleWebKit/537.36 (KHTML, like Gecko) Version/4.0 Chrome/60.0.3112.107 Mobile Safari/537.36"
195.3.220.7 - - [19/Aug/2026:08:03:55 -0400] "GET /wp-login.php?redirect_to=https%3A%2F%2Fcall2action.com%2Fwp-admin%2Fnetwork%2Findex.php&reauth=1 HTTP/1.1" 200 3611 "-" "Mozilla/5.0 (Linux; Android 7.0; SM-G892A Build/NRD90M; wv) AppleWebKit/537.36 (KHTML, like Gecko) Version/4.0 Chrome/60.0.3112.107 Mobile Safari/537.36"
195.3.220.7 - - [19/Aug/2026:08:03:57 -0400] "GET /wp-admin/user/index.php HTTP/1.1" 302 0 "-" "Mozilla/5.0 (Linux; Android 7.0; SM-G892A Build/NRD90M; wv) AppleWebKit/537.36 (KHTML, like Gecko) Version/4.0 Chrome/60.0.3112.107 Mobile Safari/537.36"
195.3.220.7 - - [19/Aug/2026:08:03:58 -0400] "GET /wp-login.php?redirect_to=https%3A%2F%2Fcall2action.com%2Fwp-admin%2Fuser%2Findex.php&reauth=1 HTTP/1.1" 200 3611 "-" "Mozilla/5.0 (Linux; Android 7.0; SM-G892A Build/NRD90M; wv) AppleWebKit/537.36 (KHTML, like Gecko) Version/4.0 Chrome/60.0.3112.107 Mobile Safari/537.36"
112.86.225.85 - - [19/Aug/2026:08:04:18 -0400] "GET /category/web-design/ HTTP/1.1" 200 36872 "-" "Sogou web spider/4.0(+http://www.sogou.com/docs/help/webmasters.htm#07)"
192.158.238.133 - - [19/Aug/2026:08:04:33 -0400] "GET /wp-content/uploads/2026/04/shutterstock_1029741865.jpg HTTP/1.1" 200 198443 "-" "-"
144.76.32.187 - - [19/Aug/2026:08:04:32 -0400] "GET /how-to-do-social-media-marketing-for-small-business/ HTTP/1.1" 200 43542 "-" "Mozilla/5.0 (compatible; SERankingBacklinksBot/1.0; +https://seranking.com/backlinks-crawler)"
144.76.32.187 - - [19/Aug/2026:08:04:37 -0400] "GET /blog/how-to-do-social-media-marketing-for-small-business/ HTTP/1.1" 301 0 "-" "Mozilla/5.0 (compatible; SERankingBacklinksBot/1.0; +https://seranking.com/backlinks-crawler)"
192.158.238.133 - - [19/Aug/2026:08:04:40 -0400] "GET /wp-content/uploads/2026/04/shutterstock_1029741865.jpg HTTP/1.1" 200 198443 "-" "-"
144.76.32.187 - - [19/Aug/2026:08:04:39 -0400] "GET /how-to-do-social-media-marketing-for-small-business/ HTTP/1.1" 200 43542 "-" "Mozilla/5.0 (compatible; SERankingBacklinksBot/1.0; +https://seranking.com/backlinks-crawler)"
121.229.156.21 - - [19/Aug/2026:08:04:45 -0400] "GET /category/digital-marketing/ HTTP/1.1" 200 38918 "-" "Sogou web spider/4.0(+http://www.sogou.com/docs/help/webmasters.htm#07)"
192.158.238.133 - - [19/Aug/2026:08:05:04 -0400] "GET /wp-content/uploads/2026/04/MOOC-Essentials-of-youth-policy.png HTTP/1.1" 200 82163 "-" "-"
144.76.32.187 - - [19/Aug/2026:08:05:02 -0400] "GET /how-to-make-moocs-succeed-boosting-completion-rates/ HTTP/1.1" 200 40481 "-" "Mozilla/5.0 (compatible; SERankingBacklinksBot/1.0; +https://seranking.com/backlinks-crawler)"
144.76.32.187 - - [19/Aug/2026:08:05:43 -0400] "GET /blog/how-to-start-a-digital-marketing-agency/ HTTP/1.1" 301 0 "-" "Mozilla/5.0 (compatible; SERankingBacklinksBot/1.0; +https://seranking.com/backlinks-crawler)"
112.86.225.234 - - [19/Aug/2026:08:05:45 -0400] "GET /category/web-design/ HTTP/1.1" 200 36872 "-" "Sogou web spider/4.0(+http://www.sogou.com/docs/help/webmasters.htm#07)"
192.158.238.133 - - [19/Aug/2026:08:05:48 -0400] "GET /wp-content/uploads/2026/04/How-To-Start-Career-In-Digital-Marketing-With-No-Experience-Square-scaled-1.webp HTTP/1.1" 200 141312 "-" "-"
144.76.32.187 - - [19/Aug/2026:08:05:45 -0400] "GET /how-to-start-a-digital-marketing-agency-with-no-experience-in-2023/ HTTP/1.1" 200 43718 "-" "Mozilla/5.0 (compatible; SERankingBacklinksBot/1.0; +https://seranking.com/backlinks-crawler)"
192.158.238.133 - - [19/Aug/2026:08:06:34 -0400] "GET /wp-content/uploads/2026/04/ae43b0e6-9d97-4089-a4eb-f26f6e88bb5b-GTG-roa-dsafety-signs-in-india.webp HTTP/1.1" 200 50908 "-" "-"
144.76.32.187 - - [19/Aug/2026:08:06:33 -0400] "GET /key-features-of-great-signs-that-capture-attention/ HTTP/1.1" 200 41794 "-" "Mozilla/5.0 (compatible; SERankingBacklinksBot/1.0; +https://seranking.com/backlinks-crawler)"
144.76.32.187 - - [19/Aug/2026:08:06:38 -0400] "GET /blog/key-features-of-great-signs-that-capture-attention/ HTTP/1.1" 301 0 "-" "Mozilla/5.0 (compatible; SERankingBacklinksBot/1.0; +https://seranking.com/backlinks-crawler)"
192.158.238.133 - - [19/Aug/2026:08:06:42 -0400] "GET /wp-content/uploads/2026/04/ae43b0e6-9d97-4089-a4eb-f26f6e88bb5b-GTG-roa-dsafety-signs-in-india.webp HTTP/1.1" 200 50908 "-" "-"
144.76.32.187 - - [19/Aug/2026:08:06:40 -0400] "GET /key-features-of-great-signs-that-capture-attention/ HTTP/1.1" 200 41794 "-" "Mozilla/5.0 (compatible; SERankingBacklinksBot/1.0; +https://seranking.com/backlinks-crawler)"
40.77.167.126 - - [19/Aug/2026:08:07:09 -0400] "GET /news/tag/news HTTP/2" 301 0 "-" "Mozilla/5.0 AppleWebKit/537.36 (KHTML, like Gecko; compatible; bingbot/2.0; +http://www.bing.com/bingbot.htm) Chrome/116.0.1938.76 Safari/537.36"
192.158.238.133 - - [19/Aug/2026:08:07:56 -0400] "GET /wp-content/uploads/2026/04/Screenshot-2024-10-29-205526.png HTTP/1.1" 200 322711 "-" "-"
144.76.32.187 - - [19/Aug/2026:08:07:55 -0400] "GET /revolutionizing-brand-engagement-with-gamification/ HTTP/1.1" 200 43523 "-" "Mozilla/5.0 (compatible; SERankingBacklinksBot/1.0; +https://seranking.com/backlinks-crawler)"
192.158.238.133 - - [19/Aug/2026:08:08:17 -0400] "GET /wp-content/uploads/2026/04/istockphoto-1048258424-612x612-1.jpg HTTP/1.1" 200 42073 "-" "-"
144.76.32.187 - - [19/Aug/2026:08:08:16 -0400] "GET /seo-for-spotify-use-spotify-for-artists-to-grow-streams/ HTTP/1.1" 200 42125 "-" "Mozilla/5.0 (compatible; SERankingBacklinksBot/1.0; +https://seranking.com/backlinks-crawler)"
198.98.54.3 - - [19/Aug/2026:08:08:35 -0400] "GET /wp-login.php HTTP/1.1" 200 4020 "-" "Mozilla/5.0 (Windows NT 10.0; Win64; x64) AppleWebKit/537.36 (KHTML, like Gecko) Chrome/134.0.0.0 Safari/537.36"
198.98.54.3 - - [19/Aug/2026:08:08:36 -0400] "POST /wp-login.php HTTP/1.1" 200 4131 "https://call2action.com/wp-login.php" "Mozilla/5.0 (Windows NT 10.0; Win64; x64) AppleWebKit/537.36 (KHTML, like Gecko) Chrome/134.0.0.0 Safari/537.36"
144.76.32.187 - - [19/Aug/2026:08:09:08 -0400] "GET /blog/tender-writing-agency-for-your-business/ HTTP/1.1" 301 0 "-" "Mozilla/5.0 (compatible; SERankingBacklinksBot/1.0; +https://seranking.com/backlinks-crawler)"
144.76.32.187 - - [19/Aug/2026:08:09:09 -0400] "GET /blog/tender-writing-agency-for-your-business/ HTTP/1.1" 404 33929 "-" "Mozilla/5.0 (compatible; SERankingBacklinksBot/1.0; +https://seranking.com/backlinks-crawler)"
192.158.238.133 - - [19/Aug/2026:08:12:17 -0400] "GET /wp-content/uploads/2026/04/Benefits-of-Google-Ads-.jpg HTTP/1.1" 200 60808 "-" "-"
144.76.32.187 - - [19/Aug/2026:08:12:16 -0400] "GET /what-is-google-ads-how-it-works-and-its-benefits/ HTTP/1.1" 200 40982 "-" "Mozilla/5.0 (compatible; SERankingBacklinksBot/1.0; +https://seranking.com/backlinks-crawler)"
223.109.252.150 - - [19/Aug/2026:08:12:43 -0400] "GET /category/technology/ HTTP/1.1" 200 37342 "-" "Sogou web spider/4.0(+http://www.sogou.com/docs/help/webmasters.htm#07)"
192.158.238.133 - - [19/Aug/2026:08:13:23 -0400] "GET /wp-content/uploads/2026/04/68070c88291bb71c725b1127_blogpostoneone.png HTTP/1.1" 200 571254 "-" "-"
144.76.32.187 - - [19/Aug/2026:08:13:21 -0400] "GET /why-your-marketing-agency-needs-a-saas-partner-program-key-benefits-revealed/ HTTP/1.1" 200 43040 "-" "Mozilla/5.0 (compatible; SERankingBacklinksBot/1.0; +https://seranking.com/backlinks-crawler)"
144.76.32.187 - - [19/Aug/2026:08:13:39 -0400] "GET /boosting-your-business-with-digital-marketing-tips-and-tricks/ HTTP/1.1" 301 0 "-" "Mozilla/5.0 (compatible; SERankingBacklinksBot/1.0; +https://seranking.com/backlinks-crawler)"
144.76.32.187 - - [19/Aug/2026:08:13:40 -0400] "GET /boosting-your-business-with-digital-marketing-tips-and-tricks/ HTTP/1.1" 404 33929 "-" "Mozilla/5.0 (compatible; SERankingBacklinksBot/1.0; +https://seranking.com/backlinks-crawler)"
144.76.32.187 - - [19/Aug/2026:08:13:51 -0400] "GET /burberrys-over-the-top-digital-marketing-strategy-deluxe-advertising-campaigns/ HTTP/1.1" 301 0 "-" "Mozilla/5.0 (compatible; SERankingBacklinksBot/1.0; +https://seranking.com/backlinks-crawler)"
144.76.32.187 - - [19/Aug/2026:08:13:52 -0400] "GET /burberrys-over-the-top-digital-marketing-strategy-deluxe-advertising-campaigns/ HTTP/1.1" 404 33929 "-" "Mozilla/5.0 (compatible; SERankingBacklinksBot/1.0; +https://seranking.com/backlinks-crawler)"
144.76.32.187 - - [19/Aug/2026:08:13:57 -0400] "GET /chatbot-marketing-strategies-how-to-prepare/ HTTP/1.1" 301 0 "-" "Mozilla/5.0 (compatible; SERankingBacklinksBot/1.0; +https://seranking.com/backlinks-crawler)"
144.76.32.187 - - [19/Aug/2026:08:13:59 -0400] "GET /chatbot-marketing-strategies-how-to-prepare/ HTTP/1.1" 404 33929 "-" "Mozilla/5.0 (compatible; SERankingBacklinksBot/1.0; +https://seranking.com/backlinks-crawler)"
144.76.32.187 - - [19/Aug/2026:08:14:10 -0400] "GET /chatgpt-wont-replace-your-marketing-team-but-it-can-be-a-useful-tool/ HTTP/1.1" 301 0 "-" "Mozilla/5.0 (compatible; SERankingBacklinksBot/1.0; +https://seranking.com/backlinks-crawler)"
144.76.32.187 - - [19/Aug/2026:08:14:11 -0400] "GET /chatgpt-wont-replace-your-marketing-team-but-it-can-be-a-useful-tool/ HTTP/1.1" 404 33929 "-" "Mozilla/5.0 (compatible; SERankingBacklinksBot/1.0; +https://seranking.com/backlinks-crawler)"
144.76.32.187 - - [19/Aug/2026:08:14:15 -0400] "GET /companies-are-using-ai-in-digital-marketing/ HTTP/1.1" 301 0 "-" "Mozilla/5.0 (compatible; SERankingBacklinksBot/1.0; +https://seranking.com/backlinks-crawler)"
144.76.32.187 - - [19/Aug/2026:08:14:16 -0400] "GET /companies-are-using-ai-in-digital-marketing/ HTTP/1.1" 404 33929 "-" "Mozilla/5.0 (compatible; SERankingBacklinksBot/1.0; +https://seranking.com/backlinks-crawler)"
144.76.32.187 - - [19/Aug/2026:08:14:36 -0400] "GET /cost-per-click-cpc-explained-what-it-is-why-it-matters/ HTTP/1.1" 301 0 "-" "Mozilla/5.0 (compatible; SERankingBacklinksBot/1.0; +https://seranking.com/backlinks-crawler)"
144.76.32.187 - - [19/Aug/2026:08:14:37 -0400] "GET /cost-per-click-cpc-explained-what-it-is-why-it-matters/ HTTP/1.1" 404 33929 "-" "Mozilla/5.0 (compatible; SERankingBacklinksBot/1.0; +https://seranking.com/backlinks-crawler)"
144.76.32.187 - - [19/Aug/2026:08:15:12 -0400] "GET /digital-marketing-vs-social-media-marketing/ HTTP/1.1" 301 0 "-" "Mozilla/5.0 (compatible; SERankingBacklinksBot/1.0; +https://seranking.com/backlinks-crawler)"
144.76.32.187 - - [19/Aug/2026:08:15:18 -0400] "GET /digital-marketing-vs-social-media-marketing/ HTTP/1.1" 404 33929 "-" "Mozilla/5.0 (compatible; SERankingBacklinksBot/1.0; +https://seranking.com/backlinks-crawler)"
144.76.32.187 - - [19/Aug/2026:08:15:39 -0400] "GET /do-you-need-a-better-marketing-strategy-use-a-digital-strategy-template/ HTTP/1.1" 301 0 "-" "Mozilla/5.0 (compatible; SERankingBacklinksBot/1.0; +https://seranking.com/backlinks-crawler)"
144.76.32.187 - - [19/Aug/2026:08:15:43 -0400] "GET /do-you-need-a-better-marketing-strategy-use-a-digital-strategy-template/ HTTP/1.1" 404 33929 "-" "Mozilla/5.0 (compatible; SERankingBacklinksBot/1.0; +https://seranking.com/backlinks-crawler)"
144.76.32.187 - - [19/Aug/2026:08:15:57 -0400] "GET /duplicate-content-is-not-a-negative-ranking-factor/ HTTP/1.1" 301 0 "-" "Mozilla/5.0 (compatible; SERankingBacklinksBot/1.0; +https://seranking.com/backlinks-crawler)"
144.76.32.187 - - [19/Aug/2026:08:15:59 -0400] "GET /duplicate-content-is-not-a-negative-ranking-factor/ HTTP/1.1" 404 33929 "-" "Mozilla/5.0 (compatible; SERankingBacklinksBot/1.0; +https://seranking.com/backlinks-crawler)"
144.76.32.187 - - [19/Aug/2026:08:16:10 -0400] "GET /five-cx-speakers-to-follow-in-2021/ HTTP/1.1" 301 0 "-" "Mozilla/5.0 (compatible; SERankingBacklinksBot/1.0; +https://seranking.com/backlinks-crawler)"
144.76.32.187 - - [19/Aug/2026:08:16:11 -0400] "GET /five-cx-speakers-to-follow-in-2021/ HTTP/1.1" 404 33929 "-" "Mozilla/5.0 (compatible; SERankingBacklinksBot/1.0; +https://seranking.com/backlinks-crawler)"
144.76.32.187 - - [19/Aug/2026:08:16:33 -0400] "GET /google-analytics-search-console-data-never-match-and-heres-why/ HTTP/1.1" 301 0 "-" "Mozilla/5.0 (compatible; SERankingBacklinksBot/1.0; +https://seranking.com/backlinks-crawler)"
144.76.32.187 - - [19/Aug/2026:08:16:34 -0400] "GET /google-analytics-search-console-data-never-match-and-heres-why/ HTTP/1.1" 404 33929 "-" "Mozilla/5.0 (compatible; SERankingBacklinksBot/1.0; +https://seranking.com/backlinks-crawler)"
144.76.32.187 - - [19/Aug/2026:08:16:40 -0400] "GET /growing-revenue-using-sales-interactions/ HTTP/1.1" 301 0 "-" "Mozilla/5.0 (compatible; SERankingBacklinksBot/1.0; +https://seranking.com/backlinks-crawler)"
144.76.32.187 - - [19/Aug/2026:08:16:42 -0400] "GET /growing-revenue-using-sales-interactions/ HTTP/1.1" 404 33929 "-" "Mozilla/5.0 (compatible; SERankingBacklinksBot/1.0; +https://seranking.com/backlinks-crawler)"
144.76.32.187 - - [19/Aug/2026:08:16:51 -0400] "GET /how-a-blog-writing-subscription-service-can-help-you-reach-and-convert-more-customers/ HTTP/1.1" 301 0 "-" "Mozilla/5.0 (compatible; SERankingBacklinksBot/1.0; +https://seranking.com/backlinks-crawler)"
144.76.32.187 - - [19/Aug/2026:08:16:52 -0400] "GET /how-a-blog-writing-subscription-service-can-help-you-reach-and-convert-more-customers/ HTTP/1.1" 404 33929 "-" "Mozilla/5.0 (compatible; SERankingBacklinksBot/1.0; +https://seranking.com/backlinks-crawler)"
144.76.32.187 - - [19/Aug/2026:08:17:03 -0400] "GET /how-does-having-a-budget-help-you-avoid-the-traps-of-digital-marketing/ HTTP/1.1" 301 0 "-" "Mozilla/5.0 (compatible; SERankingBacklinksBot/1.0; +https://seranking.com/backlinks-crawler)"
144.76.32.187 - - [19/Aug/2026:08:17:04 -0400] "GET /how-does-having-a-budget-help-you-avoid-the-traps-of-digital-marketing/ HTTP/1.1" 404 33929 "-" "Mozilla/5.0 (compatible; SERankingBacklinksBot/1.0; +https://seranking.com/backlinks-crawler)"
144.76.32.187 - - [19/Aug/2026:08:17:15 -0400] "GET /how-to-add-skills-on-linkedin/ HTTP/1.1" 301 0 "-" "Mozilla/5.0 (compatible; SERankingBacklinksBot/1.0; +https://seranking.com/backlinks-crawler)"
144.76.32.187 - - [19/Aug/2026:08:17:17 -0400] "GET /how-to-add-skills-on-linkedin/ HTTP/1.1" 404 33929 "-" "Mozilla/5.0 (compatible; SERankingBacklinksBot/1.0; +https://seranking.com/backlinks-crawler)"
144.76.32.187 - - [19/Aug/2026:08:17:30 -0400] "GET /how-to-become-a-web-developer-by-2022/ HTTP/1.1" 301 0 "-" "Mozilla/5.0 (compatible; SERankingBacklinksBot/1.0; +https://seranking.com/backlinks-crawler)"
144.76.32.187 - - [19/Aug/2026:08:17:31 -0400] "GET /how-to-become-a-web-developer-by-2022/ HTTP/1.1" 404 33929 "-" "Mozilla/5.0 (compatible; SERankingBacklinksBot/1.0; +https://seranking.com/backlinks-crawler)"
144.76.32.187 - - [19/Aug/2026:08:17:36 -0400] "GET /how-to-convert-website-visitors-into-engaged-leads/ HTTP/1.1" 301 0 "-" "Mozilla/5.0 (compatible; SERankingBacklinksBot/1.0; +https://seranking.com/backlinks-crawler)"
144.76.32.187 - - [19/Aug/2026:08:17:38 -0400] "GET /how-to-convert-website-visitors-into-engaged-leads/ HTTP/1.1" 404 33929 "-" "Mozilla/5.0 (compatible; SERankingBacklinksBot/1.0; +https://seranking.com/backlinks-crawler)"
