192.158.238.133 - - [18/Aug/2026:04:22:05 -0400] "GET /wp-content/uploads/2026/08/full-shot-man-walking-by-trucks-fleet-2048x1365-1.jpg HTTP/1.1" 200 312028 "-" "-"
185.6.8.237 - - [18/Aug/2026:04:22:04 -0400] "GET /how-a-taxi-truck-courier-service-supports-event-and-exhibition-logistics-in-sydney/ HTTP/1.1" 200 56539 "-" "Mozilla/5.0 (Linux; Android 14; SM-S901B) AppleWebKit/537.36 (KHTML, like Gecko) Chrome/120.0.6099.280 Mobile Safari/537.36 OPR/80.4.4244.7786"
192.158.238.133 - - [18/Aug/2026:04:22:06 -0400] "GET /wp-content/uploads/2026/08/full-shot-man-walking-by-trucks-fleet-2048x1365-1.jpg HTTP/1.1" 200 312028 "-" "-"
194.132.111.252 - - [18/Aug/2026:04:22:05 -0400] "GET /how-a-taxi-truck-courier-service-supports-event-and-exhibition-logistics-in-sydney/ HTTP/1.1" 200 56539 "-" "Mozilla/5.0 (Linux; Android 14; SM-S901B) AppleWebKit/537.36 (KHTML, like Gecko) Chrome/120.0.6099.280 Mobile Safari/537.36 OPR/80.4.4244.7786"
192.158.238.133 - - [18/Aug/2026:04:22:08 -0400] "GET /wp-content/uploads/2026/04/rising-popularity-of-tea.jpg HTTP/1.1" 200 2756756 "-" "-"
185.139.152.238 - - [18/Aug/2026:04:22:07 -0400] "GET /why-nelsons-tea-is-the-best-loose-leaf-tea-brand-for-every-budget/ HTTP/1.1" 200 55825 "-" "Mozilla/5.0 (Linux; Android 14; SM-S901B) AppleWebKit/537.36 (KHTML, like Gecko) Chrome/120.0.6099.280 Mobile Safari/537.36 OPR/80.4.4244.7786"
103.59.160.82 - - [18/Aug/2026:04:26:34 -0400] "POST /index.php?option=com_sppagebuilder&task=asset.uploadCustomIcon HTTP/1.1" 200 56589 "-" "Mozilla/5.0 (X11; Linux x86_64) sppb-rce-poc"
5.182.186.132 - - [18/Aug/2026:04:27:09 -0400] "GET /wp-content/uploads/2026/04/Ambient-and-in-plant-workzone-noise-level-monitoring-by-Perfect-Pollucon-Services-V1-768x512.png HTTP/1.1" 200 581543 "-" "Mozilla/5.0 (compatible; crawler)"
216.73.216.228 - - [18/Aug/2026:04:28:37 -0400] "GET /robots.txt HTTP/2" 200 96 "-" "Mozilla/5.0 AppleWebKit/537.36 (KHTML, like Gecko; compatible; ClaudeBot/1.0; +claudebot@anthropic.com)"
216.73.216.228 - - [18/Aug/2026:04:28:38 -0400] "GET /sitemaps.xml HTTP/2" 200 236 "-" "Mozilla/5.0 AppleWebKit/537.36 (KHTML, like Gecko; compatible; ClaudeBot/1.0; +claudebot@anthropic.com)"
45.146.55.46 - - [18/Aug/2026:04:36:26 -0400] "POST /wp-login.php HTTP/1.1" 200 3919 "-" "Mozilla/5.0 (Windows NT 10.0; Win64; x64) AppleWebKit/537.36 Chrome/129.0.0.0 Safari/537.36"
45.146.55.22 - - [18/Aug/2026:04:36:26 -0400] "POST /wp-login.php HTTP/1.1" 200 3919 "-" "Mozilla/5.0 (Windows NT 10.0; Win64; rv:143.0) Gecko/20100101 Firefox/143.0"
192.158.238.133 - - [18/Aug/2026:04:38:12 -0400] "GET /wp-content/uploads/2026/04/675a226891da69546363cf58_AD_4nXeQgD-AXPOfPAifGd5R9B8ieFfwdzk-UuLakEoIFjKKZ0bpo9WYmYyQuYpP6ELPpeGqLyfj_mJLtdWm01mw3m-Fwpxz6mlSzgqh_3k3dmJfovz4S6IFmpnUvxwMKYxcN3bxSipD.jpeg HTTP/1.1" 200 284465 "-" "-"
192.158.238.133 - - [18/Aug/2026:04:38:12 -0400] "POST /wp-cron.php?doing_wp_cron=1787042292.6418869495391845703125 HTTP/1.1" 200 0 "-" "WordPress/7.0.4; https://lucfusaro.com"
17.246.15.123 - - [18/Aug/2026:04:38:10 -0400] "GET /top-10-things-to-consider-when-choosing-a-caravan/ HTTP/2" 200 57630 "-" "Mozilla/5.0 (Macintosh; Intel Mac OS X 10_15_7) AppleWebKit/605.1.15 (KHTML, like Gecko) Version/17.4 Safari/605.1.15 (Applebot/0.1; +http://www.apple.com/go/applebot)"
17.246.15.156 - - [18/Aug/2026:04:41:35 -0400] "POST /wp-admin/admin-ajax.php HTTP/2" 200 1268 "https://lucfusaro.com/top-10-things-to-consider-when-choosing-a-caravan/" "Mozilla/5.0 (Macintosh; Intel Mac OS X 10_15_7) AppleWebKit/605.1.15 (KHTML, like Gecko) Version/17.4 Safari/605.1.15 (Applebot/0.1; +http://www.apple.com/go/applebot)"
5.59.248.234 - - [18/Aug/2026:04:42:53 -0400] "GET / HTTP/1.1" 200 56575 "-" "Mozilla/5.0 (Windows NT 10.0; Win64; x64) AppleWebKit/537.36 (KHTML, like Gecko) Chrome/128.0.0.0 Safari/537.36"
68.67.112.176 - - [18/Aug/2026:04:45:29 -0400] "GET /robots.txt HTTP/1.1" 200 96 "-" "Mozilla/5.0 AppleWebKit/537.36 (KHTML, like Gecko; compatible; YouBot/1.0; +https://docs.you.com/youbot; env:prod) Chrome/142.0.0.0 Safari/537.36"
112.86.225.154 - - [18/Aug/2026:04:45:29 -0400] "GET /category/party/ HTTP/1.1" 200 52791 "-" "Sogou web spider/4.0(+http://www.sogou.com/docs/help/webmasters.htm#07)"
68.67.112.176 - - [18/Aug/2026:04:45:31 -0400] "GET /lucfusaro.com/10-top-and-best-construction-equipment-rentals-useful-to-contractors/ HTTP/1.1" 301 0 "-" "Mozilla/5.0 AppleWebKit/537.36 (KHTML, like Gecko; compatible; YouBot/1.0; +https://docs.you.com/youbot; env:prod) Chrome/142.0.0.0 Safari/537.36"
192.158.238.133 - - [18/Aug/2026:04:45:33 -0400] "GET /wp-content/uploads/2026/04/shutterstock_130285502.avif HTTP/1.1" 200 91417 "-" "-"
68.67.112.176 - - [18/Aug/2026:04:45:32 -0400] "GET /10-top-and-best-construction-equipment-rentals-useful-to-contractors/ HTTP/1.1" 200 51075 "-" "Mozilla/5.0 AppleWebKit/537.36 (KHTML, like Gecko; compatible; YouBot/1.0; +https://docs.you.com/youbot; env:prod) Chrome/142.0.0.0 Safari/537.36"
192.158.238.133 - - [18/Aug/2026:04:47:05 -0400] "GET /wp-content/uploads/2026/04/125191474.avif HTTP/1.1" 200 12511 "-" "-"
114.119.130.168 - - [18/Aug/2026:04:47:04 -0400] "GET /what-causes-acne-on-the-forehead/ HTTP/1.1" 200 49548 "https://lucfusaro.com/category/beauty/" "Mozilla/5.0 (Linux; Android 7.0;) AppleWebKit/537.36 (HTML, like Gecko) Mobile Safari/537.36 (compatible; PetalBot;+https://webmaster.petalsearch.com/site/petalbot)"
54.39.6.252 - - [18/Aug/2026:04:51:27 -0400] "GET /sitemaps.xml HTTP/2" 200 236 "-" "Mozilla/5.0 (compatible; AhrefsBot/7.0; +http://ahrefs.com/robot/)"
142.44.233.227 - - [18/Aug/2026:04:51:33 -0400] "GET /post-sitemap1.xml HTTP/2" 200 4928 "-" "Mozilla/5.0 (compatible; AhrefsBot/7.0; +http://ahrefs.com/robot/)"
142.44.220.33 - - [18/Aug/2026:04:51:39 -0400] "GET /page-sitemap1.xml HTTP/2" 200 227 "-" "Mozilla/5.0 (compatible; AhrefsBot/7.0; +http://ahrefs.com/robot/)"
142.44.233.124 - - [18/Aug/2026:04:51:42 -0400] "GET /category-sitemap1.xml HTTP/2" 200 343 "-" "Mozilla/5.0 (compatible; AhrefsBot/7.0; +http://ahrefs.com/robot/)"
45.146.55.57 - - [18/Aug/2026:04:53:45 -0400] "POST /wp-login.php HTTP/1.1" 200 3919 "-" "Mozilla/5.0 (Windows NT 10.0; Win64; x64) AppleWebKit/537.36 Chrome/129.0.0.0 Safari/537.36"
45.146.55.58 - - [18/Aug/2026:04:53:45 -0400] "POST /wp-login.php HTTP/1.1" 200 3919 "-" "Mozilla/5.0 (Windows NT 10.0; Win64; x64) AppleWebKit/537.36 Chrome/129.0.0.0 Safari/537.36"
20.171.51.14 - - [18/Aug/2026:04:54:28 -0400] "GET /wp-login.php HTTP/1.1" 200 11200 "-" "-"
207.97.164.107 - - [18/Aug/2026:04:57:29 -0400] "GET /wp-content/uploads/2026/04/shutterstock_130285502-1-768x514.avif HTTP/1.1" 200 79814 "-" "Mozilla/5.0 (compatible; crawler)"
68.67.112.147 - - [18/Aug/2026:05:03:45 -0400] "GET /robots.txt HTTP/1.1" 200 96 "-" "Mozilla/5.0 AppleWebKit/537.36 (KHTML, like Gecko; compatible; YouBot/1.0; +https://docs.you.com/youbot; env:prod) Chrome/142.0.0.0 Safari/537.36"
68.67.112.147 - - [18/Aug/2026:05:03:48 -0400] "GET /how-to-find-a-nutritionist HTTP/1.1" 404 43661 "-" "Mozilla/5.0 AppleWebKit/537.36 (KHTML, like Gecko; compatible; YouBot/1.0; +https://docs.you.com/youbot; env:prod) Chrome/142.0.0.0 Safari/537.36"
140.245.34.60 - - [18/Aug/2026:05:06:28 -0400] "GET /wp-content/plugins/pods/readme.txt HTTP/1.1" 404 50573 "-" "Mozilla/5.0 (Windows NT 10.0; Win64; x64; rv:126.0) Gecko/20100101 Firefox/126.0"
140.245.34.60 - - [18/Aug/2026:05:06:36 -0400] "GET /wp-content/plugins/pods/init.php HTTP/1.1" 404 50573 "-" "Mozilla/5.0 (Windows NT 10.0; Win64; x64; rv:126.0) Gecko/20100101 Firefox/126.0"
112.86.225.27 - - [18/Aug/2026:05:09:45 -0400] "GET /category/beauty/ HTTP/1.1" 200 53602 "-" "Sogou web spider/4.0(+http://www.sogou.com/docs/help/webmasters.htm#07)"
176.29.79.153 - - [18/Aug/2026:05:09:57 -0400] "GET / HTTP/1.1" 200 56575 "https://lucfusaro.com/" "Mozilla/5.0 (Macintosh; Intel Mac OS X 10_15_7) AppleWebKit/537.36 (KHTML, like Gecko) Chrome/120.0.0.0 Safari/537.36 Edg/120.0.0.0"
45.146.55.44 - - [18/Aug/2026:05:11:40 -0400] "POST /wp-login.php HTTP/1.1" 200 3919 "-" "Mozilla/5.0 (Windows NT 10.0; Win64; rv:143.0) Gecko/20100101 Firefox/143.0"
45.146.55.23 - - [18/Aug/2026:05:11:40 -0400] "POST /wp-login.php HTTP/1.1" 200 3919 "-" "Mozilla/5.0 (Macintosh; Intel Mac OS X 10_15_7) AppleWebKit/605.1.15 Version/17.0 Safari/605.1.15"
112.86.225.88 - - [18/Aug/2026:05:12:26 -0400] "GET /category/automoblies/ HTTP/1.1" 200 53302 "-" "Sogou web spider/4.0(+http://www.sogou.com/docs/help/webmasters.htm#07)"
20.127.136.245 - - [18/Aug/2026:05:19:13 -0400] "GET /wp-content/themes/seotheme/db.php?u HTTP/1.1" 404 145330 "www.google.com" "Mozlila/5.0 (Linux; Android 7.0; SM-G892A Bulid/NRD90M; wv) AppleWebKit/537.36 (KHTML, like Gecko) Version/4.0 Chrome/60.0.3112.107 Moblie Safari/537.36"
20.127.136.245 - - [18/Aug/2026:05:19:17 -0400] "POST /wp-plain.php HTTP/1.1" 404 144272 "www.google.com" "Mozilla/5.0 (Linux; Android 7.0; SM-G892A Bulid/NRD90M; wv) AppleWebKit/537.36 (KHTML, like Gecko) Version/4.0 Chrome/60.0.3112.107 Moblie Safari/537.36"
20.127.136.245 - - [18/Aug/2026:05:19:20 -0400] "GET /imwldnpy.php?Fox=d3wL7 HTTP/1.1" 404 144272 "www.google.com" "Mozilla/5.0 (Linux; Android 7.0; SM-G892A Bulid/NRD90M; wv) AppleWebKit/537.36 (KHTML, like Gecko) Version/4.0 Chrome/60.0.3112.107 Moblie Safari/537.36"
51.68.111.241 - - [18/Aug/2026:05:25:19 -0400] "GET /robots.txt HTTP/1.1" 200 96 "-" "Mozilla/5.0 (compatible; MJ12bot/v2.0.5; http://mj12bot.com/)"
51.68.111.241 - - [18/Aug/2026:05:25:23 -0400] "GET / HTTP/1.1" 200 48688 "-" "Mozilla/5.0 (compatible; MJ12bot/v2.0.5; http://mj12bot.com/)"
45.146.55.41 - - [18/Aug/2026:05:29:33 -0400] "POST /wp-login.php HTTP/1.1" 200 3919 "-" "Mozilla/5.0 (Windows NT 10.0; Win64; x64) AppleWebKit/537.36 Chrome/129.0.0.0 Safari/537.36"
45.146.55.12 - - [18/Aug/2026:05:29:33 -0400] "POST /wp-login.php HTTP/1.1" 200 3919 "-" "Mozilla/5.0 (Windows NT 10.0; Win64; x64) AppleWebKit/537.36 Chrome/129.0.0.0 Safari/537.36"
68.67.112.216 - - [18/Aug/2026:05:30:39 -0400] "GET /robots.txt HTTP/1.1" 200 96 "-" "Mozilla/5.0 AppleWebKit/537.36 (KHTML, like Gecko; compatible; YouBot/1.0; +https://docs.you.com/youbot; env:prod) Chrome/142.0.0.0 Safari/537.36"
192.158.238.133 - - [18/Aug/2026:05:30:42 -0400] "GET /wp-content/uploads/2026/06/anti-inflammatory-diet-1299079242.avif HTTP/1.1" 200 153298 "-" "-"
68.67.112.216 - - [18/Aug/2026:05:30:41 -0400] "GET /foods-to-include-in-an-anti-inflammatory-diet/ HTTP/1.1" 200 49857 "-" "Mozilla/5.0 AppleWebKit/537.36 (KHTML, like Gecko; compatible; YouBot/1.0; +https://docs.you.com/youbot; env:prod) Chrome/142.0.0.0 Safari/537.36"
103.77.253.110 - - [18/Aug/2026:05:35:12 -0400] "GET /best-foods-for-supporting-healthy-blood-sugar-levels HTTP/1.1" 301 0 "https://lucfusaro.com/" "Mozilla/5.0 (Windows NT 10.0; Win64; x64) AppleWebKit/537.36 (KHTML, like Gecko) Chrome/125.0.6400.44 Safari/537.36"
192.158.238.133 - - [18/Aug/2026:05:35:15 -0400] "GET /wp-content/uploads/2026/06/making-salad-vegetables-vegetarian-cooking-732x549-thumbnail.avif HTTP/1.1" 200 58225 "-" "-"
103.77.253.110 - - [18/Aug/2026:05:35:14 -0400] "GET /best-foods-for-supporting-healthy-blood-sugar-levels/ HTTP/1.1" 200 57301 "https://lucfusaro.com/" "Mozilla/5.0 (Windows NT 10.0; Win64; x64) AppleWebKit/537.36 (KHTML, like Gecko) Chrome/125.0.6400.44 Safari/537.36"
18.214.238.178 - - [18/Aug/2026:05:35:36 -0400] "GET /independent-living-apartments-vs-assisted-living-whats-the-difference/embed/ HTTP/1.1" 200 7196 "-" "Mozilla/5.0 AppleWebKit/537.36 (KHTML, like Gecko; compatible; Amazonbot/0.1; +https://developer.amazon.com/support/amazonbot) Chrome/119.0.6045.214 Safari/537.36"
52.4.213.199 - - [18/Aug/2026:05:35:39 -0400] "GET /wp-content/uploads/2026/04/blog-listing-ILvsAL-768x403.jpg HTTP/1.1" 200 75669 "-" "Mozilla/5.0 AppleWebKit/537.36 (KHTML, like Gecko; compatible; Amazonbot/0.1; +https://developer.amazon.com/support/amazonbot) Chrome/119.0.6045.214 Safari/537.36"
192.158.238.133 - - [18/Aug/2026:05:47:29 -0400] "POST /wp-cron.php?doing_wp_cron=1787046449.1366949081420898437500 HTTP/1.1" 200 0 "-" "WordPress/7.0.4; https://lucfusaro.com"
45.146.55.57 - - [18/Aug/2026:05:47:28 -0400] "POST /wp-login.php HTTP/1.1" 200 3925 "-" "Mozilla/5.0 (Windows NT 10.0; Win64; rv:143.0) Gecko/20100101 Firefox/143.0"
45.146.55.54 - - [18/Aug/2026:05:47:28 -0400] "POST /wp-login.php HTTP/1.1" 200 3919 "-" "Mozilla/5.0 (Windows NT 10.0; Win64; x64) AppleWebKit/537.36 Chrome/129.0.0.0 Safari/537.36"
51.161.37.5 - - [18/Aug/2026:05:50:38 -0400] "GET / HTTP/2" 200 48688 "-" "Mozilla/5.0 (compatible; AhrefsBot/7.0; +http://ahrefs.com/robot/)"
51.222.95.26 - - [18/Aug/2026:05:54:35 -0400] "GET /wp-content/uploads/2026/04/rising-popularity-of-tea.jpg HTTP/2" 200 2756756 "-" "Mozilla/5.0 (compatible; AhrefsBot/7.0; +http://ahrefs.com/robot/)"
2.124.58.93 - - [18/Aug/2026:05:56:45 -0400] "GET / HTTP/1.1" 200 56575 "-" "Mozilla/5.0 (Windows NT 10.0; Win64; x64) AppleWebKit/537.36 (KHTML, like Gecko) Chrome/133.0.6943.53 Safari/537.36"
103.72.198.60 - - [18/Aug/2026:06:00:19 -0400] "GET /comments/feed/ HTTP/2" 200 362 "-" "Mozilla/5.0 (Macintosh; Intel Mac OS X 10.15; rv:147.0) Gecko/20100101 Firefox/147.0"
45.146.55.40 - - [18/Aug/2026:06:05:23 -0400] "POST /wp-login.php HTTP/1.1" 200 3919 "-" "Mozilla/5.0 (Windows NT 10.0; Win64; rv:143.0) Gecko/20100101 Firefox/143.0"
45.146.55.33 - - [18/Aug/2026:06:05:23 -0400] "POST /wp-login.php HTTP/1.1" 200 3919 "-" "Mozilla/5.0 (Windows NT 10.0; Win64; rv:143.0) Gecko/20100101 Firefox/143.0"
192.185.176.175 - - [18/Aug/2026:06:07:09 -0400] "GET /wp-login.php HTTP/2" 200 3391 "-" "Mozilla/5.0 (Windows NT 10.0; Win64; x64) AppleWebKit/537.36 (KHTML, like Gecko) Chrome/151.0.0.0 Safari/537.36"
192.185.176.175 - - [18/Aug/2026:06:07:14 -0400] "POST /wp-login.php HTTP/2" 200 3550 "https://lucfusaro.com.architectureweek.co.nz/wp-login.php" "Mozilla/5.0 (Windows NT 10.0; Win64; x64) AppleWebKit/537.36 (KHTML, like Gecko) Chrome/151.0.0.0 Safari/537.36"
67.217.246.215 - - [18/Aug/2026:06:15:53 -0400] "GET /wp-login.php HTTP/2" 200 3391 "-" "Mozilla/5.0 (Windows NT 10.0; Win64; x64) AppleWebKit/537.36 (KHTML, like Gecko) Chrome/151.0.0.0 Safari/537.36"
67.217.246.215 - - [18/Aug/2026:06:15:58 -0400] "POST /wp-login.php HTTP/2" 200 3550 "https://lucfusaro.com.architectureweek.co.nz/wp-login.php" "Mozilla/5.0 (Windows NT 10.0; Win64; x64) AppleWebKit/537.36 (KHTML, like Gecko) Chrome/151.0.0.0 Safari/537.36"
192.158.238.133 - - [18/Aug/2026:06:20:51 -0400] "GET /wp-content/uploads/2026/04/roof-1.webp HTTP/1.1" 200 78816 "-" "-"
114.119.158.146 - - [18/Aug/2026:06:20:49 -0400] "GET /what-is-a-wind-mitigation-inspection/ HTTP/1.1" 200 50064 "https://lucfusaro.com/category/home-decor/page/2/" "Mozilla/5.0 (Linux; Android 7.0;) AppleWebKit/537.36 (HTML, like Gecko) Mobile Safari/537.36 (compatible; PetalBot;+https://webmaster.petalsearch.com/site/petalbot)"
148.113.128.133 - - [18/Aug/2026:06:21:52 -0400] "GET /sitemaps.xml HTTP/2" 200 236 "-" "Mozilla/5.0 (compatible; AhrefsBot/7.0; +http://ahrefs.com/robot/)"
15.235.98.171 - - [18/Aug/2026:06:21:59 -0400] "GET /post-sitemap1.xml HTTP/2" 200 4928 "-" "Mozilla/5.0 (compatible; AhrefsBot/7.0; +http://ahrefs.com/robot/)"
51.222.95.31 - - [18/Aug/2026:06:22:10 -0400] "GET /page-sitemap1.xml HTTP/2" 200 227 "-" "Mozilla/5.0 (compatible; AhrefsBot/7.0; +http://ahrefs.com/robot/)"
148.113.128.38 - - [18/Aug/2026:06:22:17 -0400] "GET /category-sitemap1.xml HTTP/2" 200 343 "-" "Mozilla/5.0 (compatible; AhrefsBot/7.0; +http://ahrefs.com/robot/)"
192.158.238.133 - - [18/Aug/2026:06:22:23 -0400] "GET /wp-content/uploads/2026/04/EIS_roof_inspection_6.7.23.webp HTTP/1.1" 200 120854 "-" "-"
114.119.130.168 - - [18/Aug/2026:06:22:19 -0400] "GET /what-is-a-commercial-building-inspection-and-what-do-inspectors-look-for/ HTTP/1.1" 200 50053 "https://lucfusaro.com/category/home-decor/page/2/" "Mozilla/5.0 (Linux; Android 7.0;) AppleWebKit/537.36 (HTML, like Gecko) Mobile Safari/537.36 (compatible; PetalBot;+https://webmaster.petalsearch.com/site/petalbot)"
45.146.55.52 - - [18/Aug/2026:06:23:31 -0400] "POST /wp-login.php HTTP/1.1" 200 3919 "-" "Mozilla/5.0 (Windows NT 10.0; Win64; rv:143.0) Gecko/20100101 Firefox/143.0"
45.146.55.51 - - [18/Aug/2026:06:23:31 -0400] "POST /wp-login.php HTTP/1.1" 200 3919 "-" "Mozilla/5.0 (Windows NT 10.0; Win64; rv:143.0) Gecko/20100101 Firefox/143.0"
216.73.216.228 - - [18/Aug/2026:06:26:04 -0400] "GET /robots.txt HTTP/2" 200 96 "-" "Mozilla/5.0 AppleWebKit/537.36 (KHTML, like Gecko; compatible; ClaudeBot/1.0; +claudebot@anthropic.com)"
216.73.216.228 - - [18/Aug/2026:06:26:08 -0400] "GET /sitemaps.xml HTTP/2" 200 236 "-" "Mozilla/5.0 AppleWebKit/537.36 (KHTML, like Gecko; compatible; ClaudeBot/1.0; +claudebot@anthropic.com)"
216.73.216.228 - - [18/Aug/2026:06:27:38 -0400] "GET /robots.txt HTTP/2" 301 0 "-" "Mozilla/5.0 AppleWebKit/537.36 (KHTML, like Gecko; compatible; ClaudeBot/1.0; +claudebot@anthropic.com)"
216.73.216.228 - - [18/Aug/2026:06:27:45 -0400] "GET /robots.txt HTTP/2" 200 96 "https://www.lucfusaro.com/robots.txt" "Mozilla/5.0 AppleWebKit/537.36 (KHTML, like Gecko; compatible; ClaudeBot/1.0; +claudebot@anthropic.com)"
216.73.216.228 - - [18/Aug/2026:06:27:53 -0400] "GET / HTTP/2" 301 0 "-" "Mozilla/5.0 AppleWebKit/537.36 (KHTML, like Gecko; compatible; ClaudeBot/1.0; +claudebot@anthropic.com)"
104.210.140.141 - - [18/Aug/2026:06:33:34 -0400] "GET /robots.txt HTTP/2" 200 96 "-" "Mozilla/5.0 (Macintosh; Intel Mac OS X 10_15_7) AppleWebKit/537.36 (KHTML, like Gecko) Chrome/131.0.0.0 Safari/537.36; compatible; OAI-SearchBot/1.0; +https://openai.com/searchbot"
192.158.238.133 - - [18/Aug/2026:06:37:36 -0400] "POST /wp-cron.php?doing_wp_cron=1787049456.2178549766540527343750 HTTP/1.1" 200 0 "-" "WordPress/7.0.4; https://lucfusaro.com"
103.205.149.237 - - [18/Aug/2026:06:37:34 -0400] "POST /xmlrpc.php HTTP/1.1" 200 403 "-" "Jetpack by WordPress.com (Jetpack 12.0; WordPress 6.3)"
103.205.149.237 - - [18/Aug/2026:06:37:42 -0400] "POST /xmlrpc.php HTTP/1.1" 200 403 "-" "Jetpack by WordPress.com (Jetpack 12.1; WordPress 6.4)"
103.205.149.237 - - [18/Aug/2026:06:37:53 -0400] "POST /xmlrpc.php HTTP/1.1" 200 403 "-" "Jetpack by WordPress.com"
103.205.149.237 - - [18/Aug/2026:06:38:04 -0400] "POST /xmlrpc.php HTTP/1.1" 200 403 "-" "Jetpack by WordPress.com"
103.205.149.237 - - [18/Aug/2026:06:38:15 -0400] "POST /xmlrpc.php HTTP/1.1" 200 403 "-" "Jetpack by WordPress.com (Jetpack 12.1; WordPress 6.1)"
103.205.149.237 - - [18/Aug/2026:06:38:26 -0400] "POST /xmlrpc.php HTTP/1.1" 200 403 "-" "Jetpack by WordPress.com"
103.205.149.237 - - [18/Aug/2026:06:38:36 -0400] "POST /xmlrpc.php HTTP/1.1" 200 403 "-" "Jetpack by WordPress.com"
103.205.149.237 - - [18/Aug/2026:06:38:47 -0400] "POST /xmlrpc.php HTTP/1.1" 200 403 "-" "WordPress.com; https://wordpress.com"
103.205.149.237 - - [18/Aug/2026:06:38:58 -0400] "POST /xmlrpc.php HTTP/1.1" 200 403 "-" "WordPress.com; https://wordpress.com"
103.205.149.237 - - [18/Aug/2026:06:39:09 -0400] "POST /xmlrpc.php HTTP/1.1" 200 403 "-" "Jetpack/12.0; WordPress/6.2; http://site18211158.com"
103.205.149.237 - - [18/Aug/2026:06:39:19 -0400] "POST /xmlrpc.php HTTP/1.1" 200 403 "-" "WordPress.com; https://wordpress.com"
103.205.149.237 - - [18/Aug/2026:06:39:30 -0400] "POST /xmlrpc.php HTTP/1.1" 200 403 "-" "Jetpack/12.5; WordPress/6.2; http://site66174973.com"
103.205.149.237 - - [18/Aug/2026:06:39:41 -0400] "POST /xmlrpc.php HTTP/1.1" 200 403 "-" "Jetpack by WordPress.com (Jetpack 12.0; WordPress 6.4)"
47.128.17.131 - - [18/Aug/2026:06:39:50 -0400] "GET /how-to-find-a-good-plasterer/ HTTP/2" 301 0 "-" "Mozilla/5.0 (Linux; Android 5.0) AppleWebKit/537.36 (KHTML, like Gecko) Mobile Safari/537.36 (compatible; Bytespider; https://bytedance.sg.larkoffice.com/docx/K5bxdypulop3IIxrJb0lOjLVgFe)"
103.205.149.237 - - [18/Aug/2026:06:39:52 -0400] "POST /xmlrpc.php HTTP/1.1" 200 403 "-" "Jetpack/12.5; WordPress/6.4; http://site13742757.com"
47.128.17.131 - - [18/Aug/2026:06:39:54 -0400] "GET /how-to-find-a-good-plasterer/ HTTP/2" 404 43661 "-" "Mozilla/5.0 (Linux; Android 5.0) AppleWebKit/537.36 (KHTML, like Gecko) Mobile Safari/537.36 (compatible; Bytespider; https://bytedance.sg.larkoffice.com/docx/K5bxdypulop3IIxrJb0lOjLVgFe)"
103.205.149.237 - - [18/Aug/2026:06:40:03 -0400] "POST /xmlrpc.php HTTP/1.1" 200 403 "-" "WordPress.com; https://wordpress.com"
192.158.238.133 - - [18/Aug/2026:06:40:06 -0400] "GET /wp-content/uploads/2026/06/640x380_0018_Nutrition-for-Strong-Bones-Dietary-Tips-for-Optimal-Bone-Health.avif HTTP/1.1" 200 41393 "-" "-"
77.238.230.117 - - [18/Aug/2026:06:40:03 -0400] "GET /nutrition-strategies-for-maintaining-strong-bones/ HTTP/1.0" 200 168569 "https://lucfusaro.com/nutrition-strategies-for-maintaining-strong-bones/" "Mozilla/5.0 (Windows NT 10.0; Win64; x64) AppleWebKit/537.36 (KHTML, like Gecko) Chrome/129.0.0.0 Safari/537.36"
77.238.230.117 - - [18/Aug/2026:06:40:07 -0400] "POST /wp-comments-post.php HTTP/1.0" 302 0 "https://lucfusaro.com/nutrition-strategies-for-maintaining-strong-bones/" "Mozilla/5.0 (Windows NT 10.0; Win64; x64) AppleWebKit/537.36 (KHTML, like Gecko) Chrome/129.0.0.0 Safari/537.36"
192.158.238.133 - - [18/Aug/2026:06:40:12 -0400] "GET /wp-content/uploads/2026/06/640x380_0018_Nutrition-for-Strong-Bones-Dietary-Tips-for-Optimal-Bone-Health.avif HTTP/1.1" 200 41393 "-" "-"
77.238.230.117 - - [18/Aug/2026:06:40:10 -0400] "GET /nutrition-strategies-for-maintaining-strong-bones/ HTTP/1.0" 200 171781 "https://lucfusaro.com/nutrition-strategies-for-maintaining-strong-bones/#comment-1311" "Mozilla/5.0 (Windows NT 10.0; Win64; x64) AppleWebKit/537.36 (KHTML, like Gecko) Chrome/129.0.0.0 Safari/537.36"
103.205.149.237 - - [18/Aug/2026:06:40:14 -0400] "POST /xmlrpc.php HTTP/1.1" 200 403 "-" "Jetpack by WordPress.com"
103.205.149.237 - - [18/Aug/2026:06:40:24 -0400] "POST /xmlrpc.php HTTP/1.1" 200 403 "-" "Jetpack/13.0; WordPress/6.3; http://site82753011.com"
103.205.149.237 - - [18/Aug/2026:06:40:35 -0400] "POST /xmlrpc.php HTTP/1.1" 200 403 "-" "WordPress.com; https://wordpress.com"
103.205.149.237 - - [18/Aug/2026:06:40:46 -0400] "POST /xmlrpc.php HTTP/1.1" 403 1242 "-" "WordPress.com; https://wordpress.com"
103.205.149.237 - - [18/Aug/2026:06:40:56 -0400] "POST /xmlrpc.php HTTP/1.1" 403 1242 "-" "Jetpack by WordPress.com"
103.205.149.237 - - [18/Aug/2026:06:41:07 -0400] "POST /xmlrpc.php HTTP/1.1" 200 403 "-" "Jetpack by WordPress.com (Jetpack 13.0; WordPress 6.2)"
103.205.149.237 - - [18/Aug/2026:06:41:18 -0400] "POST /xmlrpc.php HTTP/1.1" 200 403 "-" "Jetpack/12.0; WordPress/6.3; http://site29822548.com"
121.229.156.60 - - [18/Aug/2026:06:41:22 -0400] "GET / HTTP/1.1" 200 56575 "-" "Sogou web spider/4.0(+http://www.sogou.com/docs/help/webmasters.htm#07)"
103.205.149.237 - - [18/Aug/2026:06:41:29 -0400] "POST /xmlrpc.php HTTP/1.1" 403 1242 "-" "WordPress.com; https://wordpress.com"
45.146.55.13 - - [18/Aug/2026:06:41:34 -0400] "POST /wp-login.php HTTP/1.1" 200 3925 "-" "Mozilla/5.0 (Macintosh; Intel Mac OS X 10_15_7) AppleWebKit/605.1.15 Version/17.0 Safari/605.1.15"
45.146.55.62 - - [18/Aug/2026:06:41:34 -0400] "POST /wp-login.php HTTP/1.1" 200 3919 "-" "Mozilla/5.0 (Windows NT 10.0; Win64; x64) AppleWebKit/537.36 Chrome/129.0.0.0 Safari/537.36"
103.205.149.237 - - [18/Aug/2026:06:41:39 -0400] "POST /xmlrpc.php HTTP/1.1" 403 1242 "-" "Jetpack by WordPress.com"
103.205.149.237 - - [18/Aug/2026:06:42:02 -0400] "POST /xmlrpc.php HTTP/1.1" 403 1242 "-" "Jetpack by WordPress.com"
103.205.149.237 - - [18/Aug/2026:06:42:11 -0400] "POST /xmlrpc.php HTTP/1.1" 403 1242 "-" "Jetpack by WordPress.com"
103.205.149.237 - - [18/Aug/2026:06:42:23 -0400] "POST /xmlrpc.php HTTP/1.1" 200 403 "-" "Jetpack/12.1; WordPress/6.2; http://site44671437.com"
103.205.149.237 - - [18/Aug/2026:06:42:33 -0400] "POST /xmlrpc.php HTTP/1.1" 200 403 "-" "Jetpack/12.0; WordPress/6.2; http://site78321714.com"
103.205.149.237 - - [18/Aug/2026:06:42:44 -0400] "POST /xmlrpc.php HTTP/1.1" 403 1242 "-" "Jetpack by WordPress.com"
103.205.149.237 - - [18/Aug/2026:06:43:06 -0400] "POST /xmlrpc.php HTTP/1.1" 200 403 "-" "Jetpack/13.0; WordPress/6.2; http://site26403305.com"
103.205.149.237 - - [18/Aug/2026:06:43:16 -0400] "POST /xmlrpc.php HTTP/1.1" 403 1242 "-" "WordPress.com; https://wordpress.com"
42.201.192.82 - - [18/Aug/2026:06:43:20 -0400] "GET /a-beginners-guide-to-plant-based-eating HTTP/1.1" 301 0 "https://lucfusaro.com/" "Mozilla/5.0 (Macintosh; Intel Mac OS X 10_15_7) AppleWebKit/537.36 (KHTML, like Gecko) Chrome/121.0.0.0 Safari/537.36 Edg/121.0.0.0"
192.158.238.133 - - [18/Aug/2026:06:43:25 -0400] "GET /wp-content/uploads/2026/06/plantdiet-main-1549494249.avif HTTP/1.1" 200 158459 "-" "-"
183.87.97.221 - - [18/Aug/2026:06:43:23 -0400] "GET /a-beginners-guide-to-plant-based-eating/ HTTP/1.1" 200 57416 "https://lucfusaro.com/" "Mozilla/5.0 (Macintosh; Intel Mac OS X 10_15_7) AppleWebKit/537.36 (KHTML, like Gecko) Chrome/121.0.0.0 Safari/537.36 Edg/121.0.0.0"
103.205.149.237 - - [18/Aug/2026:06:43:28 -0400] "POST /xmlrpc.php HTTP/1.1" 403 1242 "-" "Jetpack by WordPress.com"
103.205.149.237 - - [18/Aug/2026:06:43:38 -0400] "POST /xmlrpc.php HTTP/1.1" 403 1242 "-" "Jetpack by WordPress.com"
103.205.149.237 - - [18/Aug/2026:06:44:00 -0400] "POST /xmlrpc.php HTTP/1.1" 403 1242 "-" "Jetpack by WordPress.com"
103.205.149.237 - - [18/Aug/2026:06:44:10 -0400] "POST /xmlrpc.php HTTP/1.1" 403 1242 "-" "WordPress.com; https://wordpress.com"
103.205.149.237 - - [18/Aug/2026:06:44:34 -0400] "POST /xmlrpc.php HTTP/1.1" 403 1242 "-" "Jetpack by WordPress.com"
103.205.149.237 - - [18/Aug/2026:06:44:43 -0400] "POST /xmlrpc.php HTTP/1.1" 403 1242 "-" "WordPress.com; https://wordpress.com"
103.205.149.237 - - [18/Aug/2026:06:44:54 -0400] "POST /xmlrpc.php HTTP/1.1" 403 1242 "-" "Jetpack by WordPress.com"
103.205.149.237 - - [18/Aug/2026:06:45:05 -0400] "POST /xmlrpc.php HTTP/1.1" 403 1242 "-" "Jetpack by WordPress.com"
103.205.149.237 - - [18/Aug/2026:06:45:15 -0400] "POST /xmlrpc.php HTTP/1.1" 403 1242 "-" "Jetpack by WordPress.com"
103.205.149.237 - - [18/Aug/2026:06:45:26 -0400] "POST /xmlrpc.php HTTP/1.1" 200 403 "-" "Jetpack/12.1; WordPress/6.2; http://site86228813.com"
103.205.149.237 - - [18/Aug/2026:06:45:37 -0400] "POST /xmlrpc.php HTTP/1.1" 403 1242 "-" "WordPress.com; https://wordpress.com"
103.205.149.237 - - [18/Aug/2026:06:45:47 -0400] "POST /xmlrpc.php HTTP/1.1" 403 1242 "-" "WordPress.com; https://wordpress.com"
103.205.149.237 - - [18/Aug/2026:06:45:59 -0400] "POST /xmlrpc.php HTTP/1.1" 200 403 "-" "Jetpack by WordPress.com (Jetpack 12.0; WordPress 6.4)"
103.205.149.237 - - [18/Aug/2026:06:46:09 -0400] "POST /xmlrpc.php HTTP/1.1" 200 403 "-" "Jetpack by WordPress.com (Jetpack 12.0; WordPress 6.4)"
103.205.149.237 - - [18/Aug/2026:06:46:20 -0400] "POST /xmlrpc.php HTTP/1.1" 403 1242 "-" "WordPress.com; https://wordpress.com"
103.205.149.237 - - [18/Aug/2026:06:46:31 -0400] "POST /xmlrpc.php HTTP/1.1" 403 1242 "-" "WordPress.com; https://wordpress.com"
103.205.149.237 - - [18/Aug/2026:06:46:42 -0400] "POST /xmlrpc.php HTTP/1.1" 403 1242 "-" "WordPress.com; https://wordpress.com"
103.205.149.237 - - [18/Aug/2026:06:46:52 -0400] "POST /xmlrpc.php HTTP/1.1" 200 403 "-" "Jetpack/12.0; WordPress/6.2; http://site27388551.com"
192.158.238.133 - - [18/Aug/2026:06:47:03 -0400] "GET /wp-content/uploads/2026/04/office-Window-Cleaning-guide.jpg HTTP/1.1" 200 376889 "-" "-"
3.223.181.32 - - [18/Aug/2026:06:47:01 -0400] "GET /clean-windows-better-business-why-commercial-window-cleaning-matters/ HTTP/1.1" 200 55749 "-" "Mozilla/5.0 AppleWebKit/537.36 (KHTML, like Gecko; compatible; Amazonbot/0.1; +https://developer.amazon.com/support/amazonbot) Chrome/119.0.6045.214 Safari/537.36"
103.205.149.237 - - [18/Aug/2026:06:47:03 -0400] "POST /xmlrpc.php HTTP/1.1" 200 403 "-" "Jetpack by WordPress.com (Jetpack 13.0; WordPress 6.4)"
192.158.238.133 - - [18/Aug/2026:06:47:06 -0400] "GET /wp-content/uploads/2026/04/VSWvT7PCg3wYy53XkUXH3Q-scaled.jpg HTTP/1.1" 200 333109 "-" "-"
54.87.62.248 - - [18/Aug/2026:06:47:04 -0400] "GET /concrete-floor-options-a-comprehensive-guide/ HTTP/1.1" 200 57175 "-" "Mozilla/5.0 AppleWebKit/537.36 (KHTML, like Gecko; compatible; Amazonbot/0.1; +https://developer.amazon.com/support/amazonbot) Chrome/119.0.6045.214 Safari/537.36"
103.205.149.237 - - [18/Aug/2026:06:47:14 -0400] "POST /xmlrpc.php HTTP/1.1" 200 403 "-" "Jetpack/13.0; WordPress/6.4; http://site90696461.com"
103.205.149.237 - - [18/Aug/2026:06:47:25 -0400] "POST /xmlrpc.php HTTP/1.1" 403 1242 "-" "Jetpack by WordPress.com"
103.205.149.237 - - [18/Aug/2026:06:47:36 -0400] "POST /xmlrpc.php HTTP/1.1" 403 1242 "-" "WordPress.com; https://wordpress.com"
103.205.149.237 - - [18/Aug/2026:06:47:47 -0400] "POST /xmlrpc.php HTTP/1.1" 403 1242 "-" "WordPress.com; https://wordpress.com"
103.205.149.237 - - [18/Aug/2026:06:47:57 -0400] "POST /xmlrpc.php HTTP/1.1" 403 1242 "-" "WordPress.com; https://wordpress.com"
66.249.72.33 - - [18/Aug/2026:06:48:02 -0400] "GET /robots.txt HTTP/1.1" 200 96 "-" "Mozilla/5.0 (compatible; Googlebot/2.1; +http://www.google.com/bot.html)"
66.249.72.33 - - [18/Aug/2026:06:48:04 -0400] "GET /ads.txt HTTP/1.1" 404 43661 "-" "Mozilla/5.0 (compatible; Googlebot/2.1; +http://www.google.com/bot.html)"
103.205.149.237 - - [18/Aug/2026:06:48:08 -0400] "POST /xmlrpc.php HTTP/1.1" 200 403 "-" "Jetpack/12.1; WordPress/6.3; http://site98162864.com"
103.205.149.237 - - [18/Aug/2026:06:48:20 -0400] "POST /xmlrpc.php HTTP/1.1" 200 403 "-" "Jetpack/13.0; WordPress/6.2; http://site21688353.com"
103.205.149.237 - - [18/Aug/2026:06:48:30 -0400] "POST /xmlrpc.php HTTP/1.1" 403 1242 "-" "Jetpack by WordPress.com"
103.205.149.237 - - [18/Aug/2026:06:48:41 -0400] "POST /xmlrpc.php HTTP/1.1" 403 1242 "-" "Jetpack by WordPress.com"
103.205.149.237 - - [18/Aug/2026:06:48:52 -0400] "POST /xmlrpc.php HTTP/1.1" 200 403 "-" "Jetpack by WordPress.com (Jetpack 12.5; WordPress 6.4)"
103.205.149.237 - - [18/Aug/2026:06:49:03 -0400] "POST /xmlrpc.php HTTP/1.1" 200 403 "-" "Jetpack by WordPress.com (Jetpack 12.5; WordPress 6.2)"
103.205.149.237 - - [18/Aug/2026:06:49:13 -0400] "POST /xmlrpc.php HTTP/1.1" 403 1242 "-" "WordPress.com; https://wordpress.com"
103.205.149.237 - - [18/Aug/2026:06:49:24 -0400] "POST /xmlrpc.php HTTP/1.1" 403 1242 "-" "WordPress.com; https://wordpress.com"
103.205.149.237 - - [18/Aug/2026:06:49:35 -0400] "POST /xmlrpc.php HTTP/1.1" 403 1242 "-" "Jetpack by WordPress.com"
103.205.149.237 - - [18/Aug/2026:06:49:45 -0400] "POST /xmlrpc.php HTTP/1.1" 403 1242 "-" "WordPress.com; https://wordpress.com"
103.205.149.237 - - [18/Aug/2026:06:49:56 -0400] "POST /xmlrpc.php HTTP/1.1" 403 1242 "-" "Jetpack by WordPress.com"
103.205.149.237 - - [18/Aug/2026:06:50:20 -0400] "POST /xmlrpc.php HTTP/1.1" 403 1242 "-" "WordPress.com; https://wordpress.com"
103.205.149.237 - - [18/Aug/2026:06:50:29 -0400] "POST /xmlrpc.php HTTP/1.1" 403 1242 "-" "Jetpack by WordPress.com"
103.205.149.237 - - [18/Aug/2026:06:50:40 -0400] "POST /xmlrpc.php HTTP/1.1" 403 1242 "-" "Jetpack by WordPress.com"
103.205.149.237 - - [18/Aug/2026:06:50:51 -0400] "POST /xmlrpc.php HTTP/1.1" 403 1242 "-" "WordPress.com; https://wordpress.com"
103.205.149.237 - - [18/Aug/2026:06:51:01 -0400] "POST /xmlrpc.php HTTP/1.1" 403 1242 "-" "WordPress.com; https://wordpress.com"
45.148.10.19 - - [18/Aug/2026:06:51:00 -0400] "GET / HTTP/1.1" 200 56575 "-" "Mozilla/5.0 (Windows NT 10.0; Win64; x64) AppleWebKit/537.36 (KHTML, like Gecko) Chrome/131.0.0.0 Safari/537.36"
103.205.149.237 - - [18/Aug/2026:06:51:13 -0400] "POST /xmlrpc.php HTTP/1.1" 403 1242 "-" "WordPress.com; https://wordpress.com"
103.205.149.237 - - [18/Aug/2026:06:51:23 -0400] "POST /xmlrpc.php HTTP/1.1" 403 1242 "-" "WordPress.com; https://wordpress.com"
103.205.149.237 - - [18/Aug/2026:06:51:33 -0400] "POST /xmlrpc.php HTTP/1.1" 403 1242 "-" "Jetpack by WordPress.com"
103.205.149.237 - - [18/Aug/2026:06:51:44 -0400] "POST /xmlrpc.php HTTP/1.1" 403 1242 "-" "Jetpack by WordPress.com"
103.205.149.237 - - [18/Aug/2026:06:51:55 -0400] "POST /xmlrpc.php HTTP/1.1" 403 1242 "-" "WordPress.com; https://wordpress.com"
103.205.149.237 - - [18/Aug/2026:06:52:05 -0400] "POST /xmlrpc.php HTTP/1.1" 200 403 "-" "Jetpack by WordPress.com (Jetpack 12.0; WordPress 6.1)"
103.205.149.237 - - [18/Aug/2026:06:52:16 -0400] "POST /xmlrpc.php HTTP/1.1" 403 1242 "-" "WordPress.com; https://wordpress.com"
103.205.149.237 - - [18/Aug/2026:06:52:27 -0400] "POST /xmlrpc.php HTTP/1.1" 200 403 "-" "Jetpack/12.0; WordPress/6.4; http://site55960930.com"
103.205.149.237 - - [18/Aug/2026:06:52:38 -0400] "POST /xmlrpc.php HTTP/1.1" 403 1242 "-" "WordPress.com; https://wordpress.com"
103.205.149.237 - - [18/Aug/2026:06:52:48 -0400] "POST /xmlrpc.php HTTP/1.1" 200 403 "-" "Jetpack by WordPress.com (Jetpack 12.0; WordPress 6.4)"
20.219.2.203 - - [18/Aug/2026:06:52:56 -0400] "GET / HTTP/1.1" 200 48688 "-" "Mozilla/5.0 (Windows NT 10.0; Win64; x64) AppleWebKit/537.36 (KHTML, like Gecko) Chrome/120.0.0.0 Safari/537.36"
103.161.92.13 - - [18/Aug/2026:06:52:59 -0400] "POST /xmlrpc.php HTTP/1.1" 200 403 "-" "Jetpack by WordPress.com (Jetpack 12.5; WordPress 6.2)"
103.205.149.237 - - [18/Aug/2026:06:52:59 -0400] "POST /xmlrpc.php HTTP/1.1" 200 403 "-" "Jetpack/12.1; WordPress/6.4; http://site21709554.com"
20.219.2.203 - - [18/Aug/2026:06:52:59 -0400] "GET /init.php HTTP/1.1" 404 43661 "-" "Mozilla/5.0 (Windows NT 10.0; Win64; x64) AppleWebKit/537.36 (KHTML, like Gecko) Chrome/120.0.0.0 Safari/537.36"
20.219.2.203 - - [18/Aug/2026:06:53:02 -0400] "GET /inputs.php HTTP/1.1" 404 43661 "-" "Mozilla/5.0 (Windows NT 10.0; Win64; x64) AppleWebKit/537.36 (KHTML, like Gecko) Chrome/120.0.0.0 Safari/537.36"
20.219.2.203 - - [18/Aug/2026:06:53:04 -0400] "GET /install.php HTTP/1.1" 404 43661 "-" "Mozilla/5.0 (Windows NT 10.0; Win64; x64) AppleWebKit/537.36 (KHTML, like Gecko) Chrome/120.0.0.0 Safari/537.36"
20.219.2.203 - - [18/Aug/2026:06:53:06 -0400] "GET /ioxi-o.php HTTP/1.1" 404 43661 "-" "Mozilla/5.0 (Windows NT 10.0; Win64; x64) AppleWebKit/537.36 (KHTML, like Gecko) Chrome/120.0.0.0 Safari/537.36"
103.161.92.13 - - [18/Aug/2026:06:53:08 -0400] "POST /xmlrpc.php HTTP/1.1" 200 403 "-" "WordPress.com; https://wordpress.com"
103.205.149.237 - - [18/Aug/2026:06:53:10 -0400] "POST /xmlrpc.php HTTP/1.1" 403 1242 "-" "Jetpack by WordPress.com"
20.219.2.203 - - [18/Aug/2026:06:53:08 -0400] "GET /iqps3ldefault.php HTTP/1.1" 404 43661 "-" "Mozilla/5.0 (Windows NT 10.0; Win64; x64) AppleWebKit/537.36 (KHTML, like Gecko) Chrome/120.0.0.0 Safari/537.36"
20.219.2.203 - - [18/Aug/2026:06:53:11 -0400] "GET /item.php HTTP/1.1" 404 43661 "-" "Mozilla/5.0 (Windows NT 10.0; Win64; x64) AppleWebKit/537.36 (KHTML, like Gecko) Chrome/120.0.0.0 Safari/537.36"
20.219.2.203 - - [18/Aug/2026:06:53:13 -0400] "GET /jga.php HTTP/1.1" 404 43661 "-" "Mozilla/5.0 (Windows NT 10.0; Win64; x64) AppleWebKit/537.36 (KHTML, like Gecko) Chrome/120.0.0.0 Safari/537.36"
20.219.2.203 - - [18/Aug/2026:06:53:14 -0400] "GET /jquery.php HTTP/1.1" 404 43661 "-" "Mozilla/5.0 (Windows NT 10.0; Win64; x64) AppleWebKit/537.36 (KHTML, like Gecko) Chrome/120.0.0.0 Safari/537.36"
20.219.2.203 - - [18/Aug/2026:06:53:16 -0400] "GET /k.php HTTP/1.1" 404 43661 "-" "Mozilla/5.0 (Windows NT 10.0; Win64; x64) AppleWebKit/537.36 (KHTML, like Gecko) Chrome/120.0.0.0 Safari/537.36"
20.219.2.203 - - [18/Aug/2026:06:53:18 -0400] "GET /k2.php HTTP/1.1" 404 43661 "-" "Mozilla/5.0 (Windows NT 10.0; Win64; x64) AppleWebKit/537.36 (KHTML, like Gecko) Chrome/120.0.0.0 Safari/537.36"
103.161.92.13 - - [18/Aug/2026:06:53:18 -0400] "POST /xmlrpc.php HTTP/1.1" 200 403 "-" "Jetpack by WordPress.com"
103.205.149.237 - - [18/Aug/2026:06:53:20 -0400] "POST /xmlrpc.php HTTP/1.1" 403 1242 "-" "WordPress.com; https://wordpress.com"
20.219.2.203 - - [18/Aug/2026:06:53:20 -0400] "GET /license.php HTTP/1.1" 404 43661 "-" "Mozilla/5.0 (Windows NT 10.0; Win64; x64) AppleWebKit/537.36 (KHTML, like Gecko) Chrome/120.0.0.0 Safari/537.36"
20.219.2.203 - - [18/Aug/2026:06:53:21 -0400] "GET /link.php HTTP/1.1" 404 43661 "-" "Mozilla/5.0 (Windows NT 10.0; Win64; x64) AppleWebKit/537.36 (KHTML, like Gecko) Chrome/120.0.0.0 Safari/537.36"
20.219.2.203 - - [18/Aug/2026:06:53:24 -0400] "GET /lite.php HTTP/1.1" 404 43661 "-" "Mozilla/5.0 (Windows NT 10.0; Win64; x64) AppleWebKit/537.36 (KHTML, like Gecko) Chrome/120.0.0.0 Safari/537.36"
20.219.2.203 - - [18/Aug/2026:06:53:26 -0400] "GET /load.php HTTP/1.1" 404 43661 "-" "Mozilla/5.0 (Windows NT 10.0; Win64; x64) AppleWebKit/537.36 (KHTML, like Gecko) Chrome/120.0.0.0 Safari/537.36"
20.219.2.203 - - [18/Aug/2026:06:53:28 -0400] "GET /log.php HTTP/1.1" 404 43661 "-" "Mozilla/5.0 (Windows NT 10.0; Win64; x64) AppleWebKit/537.36 (KHTML, like Gecko) Chrome/120.0.0.0 Safari/537.36"
103.161.92.13 - - [18/Aug/2026:06:53:29 -0400] "POST /xmlrpc.php HTTP/1.1" 200 403 "-" "Jetpack by WordPress.com"
20.219.2.203 - - [18/Aug/2026:06:53:31 -0400] "GET /lufix.php HTTP/1.1" 404 43661 "-" "Mozilla/5.0 (Windows NT 10.0; Win64; x64) AppleWebKit/537.36 (KHTML, like Gecko) Chrome/120.0.0.0 Safari/537.36"
103.205.149.237 - - [18/Aug/2026:06:53:31 -0400] "POST /xmlrpc.php HTTP/1.1" 200 403 "-" "Jetpack/12.5; WordPress/6.2; http://site28268553.com"
20.219.2.203 - - [18/Aug/2026:06:53:32 -0400] "GET /ly.php HTTP/1.1" 404 43661 "-" "Mozilla/5.0 (Windows NT 10.0; Win64; x64) AppleWebKit/537.36 (KHTML, like Gecko) Chrome/120.0.0.0 Safari/537.36"
20.219.2.203 - - [18/Aug/2026:06:53:35 -0400] "GET /m.php HTTP/1.1" 404 43661 "-" "Mozilla/5.0 (Windows NT 10.0; Win64; x64) AppleWebKit/537.36 (KHTML, like Gecko) Chrome/120.0.0.0 Safari/537.36"
20.219.2.203 - - [18/Aug/2026:06:53:36 -0400] "GET /m57.php HTTP/1.1" 404 43661 "-" "Mozilla/5.0 (Windows NT 10.0; Win64; x64) AppleWebKit/537.36 (KHTML, like Gecko) Chrome/120.0.0.0 Safari/537.36"
20.219.2.203 - - [18/Aug/2026:06:53:38 -0400] "GET /mac.php HTTP/1.1" 404 43661 "-" "Mozilla/5.0 (Windows NT 10.0; Win64; x64) AppleWebKit/537.36 (KHTML, like Gecko) Chrome/120.0.0.0 Safari/537.36"
103.161.92.13 - - [18/Aug/2026:06:53:40 -0400] "POST /xmlrpc.php HTTP/1.1" 200 403 "-" "Jetpack by WordPress.com (Jetpack 12.0; WordPress 6.1)"
20.219.2.203 - - [18/Aug/2026:06:53:40 -0400] "GET /mah.php HTTP/1.1" 404 43661 "-" "Mozilla/5.0 (Windows NT 10.0; Win64; x64) AppleWebKit/537.36 (KHTML, like Gecko) Chrome/120.0.0.0 Safari/537.36"
103.205.149.237 - - [18/Aug/2026:06:53:42 -0400] "POST /xmlrpc.php HTTP/1.1" 200 403 "-" "Jetpack/12.5; WordPress/6.2; http://site40060608.com"
20.219.2.203 - - [18/Aug/2026:06:53:42 -0400] "GET /makeasmtp.php HTTP/1.1" 404 43661 "-" "Mozilla/5.0 (Windows NT 10.0; Win64; x64) AppleWebKit/537.36 (KHTML, like Gecko) Chrome/120.0.0.0 Safari/537.36"
20.219.2.203 - - [18/Aug/2026:06:53:44 -0400] "GET /manager.php HTTP/1.1" 404 43661 "-" "Mozilla/5.0 (Windows NT 10.0; Win64; x64) AppleWebKit/537.36 (KHTML, like Gecko) Chrome/120.0.0.0 Safari/537.36"
20.219.2.203 - - [18/Aug/2026:06:53:46 -0400] "GET /mar.php HTTP/1.1" 404 43661 "-" "Mozilla/5.0 (Windows NT 10.0; Win64; x64) AppleWebKit/537.36 (KHTML, like Gecko) Chrome/120.0.0.0 Safari/537.36"
20.219.2.203 - - [18/Aug/2026:06:53:48 -0400] "GET /maxro.php HTTP/1.1" 404 43661 "-" "Mozilla/5.0 (Windows NT 10.0; Win64; x64) AppleWebKit/537.36 (KHTML, like Gecko) Chrome/120.0.0.0 Safari/537.36"
20.219.2.203 - - [18/Aug/2026:06:53:49 -0400] "GET /mds.php HTTP/1.1" 404 43661 "-" "Mozilla/5.0 (Windows NT 10.0; Win64; x64) AppleWebKit/537.36 (KHTML, like Gecko) Chrome/120.0.0.0 Safari/537.36"
103.161.92.13 - - [18/Aug/2026:06:53:50 -0400] "POST /xmlrpc.php HTTP/1.1" 200 403 "-" "Jetpack by WordPress.com (Jetpack 13.0; WordPress 6.2)"
103.205.149.237 - - [18/Aug/2026:06:53:52 -0400] "POST /xmlrpc.php HTTP/1.1" 200 403 "-" "Jetpack by WordPress.com (Jetpack 12.5; WordPress 6.2)"
20.219.2.203 - - [18/Aug/2026:06:53:52 -0400] "GET /media.php HTTP/1.1" 404 43661 "-" "Mozilla/5.0 (Windows NT 10.0; Win64; x64) AppleWebKit/537.36 (KHTML, like Gecko) Chrome/120.0.0.0 Safari/537.36"
20.219.2.203 - - [18/Aug/2026:06:53:54 -0400] "GET /mini.php HTTP/1.1" 404 43661 "-" "Mozilla/5.0 (Windows NT 10.0; Win64; x64) AppleWebKit/537.36 (KHTML, like Gecko) Chrome/120.0.0.0 Safari/537.36"
20.219.2.203 - - [18/Aug/2026:06:53:55 -0400] "GET /miru1.php HTTP/1.1" 404 43661 "-" "Mozilla/5.0 (Windows NT 10.0; Win64; x64) AppleWebKit/537.36 (KHTML, like Gecko) Chrome/120.0.0.0 Safari/537.36"
20.219.2.203 - - [18/Aug/2026:06:53:57 -0400] "GET /mjq.php HTTP/1.1" 404 43661 "-" "Mozilla/5.0 (Windows NT 10.0; Win64; x64) AppleWebKit/537.36 (KHTML, like Gecko) Chrome/120.0.0.0 Safari/537.36"
20.219.2.203 - - [18/Aug/2026:06:53:58 -0400] "GET /modules/mod_footer/tmpl/index.php HTTP/1.1" 301 0 "-" "Mozilla/5.0 (Windows NT 10.0; Win64; x64) AppleWebKit/537.36 (KHTML, like Gecko) Chrome/120.0.0.0 Safari/537.36"
20.219.2.203 - - [18/Aug/2026:06:54:00 -0400] "GET /modules/mod_simplefileuploadv1.3/elements/ HTTP/1.1" 404 43949 "-" "Mozilla/5.0 (Windows NT 10.0; Win64; x64) AppleWebKit/537.36 (KHTML, like Gecko) Chrome/120.0.0.0 Safari/537.36"
103.161.92.13 - - [18/Aug/2026:06:54:01 -0400] "POST /xmlrpc.php HTTP/1.1" 200 403 "-" "WordPress.com; https://wordpress.com"
20.219.2.203 - - [18/Aug/2026:06:54:01 -0400] "GET /modules/mod_simplefileuploadv1.3/elements/i8hqok6nr.php HTTP/1.1" 404 43949 "-" "Mozilla/5.0 (Windows NT 10.0; Win64; x64) AppleWebKit/537.36 (KHTML, like Gecko) Chrome/120.0.0.0 Safari/537.36"
103.205.149.237 - - [18/Aug/2026:06:54:03 -0400] "POST /xmlrpc.php HTTP/1.1" 200 403 "-" "Jetpack by WordPress.com (Jetpack 12.5; WordPress 6.2)"
20.219.2.203 - - [18/Aug/2026:06:54:03 -0400] "GET /moon.php HTTP/1.1" 404 43661 "-" "Mozilla/5.0 (Windows NT 10.0; Win64; x64) AppleWebKit/537.36 (KHTML, like Gecko) Chrome/120.0.0.0 Safari/537.36"
20.219.2.203 - - [18/Aug/2026:06:54:06 -0400] "GET /motu.php HTTP/1.1" 404 43661 "-" "Mozilla/5.0 (Windows NT 10.0; Win64; x64) AppleWebKit/537.36 (KHTML, like Gecko) Chrome/120.0.0.0 Safari/537.36"
20.219.2.203 - - [18/Aug/2026:06:54:08 -0400] "GET /ms-edit.php HTTP/1.1" 404 43661 "-" "Mozilla/5.0 (Windows NT 10.0; Win64; x64) AppleWebKit/537.36 (KHTML, like Gecko) Chrome/120.0.0.0 Safari/537.36"
20.219.2.203 - - [18/Aug/2026:06:54:09 -0400] "GET /ncx.php HTTP/1.1" 404 43661 "-" "Mozilla/5.0 (Windows NT 10.0; Win64; x64) AppleWebKit/537.36 (KHTML, like Gecko) Chrome/120.0.0.0 Safari/537.36"
20.219.2.203 - - [18/Aug/2026:06:54:11 -0400] "GET /neshe HTTP/1.1" 404 43661 "-" "Mozilla/5.0 (Windows NT 10.0; Win64; x64) AppleWebKit/537.36 (KHTML, like Gecko) Chrome/120.0.0.0 Safari/537.36"
103.161.92.13 - - [18/Aug/2026:06:54:11 -0400] "POST /xmlrpc.php HTTP/1.1" 200 403 "-" "WordPress.com; https://wordpress.com"
20.219.2.203 - - [18/Aug/2026:06:54:12 -0400] "GET /network.php HTTP/1.1" 404 43661 "-" "Mozilla/5.0 (Windows NT 10.0; Win64; x64) AppleWebKit/537.36 (KHTML, like Gecko) Chrome/120.0.0.0 Safari/537.36"
20.219.2.203 - - [18/Aug/2026:06:54:14 -0400] "GET /new.php HTTP/1.1" 404 43661 "-" "Mozilla/5.0 (Windows NT 10.0; Win64; x64) AppleWebKit/537.36 (KHTML, like Gecko) Chrome/120.0.0.0 Safari/537.36"
103.205.149.237 - - [18/Aug/2026:06:54:14 -0400] "POST /xmlrpc.php HTTP/1.1" 200 403 "-" "Jetpack/12.5; WordPress/6.4; http://site47995798.com"
20.219.2.203 - - [18/Aug/2026:06:54:16 -0400] "GET /new4.php HTTP/1.1" 404 43661 "-" "Mozilla/5.0 (Windows NT 10.0; Win64; x64) AppleWebKit/537.36 (KHTML, like Gecko) Chrome/120.0.0.0 Safari/537.36"
20.219.2.203 - - [18/Aug/2026:06:54:18 -0400] "GET /newfile.php HTTP/1.1" 404 43661 "-" "Mozilla/5.0 (Windows NT 10.0; Win64; x64) AppleWebKit/537.36 (KHTML, like Gecko) Chrome/120.0.0.0 Safari/537.36"
20.219.2.203 - - [18/Aug/2026:06:54:19 -0400] "GET /nf.php HTTP/1.1" 404 43661 "-" "Mozilla/5.0 (Windows NT 10.0; Win64; x64) AppleWebKit/537.36 (KHTML, like Gecko) Chrome/120.0.0.0 Safari/537.36"
103.161.92.13 - - [18/Aug/2026:06:54:22 -0400] "POST /xmlrpc.php HTTP/1.1" 200 403 "-" "Jetpack by WordPress.com (Jetpack 12.1; WordPress 6.3)"
103.205.149.237 - - [18/Aug/2026:06:54:24 -0400] "POST /xmlrpc.php HTTP/1.1" 403 1242 "-" "Jetpack by WordPress.com"
103.161.92.13 - - [18/Aug/2026:06:54:32 -0400] "POST /xmlrpc.php HTTP/1.1" 200 403 "-" "Jetpack by WordPress.com"
103.205.149.237 - - [18/Aug/2026:06:54:35 -0400] "POST /xmlrpc.php HTTP/1.1" 403 1242 "-" "WordPress.com; https://wordpress.com"
103.161.92.13 - - [18/Aug/2026:06:54:43 -0400] "POST /xmlrpc.php HTTP/1.1" 200 403 "-" "WordPress.com; https://wordpress.com"
103.205.149.237 - - [18/Aug/2026:06:54:46 -0400] "POST /xmlrpc.php HTTP/1.1" 200 403 "-" "Jetpack/12.5; WordPress/6.2; http://site26440586.com"
103.161.92.13 - - [18/Aug/2026:06:54:54 -0400] "POST /xmlrpc.php HTTP/1.1" 200 403 "-" "WordPress.com; https://wordpress.com"
103.205.149.237 - - [18/Aug/2026:06:54:56 -0400] "POST /xmlrpc.php HTTP/1.1" 200 403 "-" "Jetpack/13.0; WordPress/6.2; http://site85709351.com"
103.161.92.13 - - [18/Aug/2026:06:55:04 -0400] "POST /xmlrpc.php HTTP/1.1" 200 403 "-" "Jetpack by WordPress.com"
103.205.149.237 - - [18/Aug/2026:06:55:07 -0400] "POST /xmlrpc.php HTTP/1.1" 403 1242 "-" "Jetpack by WordPress.com"
103.161.92.13 - - [18/Aug/2026:06:55:15 -0400] "POST /xmlrpc.php HTTP/1.1" 200 403 "-" "Jetpack by WordPress.com"
103.205.149.237 - - [18/Aug/2026:06:55:18 -0400] "POST /xmlrpc.php HTTP/1.1" 403 1242 "-" "Jetpack by WordPress.com"
103.161.92.13 - - [18/Aug/2026:06:55:25 -0400] "POST /xmlrpc.php HTTP/1.1" 200 403 "-" "Jetpack by WordPress.com (Jetpack 12.5; WordPress 6.1)"
103.205.149.237 - - [18/Aug/2026:06:55:28 -0400] "POST /xmlrpc.php HTTP/1.1" 200 403 "-" "Jetpack/12.1; WordPress/6.1; http://site10697505.com"
103.161.92.13 - - [18/Aug/2026:06:55:36 -0400] "POST /xmlrpc.php HTTP/1.1" 200 403 "-" "Jetpack by WordPress.com (Jetpack 13.0; WordPress 6.2)"
103.205.149.237 - - [18/Aug/2026:06:55:39 -0400] "POST /xmlrpc.php HTTP/1.1" 403 1242 "-" "WordPress.com; https://wordpress.com"
103.161.92.13 - - [18/Aug/2026:06:55:46 -0400] "POST /xmlrpc.php HTTP/1.1" 200 403 "-" "Jetpack/12.0; WordPress/6.3; http://site88717723.com"
103.205.149.237 - - [18/Aug/2026:06:55:50 -0400] "POST /xmlrpc.php HTTP/1.1" 200 403 "-" "Jetpack by WordPress.com (Jetpack 13.0; WordPress 6.1)"
103.161.92.13 - - [18/Aug/2026:06:55:57 -0400] "POST /xmlrpc.php HTTP/1.1" 200 403 "-" "Jetpack by WordPress.com (Jetpack 13.0; WordPress 6.1)"
103.205.149.237 - - [18/Aug/2026:06:56:00 -0400] "POST /xmlrpc.php HTTP/1.1" 200 403 "-" "Jetpack/12.5; WordPress/6.1; http://site58340342.com"
103.161.92.13 - - [18/Aug/2026:06:56:07 -0400] "POST /xmlrpc.php HTTP/1.1" 200 403 "-" "Jetpack by WordPress.com (Jetpack 12.5; WordPress 6.2)"
103.205.149.237 - - [18/Aug/2026:06:56:11 -0400] "POST /xmlrpc.php HTTP/1.1" 403 1242 "-" "Jetpack by WordPress.com"
103.161.92.13 - - [18/Aug/2026:06:56:18 -0400] "POST /xmlrpc.php HTTP/1.1" 200 403 "-" "Jetpack by WordPress.com (Jetpack 13.0; WordPress 6.4)"
103.205.149.237 - - [18/Aug/2026:06:56:22 -0400] "POST /xmlrpc.php HTTP/1.1" 403 1242 "-" "WordPress.com; https://wordpress.com"
103.161.92.13 - - [18/Aug/2026:06:56:28 -0400] "POST /xmlrpc.php HTTP/1.1" 200 403 "-" "Jetpack by WordPress.com (Jetpack 12.1; WordPress 6.1)"
103.205.149.237 - - [18/Aug/2026:06:56:33 -0400] "POST /xmlrpc.php HTTP/1.1" 200 403 "-" "Jetpack by WordPress.com (Jetpack 12.0; WordPress 6.3)"
103.161.92.13 - - [18/Aug/2026:06:56:39 -0400] "POST /xmlrpc.php HTTP/1.1" 200 403 "-" "Jetpack/12.0; WordPress/6.3; http://site66456863.com"
103.205.149.237 - - [18/Aug/2026:06:56:44 -0400] "POST /xmlrpc.php HTTP/1.1" 403 1242 "-" "WordPress.com; https://wordpress.com"
103.161.92.13 - - [18/Aug/2026:06:56:50 -0400] "POST /xmlrpc.php HTTP/1.1" 200 403 "-" "Jetpack/12.1; WordPress/6.3; http://site64765984.com"
103.205.149.237 - - [18/Aug/2026:06:56:54 -0400] "POST /xmlrpc.php HTTP/1.1" 403 1242 "-" "WordPress.com; https://wordpress.com"
103.161.92.13 - - [18/Aug/2026:06:57:00 -0400] "POST /xmlrpc.php HTTP/1.1" 403 1242 "-" "Jetpack by WordPress.com"
103.205.149.237 - - [18/Aug/2026:06:57:05 -0400] "POST /xmlrpc.php HTTP/1.1" 200 403 "-" "Jetpack by WordPress.com (Jetpack 13.0; WordPress 6.1)"
103.161.92.13 - - [18/Aug/2026:06:57:11 -0400] "POST /xmlrpc.php HTTP/1.1" 200 403 "-" "Jetpack by WordPress.com (Jetpack 12.5; WordPress 6.4)"
103.205.149.237 - - [18/Aug/2026:06:57:16 -0400] "POST /xmlrpc.php HTTP/1.1" 403 1242 "-" "WordPress.com; https://wordpress.com"
103.161.92.13 - - [18/Aug/2026:06:57:21 -0400] "POST /xmlrpc.php HTTP/1.1" 200 403 "-" "Jetpack/13.0; WordPress/6.4; http://site52634534.com"
103.205.149.237 - - [18/Aug/2026:06:57:26 -0400] "POST /xmlrpc.php HTTP/1.1" 200 403 "-" "Jetpack by WordPress.com (Jetpack 12.0; WordPress 6.1)"
103.161.92.13 - - [18/Aug/2026:06:57:32 -0400] "POST /xmlrpc.php HTTP/1.1" 200 403 "-" "Jetpack/12.0; WordPress/6.3; http://site10052867.com"
103.205.149.237 - - [18/Aug/2026:06:57:37 -0400] "POST /xmlrpc.php HTTP/1.1" 403 1242 "-" "Jetpack by WordPress.com"
103.161.92.13 - - [18/Aug/2026:06:57:42 -0400] "POST /xmlrpc.php HTTP/1.1" 403 1242 "-" "Jetpack by WordPress.com"
103.205.149.237 - - [18/Aug/2026:06:57:48 -0400] "POST /xmlrpc.php HTTP/1.1" 403 1242 "-" "WordPress.com; https://wordpress.com"
103.205.149.237 - - [18/Aug/2026:06:57:58 -0400] "POST /xmlrpc.php HTTP/1.1" 200 403 "-" "Jetpack/12.1; WordPress/6.4; http://site41863728.com"
103.205.149.237 - - [18/Aug/2026:06:58:09 -0400] "POST /xmlrpc.php HTTP/1.1" 403 1242 "-" "Jetpack by WordPress.com"
103.205.149.237 - - [18/Aug/2026:06:58:19 -0400] "POST /xmlrpc.php HTTP/1.1" 200 403 "-" "Jetpack/12.1; WordPress/6.3; http://site90834412.com"
103.205.149.237 - - [18/Aug/2026:06:58:30 -0400] "POST /xmlrpc.php HTTP/1.1" 200 403 "-" "Jetpack by WordPress.com (Jetpack 13.0; WordPress 6.2)"
103.205.149.237 - - [18/Aug/2026:06:58:41 -0400] "POST /xmlrpc.php HTTP/1.1" 200 403 "-" "Jetpack by WordPress.com (Jetpack 13.0; WordPress 6.3)"
