34.56.43.119 - - [18/Aug/2026:19:09:13 -0400] "GET / HTTP/2" 200 48688 "-" "Mozilla/5.0 (X11; Linux x86_64) AppleWebKit/537.36 (KHTML, like Gecko) Chrome/149.0.0.0 Safari/537.36"
35.224.197.47 - - [18/Aug/2026:19:09:31 -0400] "GET /wp-content/uploads/2026/04/lucfusaro-1.png HTTP/2" 200 18086 "http://lucfusaro.com/" "Mozilla/5.0 (X11; Linux x86_64) AppleWebKit/537.36 (KHTML, like Gecko) Chrome/149.0.0.0 Safari/537.36"
35.224.197.47 - - [18/Aug/2026:19:09:31 -0400] "GET /wp-content/uploads/2026/04/rising-popularity-of-tea-1024x661.jpg HTTP/2" 200 16375 "http://lucfusaro.com/" "Mozilla/5.0 (X11; Linux x86_64) AppleWebKit/537.36 (KHTML, like Gecko) Chrome/149.0.0.0 Safari/537.36"
35.224.197.47 - - [18/Aug/2026:19:09:31 -0400] "GET /wp-content/uploads/2026/08/full-shot-man-walking-by-trucks-fleet-2048x1365-1-1024x683.jpg HTTP/2" 200 81875 "http://lucfusaro.com/" "Mozilla/5.0 (X11; Linux x86_64) AppleWebKit/537.36 (KHTML, like Gecko) Chrome/149.0.0.0 Safari/537.36"
45.131.193.34 - - [18/Aug/2026:19:15:02 -0400] "POST /wp-login.php HTTP/1.1" 200 2077 "-" "Mozilla/5.0 (Windows NT 10.0; Win64; rv:143.0) Gecko/20100101 Firefox/143.0"
45.131.193.39 - - [18/Aug/2026:19:15:02 -0400] "POST /wp-login.php HTTP/1.1" 200 3917 "-" "Mozilla/5.0 (Windows NT 10.0; Win64; rv:143.0) Gecko/20100101 Firefox/143.0"
136.144.43.187 - - [18/Aug/2026:19:15:37 -0400] "POST /wp-login.php HTTP/1.1" 200 2077 "-" "Mozilla/5.0 (Windows NT 10.0; Win64; x64) AppleWebKit/537.36 Chrome/129.0.0.0 Safari/537.36"
136.144.43.184 - - [18/Aug/2026:19:15:37 -0400] "POST /wp-login.php HTTP/1.1" 200 3917 "-" "Mozilla/5.0 (Windows NT 10.0; Win64; x64) AppleWebKit/537.36 Chrome/129.0.0.0 Safari/537.36"
136.144.43.191 - - [18/Aug/2026:19:27:49 -0400] "POST /wp-login.php HTTP/1.1" 200 3917 "-" "Mozilla/5.0 (Macintosh; Intel Mac OS X 10_15_7) AppleWebKit/605.1.15 Version/17.0 Safari/605.1.15"
136.144.43.188 - - [18/Aug/2026:19:27:49 -0400] "POST /wp-login.php HTTP/1.1" 200 3917 "-" "Mozilla/5.0 (Windows NT 10.0; Win64; rv:143.0) Gecko/20100101 Firefox/143.0"
8.29.155.129 - - [18/Aug/2026:19:28:55 -0400] "GET /wp-login.php HTTP/2" 200 3391 "-" "Mozilla/5.0 (Windows NT 10.0; Win64; x64) AppleWebKit/537.36 (KHTML, like Gecko) Chrome/149.0.0.0 Safari/537.36"
8.29.155.129 - - [18/Aug/2026:19:28:57 -0400] "POST /wp-login.php HTTP/2" 200 1915 "-" "Mozilla/5.0 (Windows NT 10.0; Win64; x64) AppleWebKit/537.36 (KHTML, like Gecko) Chrome/149.0.0.0 Safari/537.36"
216.38.28.47 - - [18/Aug/2026:19:29:55 -0400] "GET /wp-login.php HTTP/2" 200 3371 "-" "Mozilla/5.0 (Windows NT 10.0; Win64; x64) AppleWebKit/537.36 (KHTML, like Gecko) Chrome/149.0.0.0 Safari/537.36"
216.38.28.47 - - [18/Aug/2026:19:29:56 -0400] "POST /wp-login.php HTTP/2" 200 1837 "-" "Mozilla/5.0 (Windows NT 10.0; Win64; x64) AppleWebKit/537.36 (KHTML, like Gecko) Chrome/149.0.0.0 Safari/537.36"
20.219.2.203 - - [18/Aug/2026:19:32:03 -0400] "GET / HTTP/1.1" 200 48688 "-" "Mozilla/5.0 (Windows NT 10.0; Win64; x64) AppleWebKit/537.36 (KHTML, like Gecko) Chrome/120.0.0.0 Safari/537.36"
20.219.2.203 - - [18/Aug/2026:19:32:05 -0400] "GET /wp-admin/maint/ HTTP/1.1" 200 625 "-" "Mozilla/5.0 (Windows NT 10.0; Win64; x64) AppleWebKit/537.36 (KHTML, like Gecko) Chrome/120.0.0.0 Safari/537.36"
20.219.2.203 - - [18/Aug/2026:19:32:06 -0400] "GET /wp-admin/maint/about.php HTTP/1.1" 404 43947 "-" "Mozilla/5.0 (Windows NT 10.0; Win64; x64) AppleWebKit/537.36 (KHTML, like Gecko) Chrome/120.0.0.0 Safari/537.36"
20.219.2.203 - - [18/Aug/2026:19:32:08 -0400] "GET /wp-admin/maint/admin.php HTTP/1.1" 404 43947 "-" "Mozilla/5.0 (Windows NT 10.0; Win64; x64) AppleWebKit/537.36 (KHTML, like Gecko) Chrome/120.0.0.0 Safari/537.36"
20.219.2.203 - - [18/Aug/2026:19:32:10 -0400] "GET /wp-admin/maint/index.php HTTP/1.1" 301 0 "-" "Mozilla/5.0 (Windows NT 10.0; Win64; x64) AppleWebKit/537.36 (KHTML, like Gecko) Chrome/120.0.0.0 Safari/537.36"
20.219.2.203 - - [18/Aug/2026:19:32:11 -0400] "GET /wp-admin/network/ HTTP/1.1" 302 0 "-" "Mozilla/5.0 (Windows NT 10.0; Win64; x64) AppleWebKit/537.36 (KHTML, like Gecko) Chrome/120.0.0.0 Safari/537.36"
162.241.153.188 - - [18/Aug/2026:19:32:13 -0400] "GET /wp-login.php HTTP/2" 200 3371 "-" "Mozilla/5.0 (Windows NT 10.0; Win64; x64) AppleWebKit/537.36 (KHTML, like Gecko) Chrome/149.0.0.0 Safari/537.36"
20.219.2.203 - - [18/Aug/2026:19:32:13 -0400] "GET /wp-admin/network/admin.php HTTP/1.1" 302 0 "-" "Mozilla/5.0 (Windows NT 10.0; Win64; x64) AppleWebKit/537.36 (KHTML, like Gecko) Chrome/120.0.0.0 Safari/537.36"
162.241.153.188 - - [18/Aug/2026:19:32:15 -0400] "POST /wp-login.php HTTP/2" 200 1837 "-" "Mozilla/5.0 (Windows NT 10.0; Win64; x64) AppleWebKit/537.36 (KHTML, like Gecko) Chrome/149.0.0.0 Safari/537.36"
20.219.2.203 - - [18/Aug/2026:19:32:15 -0400] "GET /wp-admin/network/index.php HTTP/1.1" 302 0 "-" "Mozilla/5.0 (Windows NT 10.0; Win64; x64) AppleWebKit/537.36 (KHTML, like Gecko) Chrome/120.0.0.0 Safari/537.36"
20.219.2.203 - - [18/Aug/2026:19:32:16 -0400] "GET /wp-admin/options.php HTTP/1.1" 302 0 "-" "Mozilla/5.0 (Windows NT 10.0; Win64; x64) AppleWebKit/537.36 (KHTML, like Gecko) Chrome/120.0.0.0 Safari/537.36"
20.219.2.203 - - [18/Aug/2026:19:32:18 -0400] "GET /wp-admin/svy9txso8cyku1dtwlzy0hkkcdefault.php HTTP/1.1" 404 43659 "-" "Mozilla/5.0 (Windows NT 10.0; Win64; x64) AppleWebKit/537.36 (KHTML, like Gecko) Chrome/120.0.0.0 Safari/537.36"
20.219.2.203 - - [18/Aug/2026:19:32:20 -0400] "GET /wp-admin/user/ HTTP/1.1" 302 0 "-" "Mozilla/5.0 (Windows NT 10.0; Win64; x64) AppleWebKit/537.36 (KHTML, like Gecko) Chrome/120.0.0.0 Safari/537.36"
20.219.2.203 - - [18/Aug/2026:19:32:21 -0400] "GET /wp-admin/user/index.php HTTP/1.1" 302 0 "-" "Mozilla/5.0 (Windows NT 10.0; Win64; x64) AppleWebKit/537.36 (KHTML, like Gecko) Chrome/120.0.0.0 Safari/537.36"
20.219.2.203 - - [18/Aug/2026:19:32:22 -0400] "GET /wp-admin/wp-async-upload.php HTTP/1.1" 404 43659 "-" "Mozilla/5.0 (Windows NT 10.0; Win64; x64) AppleWebKit/537.36 (KHTML, like Gecko) Chrome/120.0.0.0 Safari/537.36"
20.219.2.203 - - [18/Aug/2026:19:32:24 -0400] "GET /wp-admin/wp-conflg.php HTTP/1.1" 404 43659 "-" "Mozilla/5.0 (Windows NT 10.0; Win64; x64) AppleWebKit/537.36 (KHTML, like Gecko) Chrome/120.0.0.0 Safari/537.36"
20.219.2.203 - - [18/Aug/2026:19:32:26 -0400] "GET /wp-admin/wp.php HTTP/1.1" 404 43659 "-" "Mozilla/5.0 (Windows NT 10.0; Win64; x64) AppleWebKit/537.36 (KHTML, like Gecko) Chrome/120.0.0.0 Safari/537.36"
20.219.2.203 - - [18/Aug/2026:19:32:29 -0400] "GET /wp-admin/xmrlpc.php HTTP/1.1" 404 43659 "-" "Mozilla/5.0 (Windows NT 10.0; Win64; x64) AppleWebKit/537.36 (KHTML, like Gecko) Chrome/120.0.0.0 Safari/537.36"
20.219.2.203 - - [18/Aug/2026:19:32:30 -0400] "GET /wp-async-upload.php HTTP/1.1" 404 43659 "-" "Mozilla/5.0 (Windows NT 10.0; Win64; x64) AppleWebKit/537.36 (KHTML, like Gecko) Chrome/120.0.0.0 Safari/537.36"
20.219.2.203 - - [18/Aug/2026:19:32:32 -0400] "GET /wp-blink.php HTTP/1.1" 404 43659 "-" "Mozilla/5.0 (Windows NT 10.0; Win64; x64) AppleWebKit/537.36 (KHTML, like Gecko) Chrome/120.0.0.0 Safari/537.36"
20.219.2.203 - - [18/Aug/2026:19:32:34 -0400] "GET /wp-blog-header.php HTTP/1.1" 404 0 "-" "Mozilla/5.0 (Windows NT 10.0; Win64; x64) AppleWebKit/537.36 (KHTML, like Gecko) Chrome/120.0.0.0 Safari/537.36"
20.219.2.203 - - [18/Aug/2026:19:32:35 -0400] "GET /wp-blog.php HTTP/1.1" 404 43659 "-" "Mozilla/5.0 (Windows NT 10.0; Win64; x64) AppleWebKit/537.36 (KHTML, like Gecko) Chrome/120.0.0.0 Safari/537.36"
20.219.2.203 - - [18/Aug/2026:19:32:37 -0400] "GET /wp-comments-post.php HTTP/1.1" 405 0 "-" "Mozilla/5.0 (Windows NT 10.0; Win64; x64) AppleWebKit/537.36 (KHTML, like Gecko) Chrome/120.0.0.0 Safari/537.36"
20.219.2.203 - - [18/Aug/2026:19:32:38 -0400] "GET /wp-config-sample.php HTTP/1.1" 500 928 "-" "Mozilla/5.0 (Windows NT 10.0; Win64; x64) AppleWebKit/537.36 (KHTML, like Gecko) Chrome/120.0.0.0 Safari/537.36"
20.219.2.203 - - [18/Aug/2026:19:32:38 -0400] "GET /wp-configs.php HTTP/1.1" 404 43659 "-" "Mozilla/5.0 (Windows NT 10.0; Win64; x64) AppleWebKit/537.36 (KHTML, like Gecko) Chrome/120.0.0.0 Safari/537.36"
20.219.2.203 - - [18/Aug/2026:19:32:39 -0400] "GET /wp-conflg.php HTTP/1.1" 404 43659 "-" "Mozilla/5.0 (Windows NT 10.0; Win64; x64) AppleWebKit/537.36 (KHTML, like Gecko) Chrome/120.0.0.0 Safari/537.36"
20.219.2.203 - - [18/Aug/2026:19:32:41 -0400] "GET /wp-content.php HTTP/1.1" 404 43659 "-" "Mozilla/5.0 (Windows NT 10.0; Win64; x64) AppleWebKit/537.36 (KHTML, like Gecko) Chrome/120.0.0.0 Safari/537.36"
100.24.149.244 - - [18/Aug/2026:19:32:42 -0400] "GET /how-to-use-weed-killers-without-harming-plants/embed/ HTTP/1.1" 200 7156 "-" "Mozilla/5.0 AppleWebKit/537.36 (KHTML, like Gecko; compatible; Amazonbot/0.1; +https://developer.amazon.com/support/amazonbot) Chrome/119.0.6045.214 Safari/537.36"
20.219.2.203 - - [18/Aug/2026:19:32:44 -0400] "GET /wp-content/ HTTP/1.1" 200 0 "-" "Mozilla/5.0 (Windows NT 10.0; Win64; x64) AppleWebKit/537.36 (KHTML, like Gecko) Chrome/120.0.0.0 Safari/537.36"
20.219.2.203 - - [18/Aug/2026:19:32:44 -0400] "GET /wp-content/about.php HTTP/1.1" 404 43659 "-" "Mozilla/5.0 (Windows NT 10.0; Win64; x64) AppleWebKit/537.36 (KHTML, like Gecko) Chrome/120.0.0.0 Safari/537.36"
20.219.2.203 - - [18/Aug/2026:19:32:46 -0400] "GET /wp-content/admin.php HTTP/1.1" 404 43659 "-" "Mozilla/5.0 (Windows NT 10.0; Win64; x64) AppleWebKit/537.36 (KHTML, like Gecko) Chrome/120.0.0.0 Safari/537.36"
98.83.10.183 - - [18/Aug/2026:19:32:47 -0400] "GET /wp-content/uploads/2026/04/organic-weed-killing-step-1-copy-768x480.jpg HTTP/1.1" 200 80745 "-" "Mozilla/5.0 AppleWebKit/537.36 (KHTML, like Gecko; compatible; Amazonbot/0.1; +https://developer.amazon.com/support/amazonbot) Chrome/119.0.6045.214 Safari/537.36"
20.219.2.203 - - [18/Aug/2026:19:32:48 -0400] "GET /wp-content/ai1wm-backups/about.php HTTP/1.1" 404 43947 "-" "Mozilla/5.0 (Windows NT 10.0; Win64; x64) AppleWebKit/537.36 (KHTML, like Gecko) Chrome/120.0.0.0 Safari/537.36"
20.219.2.203 - - [18/Aug/2026:19:32:50 -0400] "GET /wp-content/class-wp-http-client.php HTTP/1.1" 404 43659 "-" "Mozilla/5.0 (Windows NT 10.0; Win64; x64) AppleWebKit/537.36 (KHTML, like Gecko) Chrome/120.0.0.0 Safari/537.36"
20.219.2.203 - - [18/Aug/2026:19:32:52 -0400] "GET /wp-content/classwithtostring.php HTTP/1.1" 404 43659 "-" "Mozilla/5.0 (Windows NT 10.0; Win64; x64) AppleWebKit/537.36 (KHTML, like Gecko) Chrome/120.0.0.0 Safari/537.36"
20.219.2.203 - - [18/Aug/2026:19:32:54 -0400] "GET /wp-content/index.php HTTP/1.1" 200 0 "-" "Mozilla/5.0 (Windows NT 10.0; Win64; x64) AppleWebKit/537.36 (KHTML, like Gecko) Chrome/120.0.0.0 Safari/537.36"
20.219.2.203 - - [18/Aug/2026:19:32:54 -0400] "GET /wp-content/languages/index.php HTTP/1.1" 301 0 "-" "Mozilla/5.0 (Windows NT 10.0; Win64; x64) AppleWebKit/537.36 (KHTML, like Gecko) Chrome/120.0.0.0 Safari/537.36"
20.219.2.203 - - [18/Aug/2026:19:32:56 -0400] "GET /wp-content/packed.php HTTP/1.1" 404 43659 "-" "Mozilla/5.0 (Windows NT 10.0; Win64; x64) AppleWebKit/537.36 (KHTML, like Gecko) Chrome/120.0.0.0 Safari/537.36"
20.219.2.203 - - [18/Aug/2026:19:32:58 -0400] "GET /wp-content/plugins/ HTTP/1.1" 200 0 "-" "Mozilla/5.0 (Windows NT 10.0; Win64; x64) AppleWebKit/537.36 (KHTML, like Gecko) Chrome/120.0.0.0 Safari/537.36"
20.219.2.203 - - [18/Aug/2026:19:32:58 -0400] "GET /wp-content/plugins/61a72ixyjxd34k29fuzk/thbibwbnncthwbbcszcdefault.php HTTP/1.1" 404 43947 "-" "Mozilla/5.0 (Windows NT 10.0; Win64; x64) AppleWebKit/537.36 (KHTML, like Gecko) Chrome/120.0.0.0 Safari/537.36"
20.219.2.203 - - [18/Aug/2026:19:33:02 -0400] "GET /wp-content/plugins/admin.php HTTP/1.1" 404 43947 "-" "Mozilla/5.0 (Windows NT 10.0; Win64; x64) AppleWebKit/537.36 (KHTML, like Gecko) Chrome/120.0.0.0 Safari/537.36"
114.119.149.171 - - [18/Aug/2026:19:33:04 -0400] "GET /a-guide-for-first-time-home-buyers-in-orlando/ HTTP/1.1" 301 0 "https://www.lucfusaro.com/a-guide-for-first-time-home-buyers-in-orlando/" "Mozilla/5.0 (Linux; Android 7.0;) AppleWebKit/537.36 (HTML, like Gecko) Mobile Safari/537.36 (compatible; PetalBot;+https://webmaster.petalsearch.com/site/petalbot)"
20.219.2.203 - - [18/Aug/2026:19:33:05 -0400] "GET /wp-content/plugins/core-plugin/include.php HTTP/1.1" 404 43947 "-" "Mozilla/5.0 (Windows NT 10.0; Win64; x64) AppleWebKit/537.36 (KHTML, like Gecko) Chrome/120.0.0.0 Safari/537.36"
114.119.149.171 - - [18/Aug/2026:19:33:06 -0400] "GET /a-guide-for-first-time-home-buyers-in-orlando/ HTTP/1.1" 404 43659 "https://www.lucfusaro.com/a-guide-for-first-time-home-buyers-in-orlando/" "Mozilla/5.0 (Linux; Android 7.0;) AppleWebKit/537.36 (HTML, like Gecko) Mobile Safari/537.36 (compatible; PetalBot;+https://webmaster.petalsearch.com/site/petalbot)"
20.219.2.203 - - [18/Aug/2026:19:33:08 -0400] "GET /wp-content/plugins/erinyani/ HTTP/1.1" 404 43947 "-" "Mozilla/5.0 (Windows NT 10.0; Win64; x64) AppleWebKit/537.36 (KHTML, like Gecko) Chrome/120.0.0.0 Safari/537.36"
20.219.2.203 - - [18/Aug/2026:19:33:10 -0400] "GET /wp-content/plugins/hello-plus/classes/ehp-sarang.php HTTP/1.1" 404 43947 "-" "Mozilla/5.0 (Windows NT 10.0; Win64; x64) AppleWebKit/537.36 (KHTML, like Gecko) Chrome/120.0.0.0 Safari/537.36"
20.219.2.203 - - [18/Aug/2026:19:33:12 -0400] "GET /wp-content/plugins/hellopress/wp_filemanager.php HTTP/1.1" 404 43947 "-" "Mozilla/5.0 (Windows NT 10.0; Win64; x64) AppleWebKit/537.36 (KHTML, like Gecko) Chrome/120.0.0.0 Safari/537.36"
20.219.2.203 - - [18/Aug/2026:19:33:15 -0400] "GET /wp-content/plugins/index.php HTTP/1.1" 200 0 "-" "Mozilla/5.0 (Windows NT 10.0; Win64; x64) AppleWebKit/537.36 (KHTML, like Gecko) Chrome/120.0.0.0 Safari/537.36"
20.219.2.203 - - [18/Aug/2026:19:33:16 -0400] "GET /wp-content/plugins/jzbeosk/index.php HTTP/1.1" 301 0 "-" "Mozilla/5.0 (Windows NT 10.0; Win64; x64) AppleWebKit/537.36 (KHTML, like Gecko) Chrome/120.0.0.0 Safari/537.36"
20.219.2.203 - - [18/Aug/2026:19:33:17 -0400] "GET /wp-content/plugins/ligwdpn/index.php HTTP/1.1" 301 0 "-" "Mozilla/5.0 (Windows NT 10.0; Win64; x64) AppleWebKit/537.36 (KHTML, like Gecko) Chrome/120.0.0.0 Safari/537.36"
20.219.2.203 - - [18/Aug/2026:19:33:18 -0400] "GET /wp-content/plugins/plugin/index.php HTTP/1.1" 301 0 "-" "Mozilla/5.0 (Windows NT 10.0; Win64; x64) AppleWebKit/537.36 (KHTML, like Gecko) Chrome/120.0.0.0 Safari/537.36"
20.219.2.203 - - [18/Aug/2026:19:33:19 -0400] "GET /wp-content/plugins/seo_1783062682/build/widget_area_1783062682.php HTTP/1.1" 404 43947 "-" "Mozilla/5.0 (Windows NT 10.0; Win64; x64) AppleWebKit/537.36 (KHTML, like Gecko) Chrome/120.0.0.0 Safari/537.36"
20.219.2.203 - - [18/Aug/2026:19:33:22 -0400] "GET /wp-content/plugins/slider-1783062680/custom-file-3-1783062681.php HTTP/1.1" 404 43947 "-" "Mozilla/5.0 (Windows NT 10.0; Win64; x64) AppleWebKit/537.36 (KHTML, like Gecko) Chrome/120.0.0.0 Safari/537.36"
20.219.2.203 - - [18/Aug/2026:19:33:24 -0400] "GET /wp-content/plugins/twenty/login.php HTTP/1.1" 404 43947 "-" "Mozilla/5.0 (Windows NT 10.0; Win64; x64) AppleWebKit/537.36 (KHTML, like Gecko) Chrome/120.0.0.0 Safari/537.36"
20.219.2.203 - - [18/Aug/2026:19:33:26 -0400] "GET /wp-content/plugins/wp-conflg.php HTTP/1.1" 404 43947 "-" "Mozilla/5.0 (Windows NT 10.0; Win64; x64) AppleWebKit/537.36 (KHTML, like Gecko) Chrome/120.0.0.0 Safari/537.36"
20.219.2.203 - - [18/Aug/2026:19:33:29 -0400] "GET /wp-content/plugins/zshvyaorvulmdhwsgdwal7/src/ui/elp.php HTTP/1.1" 404 43947 "-" "Mozilla/5.0 (Windows NT 10.0; Win64; x64) AppleWebKit/537.36 (KHTML, like Gecko) Chrome/120.0.0.0 Safari/537.36"
20.219.2.203 - - [18/Aug/2026:19:33:31 -0400] "GET /wp-content/plugins/zwmcc9kdzxp74aesoioo/svy9txso8cyku1dtwlzy0hkkcdefault.php HTTP/1.1" 404 43947 "-" "Mozilla/5.0 (Windows NT 10.0; Win64; x64) AppleWebKit/537.36 (KHTML, like Gecko) Chrome/120.0.0.0 Safari/537.36"
43.160.241.42 - - [18/Aug/2026:19:34:24 -0400] "GET /wp-login.php HTTP/2" 200 3371 "-" "Mozilla/5.0 (Windows NT 10.0; Win64; x64) AppleWebKit/537.36 (KHTML, like Gecko) Chrome/149.0.0.0 Safari/537.36"
43.160.241.42 - - [18/Aug/2026:19:34:27 -0400] "POST /wp-login.php HTTP/2" 200 3470 "-" "Mozilla/5.0 (Windows NT 10.0; Win64; x64) AppleWebKit/537.36 (KHTML, like Gecko) Chrome/149.0.0.0 Safari/537.36"
162.241.153.188 - - [18/Aug/2026:19:36:28 -0400] "GET /wp-login.php HTTP/2" 200 1823 "-" "Mozilla/5.0 (Windows NT 10.0; Win64; x64) AppleWebKit/537.36 (KHTML, like Gecko) Chrome/149.0.0.0 Safari/537.36"
162.241.153.188 - - [18/Aug/2026:19:36:29 -0400] "POST /wp-login.php HTTP/2" 200 1831 "-" "Mozilla/5.0 (Windows NT 10.0; Win64; x64) AppleWebKit/537.36 (KHTML, like Gecko) Chrome/149.0.0.0 Safari/537.36"
192.158.238.133 - - [18/Aug/2026:19:38:14 -0400] "POST /wp-cron.php?doing_wp_cron=1787096293.9591810703277587890625 HTTP/1.1" 200 0 "-" "WordPress/7.0.4; https://lucfusaro.com"
50.6.169.131 - - [18/Aug/2026:19:38:13 -0400] "GET /wp-login.php HTTP/2" 200 3372 "-" "Mozilla/5.0 (Windows NT 10.0; Win64; x64) AppleWebKit/537.36 (KHTML, like Gecko) Chrome/149.0.0.0 Safari/537.36"
50.6.169.131 - - [18/Aug/2026:19:38:14 -0400] "POST /wp-login.php HTTP/2" 200 3470 "-" "Mozilla/5.0 (Windows NT 10.0; Win64; x64) AppleWebKit/537.36 (KHTML, like Gecko) Chrome/149.0.0.0 Safari/537.36"
136.144.43.200 - - [18/Aug/2026:19:39:57 -0400] "POST /wp-login.php HTTP/1.1" 200 3917 "-" "Mozilla/5.0 (Windows NT 10.0; Win64; x64) AppleWebKit/537.36 Chrome/129.0.0.0 Safari/537.36"
136.144.43.196 - - [18/Aug/2026:19:39:57 -0400] "POST /wp-login.php HTTP/1.1" 200 3924 "-" "Mozilla/5.0 (Windows NT 10.0; Win64; x64) AppleWebKit/537.36 Chrome/129.0.0.0 Safari/537.36"
162.214.79.109 - - [18/Aug/2026:19:42:25 -0400] "GET /wp-login.php HTTP/2" 200 3391 "-" "Mozilla/5.0 (Windows NT 10.0; Win64; x64) AppleWebKit/537.36 (KHTML, like Gecko) Chrome/149.0.0.0 Safari/537.36"
162.214.79.109 - - [18/Aug/2026:19:42:26 -0400] "POST /wp-login.php HTTP/2" 200 3550 "-" "Mozilla/5.0 (Windows NT 10.0; Win64; x64) AppleWebKit/537.36 (KHTML, like Gecko) Chrome/149.0.0.0 Safari/537.36"
47.86.33.52 - - [18/Aug/2026:19:44:24 -0400] "GET /wp-login.php HTTP/2" 200 3391 "-" "Mozilla/5.0 (Windows NT 10.0; Win64; x64) AppleWebKit/537.36 (KHTML, like Gecko) Chrome/149.0.0.0 Safari/537.36"
47.86.33.52 - - [18/Aug/2026:19:44:26 -0400] "POST /wp-login.php HTTP/2" 200 3551 "-" "Mozilla/5.0 (Windows NT 10.0; Win64; x64) AppleWebKit/537.36 (KHTML, like Gecko) Chrome/149.0.0.0 Safari/537.36"
185.6.9.128 - - [18/Aug/2026:19:47:09 -0400] "GET /wp-login.php HTTP/2" 200 3371 "-" "Mozilla/5.0 (Windows NT 10.0; Win64; x64) AppleWebKit/537.36 (KHTML, like Gecko) Chrome/149.0.0.0 Safari/537.36"
185.6.9.128 - - [18/Aug/2026:19:47:11 -0400] "POST /wp-login.php HTTP/2" 200 3471 "-" "Mozilla/5.0 (Windows NT 10.0; Win64; x64) AppleWebKit/537.36 (KHTML, like Gecko) Chrome/149.0.0.0 Safari/537.36"
136.144.43.188 - - [18/Aug/2026:19:52:04 -0400] "POST /wp-login.php HTTP/1.1" 200 2077 "-" "Mozilla/5.0 (Windows NT 10.0; Win64; x64) AppleWebKit/537.36 Chrome/129.0.0.0 Safari/537.36"
136.144.43.201 - - [18/Aug/2026:19:52:04 -0400] "POST /wp-login.php HTTP/1.1" 200 3917 "-" "Mozilla/5.0 (Windows NT 10.0; Win64; rv:143.0) Gecko/20100101 Firefox/143.0"
148.113.130.170 - - [18/Aug/2026:19:52:16 -0400] "GET /sitemaps.xml HTTP/2" 200 236 "-" "Mozilla/5.0 (compatible; AhrefsBot/7.0; +http://ahrefs.com/robot/)"
167.114.139.179 - - [18/Aug/2026:19:52:18 -0400] "GET /post-sitemap1.xml HTTP/2" 200 4928 "-" "Mozilla/5.0 (compatible; AhrefsBot/7.0; +http://ahrefs.com/robot/)"
51.222.168.58 - - [18/Aug/2026:19:52:20 -0400] "GET /page-sitemap1.xml HTTP/2" 200 227 "-" "Mozilla/5.0 (compatible; AhrefsBot/7.0; +http://ahrefs.com/robot/)"
51.161.37.146 - - [18/Aug/2026:19:52:21 -0400] "GET /category-sitemap1.xml HTTP/2" 200 343 "-" "Mozilla/5.0 (compatible; AhrefsBot/7.0; +http://ahrefs.com/robot/)"
34.71.245.232 - - [18/Aug/2026:19:54:38 -0400] "GET /wp-content/uploads/2026/04/lucfusaro-1.png HTTP/2" 200 18086 "http://lucfusaro.com/" "Mozilla/5.0 (X11; Linux x86_64) AppleWebKit/537.36 (KHTML, like Gecko) Chrome/149.0.0.0 Safari/537.36"
34.71.245.232 - - [18/Aug/2026:19:54:38 -0400] "GET /wp-content/uploads/2026/08/full-shot-man-walking-by-trucks-fleet-2048x1365-1-1024x683.jpg HTTP/2" 200 16375 "http://lucfusaro.com/" "Mozilla/5.0 (X11; Linux x86_64) AppleWebKit/537.36 (KHTML, like Gecko) Chrome/149.0.0.0 Safari/537.36"
34.71.245.232 - - [18/Aug/2026:19:54:38 -0400] "GET /wp-content/uploads/2026/04/rising-popularity-of-tea-1024x661.jpg HTTP/2" 200 16375 "http://lucfusaro.com/" "Mozilla/5.0 (X11; Linux x86_64) AppleWebKit/537.36 (KHTML, like Gecko) Chrome/149.0.0.0 Safari/537.36"
34.71.245.232 - - [18/Aug/2026:19:55:16 -0400] "GET /wp-content/uploads/2026/06/640x380_0018_Nutrition-for-Strong-Bones-Dietary-Tips-for-Optimal-Bone-Health.avif HTTP/2" 200 0 "http://lucfusaro.com/" "Mozilla/5.0 (X11; Linux x86_64) AppleWebKit/537.36 (KHTML, like Gecko) Chrome/149.0.0.0 Safari/537.36"
34.71.245.232 - - [18/Aug/2026:19:56:25 -0400] "GET /wp-content/uploads/2026/04/lucfusaro-1.png HTTP/2" 200 18086 "http://lucfusaro.com/" "Mozilla/5.0 (X11; Linux x86_64) AppleWebKit/537.36 (KHTML, like Gecko) Chrome/149.0.0.0 Safari/537.36"
34.71.245.232 - - [18/Aug/2026:19:56:25 -0400] "GET /wp-content/uploads/2026/08/full-shot-man-walking-by-trucks-fleet-2048x1365-1-1024x683.jpg HTTP/2" 200 49125 "http://lucfusaro.com/" "Mozilla/5.0 (X11; Linux x86_64) AppleWebKit/537.36 (KHTML, like Gecko) Chrome/149.0.0.0 Safari/537.36"
35.224.197.47 - - [18/Aug/2026:19:57:10 -0400] "GET /wp-content/uploads/2026/04/lucfusaro-1.png HTTP/2" 200 18086 "http://lucfusaro.com/" "Mozilla/5.0 (X11; Linux x86_64) AppleWebKit/537.36 (KHTML, like Gecko) Chrome/149.0.0.0 Safari/537.36"
177.44.211.205 - - [18/Aug/2026:19:57:16 -0400] "GET /best-foods-for-supporting-healthy-blood-sugar-levels HTTP/1.1" 301 0 "https://lucfusaro.com/" "Mozilla/5.0 (Windows NT 10.0; Win64; x64; rv:123.0) Gecko/20100101 Firefox/123.0"
35.224.197.47 - - [18/Aug/2026:19:57:16 -0400] "GET /wp-content/uploads/2026/04/rising-popularity-of-tea-1024x661.jpg HTTP/2" 200 0 "http://lucfusaro.com/" "Mozilla/5.0 (X11; Linux x86_64) AppleWebKit/537.36 (KHTML, like Gecko) Chrome/149.0.0.0 Safari/537.36"
35.224.197.47 - - [18/Aug/2026:19:57:10 -0400] "GET /wp-content/uploads/2026/08/full-shot-man-walking-by-trucks-fleet-2048x1365-1-1024x683.jpg HTTP/2" 200 65536 "http://lucfusaro.com/" "Mozilla/5.0 (X11; Linux x86_64) AppleWebKit/537.36 (KHTML, like Gecko) Chrome/149.0.0.0 Safari/537.36"
192.158.238.133 - - [18/Aug/2026:19:57:17 -0400] "GET /wp-content/uploads/2026/06/making-salad-vegetables-vegetarian-cooking-732x549-thumbnail.avif HTTP/1.1" 200 58225 "-" "-"
177.44.211.205 - - [18/Aug/2026:19:57:17 -0400] "GET /best-foods-for-supporting-healthy-blood-sugar-levels/ HTTP/1.1" 200 57303 "https://lucfusaro.com/" "Mozilla/5.0 (Windows NT 10.0; Win64; x64; rv:123.0) Gecko/20100101 Firefox/123.0"
46.105.28.235 - - [18/Aug/2026:20:01:24 -0400] "GET /wp-login.php HTTP/2" 200 3371 "-" "Mozilla/5.0 (Windows NT 10.0; Win64; x64) AppleWebKit/537.36 (KHTML, like Gecko) Chrome/149.0.0.0 Safari/537.36"
46.105.28.235 - - [18/Aug/2026:20:01:24 -0400] "POST /wp-login.php HTTP/2" 200 3470 "-" "Mozilla/5.0 (Windows NT 10.0; Win64; x64) AppleWebKit/537.36 (KHTML, like Gecko) Chrome/149.0.0.0 Safari/537.36"
185.46.76.28 - - [18/Aug/2026:20:04:11 -0400] "GET /feed/ HTTP/2" 200 26447 "-" "Mozilla/5.0 (Macintosh; Intel Mac OS X 10_15_7) AppleWebKit/605.1.15 (KHTML, like Gecko) Version/18.4 Safari/605.1.15"
136.144.43.192 - - [18/Aug/2026:20:04:18 -0400] "POST /wp-login.php HTTP/1.1" 200 2077 "-" "Mozilla/5.0 (Windows NT 10.0; Win64; rv:143.0) Gecko/20100101 Firefox/143.0"
136.144.43.186 - - [18/Aug/2026:20:04:18 -0400] "POST /wp-login.php HTTP/1.1" 200 3920 "-" "Mozilla/5.0 (Macintosh; Intel Mac OS X 10_15_7) AppleWebKit/605.1.15 Version/17.0 Safari/605.1.15"
114.119.134.121 - - [18/Aug/2026:20:04:54 -0400] "GET /sitemaps.xml HTTP/1.1" 200 273 "-" "Mozilla/5.0 (Linux; Android 7.0;) AppleWebKit/537.36 (KHTML, like Gecko) Mobile Safari/537.36 (compatible; PetalBot;+https://webmaster.petalsearch.com/site/petalbot)"
17.246.19.247 - - [18/Aug/2026:20:06:24 -0400] "GET /2026/04/page/4/ HTTP/2" 200 55039 "-" "Mozilla/5.0 (Macintosh; Intel Mac OS X 10_15_7) AppleWebKit/605.1.15 (KHTML, like Gecko) Version/17.4 Safari/605.1.15 (Applebot/0.1; +http://www.apple.com/go/applebot)"
114.119.143.151 - - [18/Aug/2026:20:06:38 -0400] "GET /category-sitemap1.xml HTTP/1.1" 200 374 "-" "Mozilla/5.0 (Linux; Android 7.0;) AppleWebKit/537.36 (KHTML, like Gecko) Mobile Safari/537.36 (compatible; PetalBot;+https://webmaster.petalsearch.com/site/petalbot)"
43.160.241.42 - - [18/Aug/2026:20:07:45 -0400] "GET /wp-login.php HTTP/2" 200 3372 "-" "Mozilla/5.0 (Windows NT 10.0; Win64; x64) AppleWebKit/537.36 (KHTML, like Gecko) Chrome/149.0.0.0 Safari/537.36"
43.160.241.42 - - [18/Aug/2026:20:07:45 -0400] "POST /wp-login.php HTTP/2" 200 3472 "-" "Mozilla/5.0 (Windows NT 10.0; Win64; x64) AppleWebKit/537.36 (KHTML, like Gecko) Chrome/149.0.0.0 Safari/537.36"
199.193.138.200 - - [18/Aug/2026:20:09:36 -0400] "GET /wp-login.php HTTP/2" 200 3371 "-" "Mozilla/5.0 (Windows NT 10.0; Win64; x64) AppleWebKit/537.36 (KHTML, like Gecko) Chrome/149.0.0.0 Safari/537.36"
199.193.138.200 - - [18/Aug/2026:20:09:37 -0400] "POST /wp-login.php HTTP/2" 200 3470 "-" "Mozilla/5.0 (Windows NT 10.0; Win64; x64) AppleWebKit/537.36 (KHTML, like Gecko) Chrome/149.0.0.0 Safari/537.36"
103.74.116.219 - - [18/Aug/2026:20:11:28 -0400] "GET /wp-login.php HTTP/2" 200 3371 "-" "Mozilla/5.0 (Windows NT 10.0; Win64; x64) AppleWebKit/537.36 (KHTML, like Gecko) Chrome/149.0.0.0 Safari/537.36"
103.74.116.219 - - [18/Aug/2026:20:11:29 -0400] "POST /wp-login.php HTTP/2" 200 3470 "-" "Mozilla/5.0 (Windows NT 10.0; Win64; x64) AppleWebKit/537.36 (KHTML, like Gecko) Chrome/149.0.0.0 Safari/537.36"
192.158.238.133 - - [18/Aug/2026:20:11:54 -0400] "GET /wp-content/uploads/2026/04/8d2dtegs_healthy-diet_625x300_15_October_25.jpg HTTP/1.1" 200 17471 "-" "-"
17.246.15.109 - - [18/Aug/2026:20:12:11 -0400] "GET /wp-content/themes/surface-blog/assets/css/blocks.css?ver=7.0.4 HTTP/2" 200 1931 "https://lucfusaro.com/2026/04/page/4/" "Mozilla/5.0 (Macintosh; Intel Mac OS X 10_15_7) AppleWebKit/605.1.15 (KHTML, like Gecko) Version/17.4 Safari/605.1.15 (Applebot/0.1; +http://www.apple.com/go/applebot)"
17.246.15.109 - - [18/Aug/2026:20:12:12 -0400] "GET /wp-content/plugins/cookieadmin/assets/css/consent.css?ver=1.1.7 HTTP/2" 200 2439 "https://lucfusaro.com/2026/04/page/4/" "Mozilla/5.0 (Macintosh; Intel Mac OS X 10_15_7) AppleWebKit/605.1.15 (KHTML, like Gecko) Version/17.4 Safari/605.1.15 (Applebot/0.1; +http://www.apple.com/go/applebot)"
20.250.13.23 - - [18/Aug/2026:20:12:11 -0400] "GET / HTTP/1.1" 200 48688 "-" "Mozilla/5.0 (Windows NT 10.0; Win64; x64) AppleWebKit/537.36 (KHTML, like Gecko) Chrome/120.0.0.0 Safari/537.36"
17.246.15.109 - - [18/Aug/2026:20:12:14 -0400] "GET /wp-content/themes/surface-blog/style.css?ver=7.0.4 HTTP/2" 200 10116 "https://lucfusaro.com/2026/04/page/4/" "Mozilla/5.0 (Macintosh; Intel Mac OS X 10_15_7) AppleWebKit/605.1.15 (KHTML, like Gecko) Version/17.4 Safari/605.1.15 (Applebot/0.1; +http://www.apple.com/go/applebot)"
20.250.13.23 - - [18/Aug/2026:20:12:13 -0400] "GET /inputs.php HTTP/1.1" 404 43660 "-" "Mozilla/5.0 (Windows NT 10.0; Win64; x64) AppleWebKit/537.36 (KHTML, like Gecko) Chrome/120.0.0.0 Safari/537.36"
17.246.15.109 - - [18/Aug/2026:20:12:15 -0400] "GET /wp-content/fonts/a3ff6da97c3d84e755b54e49cf84080e.css HTTP/2" 200 413 "https://lucfusaro.com/2026/04/page/4/" "Mozilla/5.0 (Macintosh; Intel Mac OS X 10_15_7) AppleWebKit/605.1.15 (KHTML, like Gecko) Version/17.4 Safari/605.1.15 (Applebot/0.1; +http://www.apple.com/go/applebot)"
20.250.13.23 - - [18/Aug/2026:20:12:15 -0400] "GET /admin.php HTTP/1.1" 404 43660 "-" "Mozilla/5.0 (Windows NT 10.0; Win64; x64) AppleWebKit/537.36 (KHTML, like Gecko) Chrome/120.0.0.0 Safari/537.36"
17.246.15.109 - - [18/Aug/2026:20:12:17 -0400] "GET /wp-content/plugins/cookieadmin/assets/js/consent.js?ver=1.1.7 HTTP/2" 200 5055 "https://lucfusaro.com/2026/04/page/4/" "Mozilla/5.0 (Macintosh; Intel Mac OS X 10_15_7) AppleWebKit/605.1.15 (KHTML, like Gecko) Version/17.4 Safari/605.1.15 (Applebot/0.1; +http://www.apple.com/go/applebot)"
20.250.13.23 - - [18/Aug/2026:20:12:16 -0400] "GET /goods.php HTTP/1.1" 404 43660 "-" "Mozilla/5.0 (Windows NT 10.0; Win64; x64) AppleWebKit/537.36 (KHTML, like Gecko) Chrome/120.0.0.0 Safari/537.36"
20.250.13.23 - - [18/Aug/2026:20:12:17 -0400] "GET /file.php HTTP/1.1" 404 43660 "-" "Mozilla/5.0 (Windows NT 10.0; Win64; x64) AppleWebKit/537.36 (KHTML, like Gecko) Chrome/120.0.0.0 Safari/537.36"
17.246.15.109 - - [18/Aug/2026:20:12:18 -0400] "GET /wp-content/plugins/cookieadmin-pro/assets/js/consent.js?ver=1.1.7 HTTP/2" 200 1634 "https://lucfusaro.com/2026/04/page/4/" "Mozilla/5.0 (Macintosh; Intel Mac OS X 10_15_7) AppleWebKit/605.1.15 (KHTML, like Gecko) Version/17.4 Safari/605.1.15 (Applebot/0.1; +http://www.apple.com/go/applebot)"
20.250.13.23 - - [18/Aug/2026:20:12:18 -0400] "GET /adminfuns.php HTTP/1.1" 404 43660 "-" "Mozilla/5.0 (Windows NT 10.0; Win64; x64) AppleWebKit/537.36 (KHTML, like Gecko) Chrome/120.0.0.0 Safari/537.36"
17.246.15.109 - - [18/Aug/2026:20:12:20 -0400] "GET /wp-includes/js/jquery/jquery.min.js?ver=3.7.1 HTTP/2" 200 29744 "https://lucfusaro.com/2026/04/page/4/" "Mozilla/5.0 (Macintosh; Intel Mac OS X 10_15_7) AppleWebKit/605.1.15 (KHTML, like Gecko) Version/17.4 Safari/605.1.15 (Applebot/0.1; +http://www.apple.com/go/applebot)"
20.250.13.23 - - [18/Aug/2026:20:12:19 -0400] "GET /404.php HTTP/1.1" 404 43660 "-" "Mozilla/5.0 (Windows NT 10.0; Win64; x64) AppleWebKit/537.36 (KHTML, like Gecko) Chrome/120.0.0.0 Safari/537.36"
17.246.15.109 - - [18/Aug/2026:20:12:21 -0400] "GET /wp-includes/js/jquery/jquery-migrate.min.js?ver=3.4.1 HTTP/2" 200 4678 "https://lucfusaro.com/2026/04/page/4/" "Mozilla/5.0 (Macintosh; Intel Mac OS X 10_15_7) AppleWebKit/605.1.15 (KHTML, like Gecko) Version/17.4 Safari/605.1.15 (Applebot/0.1; +http://www.apple.com/go/applebot)"
20.250.13.23 - - [18/Aug/2026:20:12:21 -0400] "GET /wk/index.php HTTP/1.1" 301 0 "-" "Mozilla/5.0 (Windows NT 10.0; Win64; x64) AppleWebKit/537.36 (KHTML, like Gecko) Chrome/120.0.0.0 Safari/537.36"
20.250.13.23 - - [18/Aug/2026:20:12:21 -0400] "GET /about.php HTTP/1.1" 404 43660 "-" "Mozilla/5.0 (Windows NT 10.0; Win64; x64) AppleWebKit/537.36 (KHTML, like Gecko) Chrome/120.0.0.0 Safari/537.36"
17.246.15.109 - - [18/Aug/2026:20:12:22 -0400] "GET /wp-content/plugins/oxygen-builder-245/js/bsc-loader.js?ver=3.3.6 HTTP/2" 200 394 "https://lucfusaro.com/2026/04/page/4/" "Mozilla/5.0 (Macintosh; Intel Mac OS X 10_15_7) AppleWebKit/605.1.15 (KHTML, like Gecko) Version/17.4 Safari/605.1.15 (Applebot/0.1; +http://www.apple.com/go/applebot)"
20.250.13.23 - - [18/Aug/2026:20:12:23 -0400] "GET /term.php HTTP/1.1" 404 43660 "-" "Mozilla/5.0 (Windows NT 10.0; Win64; x64) AppleWebKit/537.36 (KHTML, like Gecko) Chrome/120.0.0.0 Safari/537.36"
17.246.15.109 - - [18/Aug/2026:20:12:24 -0400] "GET /wp-content/themes/surface-blog/assets/js/skip-link-focus-fix.js?ver=20151215 HTTP/2" 200 338 "https://lucfusaro.com/2026/04/page/4/" "Mozilla/5.0 (Macintosh; Intel Mac OS X 10_15_7) AppleWebKit/605.1.15 (KHTML, like Gecko) Version/17.4 Safari/605.1.15 (Applebot/0.1; +http://www.apple.com/go/applebot)"
20.250.13.23 - - [18/Aug/2026:20:12:24 -0400] "GET /ioxi-o.php HTTP/1.1" 404 43660 "-" "Mozilla/5.0 (Windows NT 10.0; Win64; x64) AppleWebKit/537.36 (KHTML, like Gecko) Chrome/120.0.0.0 Safari/537.36"
17.246.15.109 - - [18/Aug/2026:20:12:25 -0400] "GET /wp-content/themes/surface-blog/assets/js/navigation.js?ver=1.0 HTTP/2" 200 1069 "https://lucfusaro.com/2026/04/page/4/" "Mozilla/5.0 (Macintosh; Intel Mac OS X 10_15_7) AppleWebKit/605.1.15 (KHTML, like Gecko) Version/17.4 Safari/605.1.15 (Applebot/0.1; +http://www.apple.com/go/applebot)"
20.250.13.23 - - [18/Aug/2026:20:12:25 -0400] "GET /1.php HTTP/1.1" 404 43660 "-" "Mozilla/5.0 (Windows NT 10.0; Win64; x64) AppleWebKit/537.36 (KHTML, like Gecko) Chrome/120.0.0.0 Safari/537.36"
17.246.15.109 - - [18/Aug/2026:20:12:27 -0400] "GET /wp-content/themes/surface-blog/assets/js/custom.js?ver=20151215 HTTP/2" 200 874 "https://lucfusaro.com/2026/04/page/4/" "Mozilla/5.0 (Macintosh; Intel Mac OS X 10_15_7) AppleWebKit/605.1.15 (KHTML, like Gecko) Version/17.4 Safari/605.1.15 (Applebot/0.1; +http://www.apple.com/go/applebot)"
20.250.13.23 - - [18/Aug/2026:20:12:27 -0400] "GET /alfa.php HTTP/1.1" 404 43660 "-" "Mozilla/5.0 (Windows NT 10.0; Win64; x64) AppleWebKit/537.36 (KHTML, like Gecko) Chrome/120.0.0.0 Safari/537.36"
20.250.13.23 - - [18/Aug/2026:20:12:28 -0400] "GET /edit.php HTTP/1.1" 404 43660 "-" "Mozilla/5.0 (Windows NT 10.0; Win64; x64) AppleWebKit/537.36 (KHTML, like Gecko) Chrome/120.0.0.0 Safari/537.36"
20.250.13.23 - - [18/Aug/2026:20:12:29 -0400] "GET /elp.php HTTP/1.1" 404 43660 "-" "Mozilla/5.0 (Windows NT 10.0; Win64; x64) AppleWebKit/537.36 (KHTML, like Gecko) Chrome/120.0.0.0 Safari/537.36"
17.246.15.109 - - [18/Aug/2026:20:12:28 -0400] "POST /wp-admin/admin-ajax.php HTTP/2" 200 1268 "https://lucfusaro.com/2026/04/page/4/" "Mozilla/5.0 (Macintosh; Intel Mac OS X 10_15_7) AppleWebKit/605.1.15 (KHTML, like Gecko) Version/17.4 Safari/605.1.15 (Applebot/0.1; +http://www.apple.com/go/applebot)"
17.246.15.109 - - [18/Aug/2026:20:12:30 -0400] "GET /wp-includes/js/wp-emoji-release.min.js?ver=7.0.4 HTTP/2" 200 4974 "https://lucfusaro.com/2026/04/page/4/" "Mozilla/5.0 (Macintosh; Intel Mac OS X 10_15_7) AppleWebKit/605.1.15 (KHTML, like Gecko) Version/17.4 Safari/605.1.15 (Applebot/0.1; +http://www.apple.com/go/applebot)"
20.250.13.23 - - [18/Aug/2026:20:12:30 -0400] "GET /classwithtostring.php HTTP/1.1" 404 43660 "-" "Mozilla/5.0 (Windows NT 10.0; Win64; x64) AppleWebKit/537.36 (KHTML, like Gecko) Chrome/120.0.0.0 Safari/537.36"
20.250.13.23 - - [18/Aug/2026:20:12:30 -0400] "GET /666.php HTTP/1.1" 404 43660 "-" "Mozilla/5.0 (Windows NT 10.0; Win64; x64) AppleWebKit/537.36 (KHTML, like Gecko) Chrome/120.0.0.0 Safari/537.36"
20.250.13.23 - - [18/Aug/2026:20:12:31 -0400] "GET /wp-admin/ HTTP/1.1" 302 0 "-" "Mozilla/5.0 (Windows NT 10.0; Win64; x64) AppleWebKit/537.36 (KHTML, like Gecko) Chrome/120.0.0.0 Safari/537.36"
20.250.13.23 - - [18/Aug/2026:20:12:32 -0400] "GET /ws54.php HTTP/1.1" 404 43660 "-" "Mozilla/5.0 (Windows NT 10.0; Win64; x64) AppleWebKit/537.36 (KHTML, like Gecko) Chrome/120.0.0.0 Safari/537.36"
20.250.13.23 - - [18/Aug/2026:20:12:33 -0400] "GET /deepseek_d.php HTTP/1.1" 404 43660 "-" "Mozilla/5.0 (Windows NT 10.0; Win64; x64) AppleWebKit/537.36 (KHTML, like Gecko) Chrome/120.0.0.0 Safari/537.36"
20.250.13.23 - - [18/Aug/2026:20:12:34 -0400] "GET /function/function.php HTTP/1.1" 404 43660 "-" "Mozilla/5.0 (Windows NT 10.0; Win64; x64) AppleWebKit/537.36 (KHTML, like Gecko) Chrome/120.0.0.0 Safari/537.36"
20.250.13.23 - - [18/Aug/2026:20:12:35 -0400] "GET /nw.php HTTP/1.1" 404 43660 "-" "Mozilla/5.0 (Windows NT 10.0; Win64; x64) AppleWebKit/537.36 (KHTML, like Gecko) Chrome/120.0.0.0 Safari/537.36"
20.250.13.23 - - [18/Aug/2026:20:12:37 -0400] "GET /xleet.php HTTP/1.1" 404 43660 "-" "Mozilla/5.0 (Windows NT 10.0; Win64; x64) AppleWebKit/537.36 (KHTML, like Gecko) Chrome/120.0.0.0 Safari/537.36"
20.250.13.23 - - [18/Aug/2026:20:12:37 -0400] "GET /wp.php HTTP/1.1" 404 43660 "-" "Mozilla/5.0 (Windows NT 10.0; Win64; x64) AppleWebKit/537.36 (KHTML, like Gecko) Chrome/120.0.0.0 Safari/537.36"
20.250.13.23 - - [18/Aug/2026:20:12:38 -0400] "GET /155.php HTTP/1.1" 404 43660 "-" "Mozilla/5.0 (Windows NT 10.0; Win64; x64) AppleWebKit/537.36 (KHTML, like Gecko) Chrome/120.0.0.0 Safari/537.36"
20.250.13.23 - - [18/Aug/2026:20:12:39 -0400] "GET /96i.php HTTP/1.1" 404 43660 "-" "Mozilla/5.0 (Windows NT 10.0; Win64; x64) AppleWebKit/537.36 (KHTML, like Gecko) Chrome/120.0.0.0 Safari/537.36"
20.250.13.23 - - [18/Aug/2026:20:12:41 -0400] "GET /as.php HTTP/1.1" 404 43660 "-" "Mozilla/5.0 (Windows NT 10.0; Win64; x64) AppleWebKit/537.36 (KHTML, like Gecko) Chrome/120.0.0.0 Safari/537.36"
20.250.13.23 - - [18/Aug/2026:20:12:41 -0400] "GET /min.php HTTP/1.1" 404 43660 "-" "Mozilla/5.0 (Windows NT 10.0; Win64; x64) AppleWebKit/537.36 (KHTML, like Gecko) Chrome/120.0.0.0 Safari/537.36"
20.250.13.23 - - [18/Aug/2026:20:12:42 -0400] "GET /.well-known/ HTTP/1.1" 200 613 "-" "Mozilla/5.0 (Windows NT 10.0; Win64; x64) AppleWebKit/537.36 (KHTML, like Gecko) Chrome/120.0.0.0 Safari/537.36"
20.250.13.23 - - [18/Aug/2026:20:12:43 -0400] "GET /php8.php HTTP/1.1" 404 43660 "-" "Mozilla/5.0 (Windows NT 10.0; Win64; x64) AppleWebKit/537.36 (KHTML, like Gecko) Chrome/120.0.0.0 Safari/537.36"
20.250.13.23 - - [18/Aug/2026:20:12:44 -0400] "GET /wp-content/admin.php HTTP/1.1" 404 43660 "-" "Mozilla/5.0 (Windows NT 10.0; Win64; x64) AppleWebKit/537.36 (KHTML, like Gecko) Chrome/120.0.0.0 Safari/537.36"
20.250.13.23 - - [18/Aug/2026:20:12:45 -0400] "GET /222.php HTTP/1.1" 404 43660 "-" "Mozilla/5.0 (Windows NT 10.0; Win64; x64) AppleWebKit/537.36 (KHTML, like Gecko) Chrome/120.0.0.0 Safari/537.36"
20.250.13.23 - - [18/Aug/2026:20:12:46 -0400] "GET /wp-content/themes/pridmag/il.php HTTP/1.1" 404 43949 "-" "Mozilla/5.0 (Windows NT 10.0; Win64; x64) AppleWebKit/537.36 (KHTML, like Gecko) Chrome/120.0.0.0 Safari/537.36"
20.250.13.23 - - [18/Aug/2026:20:12:46 -0400] "GET /info.php HTTP/1.1" 404 43660 "-" "Mozilla/5.0 (Windows NT 10.0; Win64; x64) AppleWebKit/537.36 (KHTML, like Gecko) Chrome/120.0.0.0 Safari/537.36"
20.250.13.23 - - [18/Aug/2026:20:12:48 -0400] "GET /a.php HTTP/1.1" 404 43660 "-" "Mozilla/5.0 (Windows NT 10.0; Win64; x64) AppleWebKit/537.36 (KHTML, like Gecko) Chrome/120.0.0.0 Safari/537.36"
20.250.13.23 - - [18/Aug/2026:20:12:49 -0400] "GET /chosen.php HTTP/1.1" 404 43660 "-" "Mozilla/5.0 (Windows NT 10.0; Win64; x64) AppleWebKit/537.36 (KHTML, like Gecko) Chrome/120.0.0.0 Safari/537.36"
20.250.13.23 - - [18/Aug/2026:20:12:50 -0400] "GET /wp-content/index.php HTTP/1.1" 200 0 "-" "Mozilla/5.0 (Windows NT 10.0; Win64; x64) AppleWebKit/537.36 (KHTML, like Gecko) Chrome/120.0.0.0 Safari/537.36"
20.250.13.23 - - [18/Aug/2026:20:12:50 -0400] "GET /vx.php HTTP/1.1" 404 43660 "-" "Mozilla/5.0 (Windows NT 10.0; Win64; x64) AppleWebKit/537.36 (KHTML, like Gecko) Chrome/120.0.0.0 Safari/537.36"
20.250.13.23 - - [18/Aug/2026:20:12:52 -0400] "GET /admin/controller/extension/ HTTP/1.1" 404 43949 "-" "Mozilla/5.0 (Windows NT 10.0; Win64; x64) AppleWebKit/537.36 (KHTML, like Gecko) Chrome/120.0.0.0 Safari/537.36"
20.250.13.23 - - [18/Aug/2026:20:12:52 -0400] "GET /wap.php HTTP/1.1" 404 43660 "-" "Mozilla/5.0 (Windows NT 10.0; Win64; x64) AppleWebKit/537.36 (KHTML, like Gecko) Chrome/120.0.0.0 Safari/537.36"
20.250.13.23 - - [18/Aug/2026:20:12:53 -0400] "GET /wp-admin/wp.php HTTP/1.1" 404 43660 "-" "Mozilla/5.0 (Windows NT 10.0; Win64; x64) AppleWebKit/537.36 (KHTML, like Gecko) Chrome/120.0.0.0 Safari/537.36"
20.250.13.23 - - [18/Aug/2026:20:12:54 -0400] "GET /bgymj.php HTTP/1.1" 404 43660 "-" "Mozilla/5.0 (Windows NT 10.0; Win64; x64) AppleWebKit/537.36 (KHTML, like Gecko) Chrome/120.0.0.0 Safari/537.36"
20.250.13.23 - - [18/Aug/2026:20:12:55 -0400] "GET /aa.php HTTP/1.1" 404 43660 "-" "Mozilla/5.0 (Windows NT 10.0; Win64; x64) AppleWebKit/537.36 (KHTML, like Gecko) Chrome/120.0.0.0 Safari/537.36"
20.250.13.23 - - [18/Aug/2026:20:12:57 -0400] "GET /wp-mail.php HTTP/1.1" 403 944 "-" "Mozilla/5.0 (Windows NT 10.0; Win64; x64) AppleWebKit/537.36 (KHTML, like Gecko) Chrome/120.0.0.0 Safari/537.36"
20.250.13.23 - - [18/Aug/2026:20:12:57 -0400] "GET /bolt.php HTTP/1.1" 404 43660 "-" "Mozilla/5.0 (Windows NT 10.0; Win64; x64) AppleWebKit/537.36 (KHTML, like Gecko) Chrome/120.0.0.0 Safari/537.36"
20.250.13.23 - - [18/Aug/2026:20:12:58 -0400] "GET /bthil.php HTTP/1.1" 404 43660 "-" "Mozilla/5.0 (Windows NT 10.0; Win64; x64) AppleWebKit/537.36 (KHTML, like Gecko) Chrome/120.0.0.0 Safari/537.36"
20.250.13.23 - - [18/Aug/2026:20:12:59 -0400] "GET /cgi-bin/ HTTP/1.1" 403 1242 "-" "Mozilla/5.0 (Windows NT 10.0; Win64; x64) AppleWebKit/537.36 (KHTML, like Gecko) Chrome/120.0.0.0 Safari/537.36"
20.250.13.23 - - [18/Aug/2026:20:12:59 -0400] "GET /x.php HTTP/1.1" 404 43660 "-" "Mozilla/5.0 (Windows NT 10.0; Win64; x64) AppleWebKit/537.36 (KHTML, like Gecko) Chrome/120.0.0.0 Safari/537.36"
20.250.13.23 - - [18/Aug/2026:20:13:00 -0400] "GET /index/function.php HTTP/1.1" 404 43660 "-" "Mozilla/5.0 (Windows NT 10.0; Win64; x64) AppleWebKit/537.36 (KHTML, like Gecko) Chrome/120.0.0.0 Safari/537.36"
20.250.13.23 - - [18/Aug/2026:20:13:01 -0400] "GET /aaa.php HTTP/1.1" 404 43660 "-" "Mozilla/5.0 (Windows NT 10.0; Win64; x64) AppleWebKit/537.36 (KHTML, like Gecko) Chrome/120.0.0.0 Safari/537.36"
20.250.13.23 - - [18/Aug/2026:20:13:02 -0400] "GET /abcd.php HTTP/1.1" 404 43660 "-" "Mozilla/5.0 (Windows NT 10.0; Win64; x64) AppleWebKit/537.36 (KHTML, like Gecko) Chrome/120.0.0.0 Safari/537.36"
20.250.13.23 - - [18/Aug/2026:20:13:03 -0400] "GET /wp-good.php HTTP/1.1" 404 43660 "-" "Mozilla/5.0 (Windows NT 10.0; Win64; x64) AppleWebKit/537.36 (KHTML, like Gecko) Chrome/120.0.0.0 Safari/537.36"
20.250.13.23 - - [18/Aug/2026:20:13:03 -0400] "GET /simple.php HTTP/1.1" 404 43660 "-" "Mozilla/5.0 (Windows NT 10.0; Win64; x64) AppleWebKit/537.36 (KHTML, like Gecko) Chrome/120.0.0.0 Safari/537.36"
20.250.13.23 - - [18/Aug/2026:20:13:04 -0400] "GET /edit-tags.php HTTP/1.1" 404 43660 "-" "Mozilla/5.0 (Windows NT 10.0; Win64; x64) AppleWebKit/537.36 (KHTML, like Gecko) Chrome/120.0.0.0 Safari/537.36"
20.250.13.23 - - [18/Aug/2026:20:13:05 -0400] "GET /u.php HTTP/1.1" 404 43660 "-" "Mozilla/5.0 (Windows NT 10.0; Win64; x64) AppleWebKit/537.36 (KHTML, like Gecko) Chrome/120.0.0.0 Safari/537.36"
20.250.13.23 - - [18/Aug/2026:20:13:06 -0400] "GET /wp-content/themes/admin.php HTTP/1.1" 404 43949 "-" "Mozilla/5.0 (Windows NT 10.0; Win64; x64) AppleWebKit/537.36 (KHTML, like Gecko) Chrome/120.0.0.0 Safari/537.36"
20.250.13.23 - - [18/Aug/2026:20:13:07 -0400] "GET /h.php HTTP/1.1" 404 43660 "-" "Mozilla/5.0 (Windows NT 10.0; Win64; x64) AppleWebKit/537.36 (KHTML, like Gecko) Chrome/120.0.0.0 Safari/537.36"
20.250.13.23 - - [18/Aug/2026:20:13:08 -0400] "GET /ms-edit.php HTTP/1.1" 404 43660 "-" "Mozilla/5.0 (Windows NT 10.0; Win64; x64) AppleWebKit/537.36 (KHTML, like Gecko) Chrome/120.0.0.0 Safari/537.36"
20.250.13.23 - - [18/Aug/2026:20:13:09 -0400] "GET /a7.php HTTP/1.1" 404 43660 "-" "Mozilla/5.0 (Windows NT 10.0; Win64; x64) AppleWebKit/537.36 (KHTML, like Gecko) Chrome/120.0.0.0 Safari/537.36"
20.250.13.23 - - [18/Aug/2026:20:13:11 -0400] "GET /manager.php HTTP/1.1" 404 43660 "-" "Mozilla/5.0 (Windows NT 10.0; Win64; x64) AppleWebKit/537.36 (KHTML, like Gecko) Chrome/120.0.0.0 Safari/537.36"
20.250.13.23 - - [18/Aug/2026:20:13:12 -0400] "GET /w1.php HTTP/1.1" 404 43660 "-" "Mozilla/5.0 (Windows NT 10.0; Win64; x64) AppleWebKit/537.36 (KHTML, like Gecko) Chrome/120.0.0.0 Safari/537.36"
20.250.13.23 - - [18/Aug/2026:20:13:12 -0400] "GET /wp-includes/fonts/ HTTP/1.1" 200 1248 "-" "Mozilla/5.0 (Windows NT 10.0; Win64; x64) AppleWebKit/537.36 (KHTML, like Gecko) Chrome/120.0.0.0 Safari/537.36"
20.250.13.23 - - [18/Aug/2026:20:13:13 -0400] "GET /wp-login.php HTTP/1.1" 200 3371 "-" "Mozilla/5.0 (Windows NT 10.0; Win64; x64) AppleWebKit/537.36 (KHTML, like Gecko) Chrome/120.0.0.0 Safari/537.36"
20.250.13.23 - - [18/Aug/2026:20:13:13 -0400] "GET /default.php HTTP/1.1" 404 43660 "-" "Mozilla/5.0 (Windows NT 10.0; Win64; x64) AppleWebKit/537.36 (KHTML, like Gecko) Chrome/120.0.0.0 Safari/537.36"
20.250.13.23 - - [18/Aug/2026:20:13:14 -0400] "GET /i.php HTTP/1.1" 404 43660 "-" "Mozilla/5.0 (Windows NT 10.0; Win64; x64) AppleWebKit/537.36 (KHTML, like Gecko) Chrome/120.0.0.0 Safari/537.36"
20.250.13.23 - - [18/Aug/2026:20:13:14 -0400] "GET /wp-content/uploads/ HTTP/1.1" 200 659 "-" "Mozilla/5.0 (Windows NT 10.0; Win64; x64) AppleWebKit/537.36 (KHTML, like Gecko) Chrome/120.0.0.0 Safari/537.36"
20.250.13.23 - - [18/Aug/2026:20:13:14 -0400] "GET /wp-includes/Requests/library/index.php HTTP/1.1" 301 0 "-" "Mozilla/5.0 (Windows NT 10.0; Win64; x64) AppleWebKit/537.36 (KHTML, like Gecko) Chrome/120.0.0.0 Safari/537.36"
20.250.13.23 - - [18/Aug/2026:20:13:15 -0400] "GET /wp-content/themes/index.php HTTP/1.1" 200 0 "-" "Mozilla/5.0 (Windows NT 10.0; Win64; x64) AppleWebKit/537.36 (KHTML, like Gecko) Chrome/120.0.0.0 Safari/537.36"
20.250.13.23 - - [18/Aug/2026:20:13:15 -0400] "GET /gecko-new.php HTTP/1.1" 404 43660 "-" "Mozilla/5.0 (Windows NT 10.0; Win64; x64) AppleWebKit/537.36 (KHTML, like Gecko) Chrome/120.0.0.0 Safari/537.36"
89.185.225.24 - - [18/Aug/2026:20:13:17 -0400] "GET /wp-login.php HTTP/2" 200 3371 "-" "Mozilla/5.0 (Windows NT 10.0; Win64; x64) AppleWebKit/537.36 (KHTML, like Gecko) Chrome/149.0.0.0 Safari/537.36"
20.250.13.23 - - [18/Aug/2026:20:13:16 -0400] "GET /NewFile.php HTTP/1.1" 404 43660 "-" "Mozilla/5.0 (Windows NT 10.0; Win64; x64) AppleWebKit/537.36 (KHTML, like Gecko) Chrome/120.0.0.0 Safari/537.36"
89.185.225.24 - - [18/Aug/2026:20:13:17 -0400] "POST /wp-login.php HTTP/2" 200 3470 "-" "Mozilla/5.0 (Windows NT 10.0; Win64; x64) AppleWebKit/537.36 (KHTML, like Gecko) Chrome/149.0.0.0 Safari/537.36"
20.250.13.23 - - [18/Aug/2026:20:13:17 -0400] "GET /wp-Blogs.php HTTP/1.1" 404 43660 "-" "Mozilla/5.0 (Windows NT 10.0; Win64; x64) AppleWebKit/537.36 (KHTML, like Gecko) Chrome/120.0.0.0 Safari/537.36"
20.250.13.23 - - [18/Aug/2026:20:13:18 -0400] "GET /wp-includes/fonts/index.php HTTP/1.1" 301 0 "-" "Mozilla/5.0 (Windows NT 10.0; Win64; x64) AppleWebKit/537.36 (KHTML, like Gecko) Chrome/120.0.0.0 Safari/537.36"
20.250.13.23 - - [18/Aug/2026:20:13:19 -0400] "GET /themes.php HTTP/1.1" 404 43660 "-" "Mozilla/5.0 (Windows NT 10.0; Win64; x64) AppleWebKit/537.36 (KHTML, like Gecko) Chrome/120.0.0.0 Safari/537.36"
20.250.13.23 - - [18/Aug/2026:20:13:20 -0400] "GET /cv.php HTTP/1.1" 404 43660 "-" "Mozilla/5.0 (Windows NT 10.0; Win64; x64) AppleWebKit/537.36 (KHTML, like Gecko) Chrome/120.0.0.0 Safari/537.36"
20.250.13.23 - - [18/Aug/2026:20:13:21 -0400] "GET /wp-admin/js/ HTTP/1.1" 200 3571 "-" "Mozilla/5.0 (Windows NT 10.0; Win64; x64) AppleWebKit/537.36 (KHTML, like Gecko) Chrome/120.0.0.0 Safari/537.36"
20.250.13.23 - - [18/Aug/2026:20:13:21 -0400] "GET /wp-content/uploads/index.php HTTP/1.1" 301 0 "-" "Mozilla/5.0 (Windows NT 10.0; Win64; x64) AppleWebKit/537.36 (KHTML, like Gecko) Chrome/120.0.0.0 Safari/537.36"
20.250.13.23 - - [18/Aug/2026:20:13:22 -0400] "GET /ws83.php HTTP/1.1" 404 43660 "-" "Mozilla/5.0 (Windows NT 10.0; Win64; x64) AppleWebKit/537.36 (KHTML, like Gecko) Chrome/120.0.0.0 Safari/537.36"
20.250.13.23 - - [18/Aug/2026:20:13:22 -0400] "GET /atex1.php HTTP/1.1" 404 43660 "-" "Mozilla/5.0 (Windows NT 10.0; Win64; x64) AppleWebKit/537.36 (KHTML, like Gecko) Chrome/120.0.0.0 Safari/537.36"
20.250.13.23 - - [18/Aug/2026:20:13:23 -0400] "GET /class-t.api.php HTTP/1.1" 404 43660 "-" "Mozilla/5.0 (Windows NT 10.0; Win64; x64) AppleWebKit/537.36 (KHTML, like Gecko) Chrome/120.0.0.0 Safari/537.36"
20.250.13.23 - - [18/Aug/2026:20:13:24 -0400] "GET /w.php HTTP/1.1" 404 43660 "-" "Mozilla/5.0 (Windows NT 10.0; Win64; x64) AppleWebKit/537.36 (KHTML, like Gecko) Chrome/120.0.0.0 Safari/537.36"
20.250.13.23 - - [18/Aug/2026:20:13:25 -0400] "GET /archive.php HTTP/1.1" 404 43660 "-" "Mozilla/5.0 (Windows NT 10.0; Win64; x64) AppleWebKit/537.36 (KHTML, like Gecko) Chrome/120.0.0.0 Safari/537.36"
20.250.13.23 - - [18/Aug/2026:20:13:26 -0400] "GET /bless.php HTTP/1.1" 404 43660 "-" "Mozilla/5.0 (Windows NT 10.0; Win64; x64) AppleWebKit/537.36 (KHTML, like Gecko) Chrome/120.0.0.0 Safari/537.36"
20.250.13.23 - - [18/Aug/2026:20:13:28 -0400] "GET /sagax1.php HTTP/1.1" 404 43660 "-" "Mozilla/5.0 (Windows NT 10.0; Win64; x64) AppleWebKit/537.36 (KHTML, like Gecko) Chrome/120.0.0.0 Safari/537.36"
20.250.13.23 - - [18/Aug/2026:20:13:29 -0400] "GET /wpc.php HTTP/1.1" 404 43660 "-" "Mozilla/5.0 (Windows NT 10.0; Win64; x64) AppleWebKit/537.36 (KHTML, like Gecko) Chrome/120.0.0.0 Safari/537.36"
20.250.13.23 - - [18/Aug/2026:20:13:30 -0400] "GET /fone1.php HTTP/1.1" 404 43660 "-" "Mozilla/5.0 (Windows NT 10.0; Win64; x64) AppleWebKit/537.36 (KHTML, like Gecko) Chrome/120.0.0.0 Safari/537.36"
20.250.13.23 - - [18/Aug/2026:20:13:31 -0400] "GET /ncx.php HTTP/1.1" 404 43660 "-" "Mozilla/5.0 (Windows NT 10.0; Win64; x64) AppleWebKit/537.36 (KHTML, like Gecko) Chrome/120.0.0.0 Safari/537.36"
20.250.13.23 - - [18/Aug/2026:20:13:32 -0400] "GET /wp-admin/js/index.php HTTP/1.1" 301 0 "-" "Mozilla/5.0 (Windows NT 10.0; Win64; x64) AppleWebKit/537.36 (KHTML, like Gecko) Chrome/120.0.0.0 Safari/537.36"
20.250.13.23 - - [18/Aug/2026:20:13:33 -0400] "GET /wso.php HTTP/1.1" 404 43660 "-" "Mozilla/5.0 (Windows NT 10.0; Win64; x64) AppleWebKit/537.36 (KHTML, like Gecko) Chrome/120.0.0.0 Safari/537.36"
20.250.13.23 - - [18/Aug/2026:20:13:33 -0400] "GET /zup.php73 HTTP/1.1" 404 43660 "-" "Mozilla/5.0 (Windows NT 10.0; Win64; x64) AppleWebKit/537.36 (KHTML, like Gecko) Chrome/120.0.0.0 Safari/537.36"
20.250.13.23 - - [18/Aug/2026:20:13:34 -0400] "GET /k.php HTTP/1.1" 404 43660 "-" "Mozilla/5.0 (Windows NT 10.0; Win64; x64) AppleWebKit/537.36 (KHTML, like Gecko) Chrome/120.0.0.0 Safari/537.36"
20.250.13.23 - - [18/Aug/2026:20:13:34 -0400] "GET /wp-blink.php HTTP/1.1" 404 43660 "-" "Mozilla/5.0 (Windows NT 10.0; Win64; x64) AppleWebKit/537.36 (KHTML, like Gecko) Chrome/120.0.0.0 Safari/537.36"
20.250.13.23 - - [18/Aug/2026:20:13:35 -0400] "GET /randkeyword.PhP7 HTTP/1.1" 404 43660 "-" "Mozilla/5.0 (Windows NT 10.0; Win64; x64) AppleWebKit/537.36 (KHTML, like Gecko) Chrome/120.0.0.0 Safari/537.36"
20.250.13.23 - - [18/Aug/2026:20:13:37 -0400] "GET /wp-admin/css/colors/ectoplasm/ HTTP/1.1" 200 724 "-" "Mozilla/5.0 (Windows NT 10.0; Win64; x64) AppleWebKit/537.36 (KHTML, like Gecko) Chrome/120.0.0.0 Safari/537.36"
20.250.13.23 - - [18/Aug/2026:20:13:37 -0400] "GET /wp-content/ HTTP/1.1" 200 0 "-" "Mozilla/5.0 (Windows NT 10.0; Win64; x64) AppleWebKit/537.36 (KHTML, like Gecko) Chrome/120.0.0.0 Safari/537.36"
