162.214.96.231 - - [18/Aug/2026:13:53:36 -0400] "POST /wp-login.php HTTP/2" 200 3469 "-" "Mozilla/5.0 (Windows NT 10.0; Win64; x64) AppleWebKit/537.36 (KHTML, like Gecko) Chrome/149.0.0.0 Safari/537.36"
137.59.155.147 - - [18/Aug/2026:13:54:02 -0400] "POST /xmlrpc.php HTTP/1.1" 200 403 "-" "Mozilla/5.0 (X11; Ubuntu; Linux x86_64; x86) AppleWebKit/537.36 (KHTML, like Gecko) Opera/68.0.0.0 Safari/537.36"
137.59.155.147 - - [18/Aug/2026:13:54:43 -0400] "POST /xmlrpc.php HTTP/1.1" 200 403 "-" "Mozilla/5.0 (Windows NT 6.2; x86) AppleWebKit/537.36 (KHTML, like Gecko) Safari/11.0.0.0 Safari/537.36"
137.59.155.147 - - [18/Aug/2026:13:55:23 -0400] "POST /xmlrpc.php HTTP/1.1" 200 403 "-" "Mozilla/5.0 (Windows NT 6.2; x64) AppleWebKit/537.36 (KHTML, like Gecko) Chrome/83.0.0.0 Safari/537.36"
20.54.134.42 - - [18/Aug/2026:13:55:59 -0400] "GET /wp-login.php HTTP/2" 200 3371 "-" "Mozilla/5.0 (Windows NT 10.0; Win64; x64) AppleWebKit/537.36 (KHTML, like Gecko) Chrome/149.0.0.0 Safari/537.36"
20.54.134.42 - - [18/Aug/2026:13:56:02 -0400] "POST /wp-login.php HTTP/2" 200 3470 "-" "Mozilla/5.0 (Windows NT 10.0; Win64; x64) AppleWebKit/537.36 (KHTML, like Gecko) Chrome/149.0.0.0 Safari/537.36"
137.59.155.147 - - [18/Aug/2026:13:56:03 -0400] "POST /xmlrpc.php HTTP/1.1" 200 403 "-" "Mozilla/5.0 (Windows NT 10.0; arm64) AppleWebKit/537.36 (KHTML, like Gecko) Safari/10.0.0.0 Safari/537.36"
43.166.244.192 - - [18/Aug/2026:13:56:31 -0400] "GET /category/other/ HTTP/1.1" 200 54622 "-" "Mozilla/5.0 (iPhone; CPU iPhone OS 13_2_3 like Mac OS X) AppleWebKit/605.1.15 (KHTML, like Gecko) Version/13.0.3 Mobile/15E148 Safari/604.1"
137.59.155.147 - - [18/Aug/2026:13:56:43 -0400] "POST /xmlrpc.php HTTP/1.1" 200 403 "-" "Mozilla/5.0 (Windows NT 6.2; x86) AppleWebKit/537.36 (KHTML, like Gecko) Safari/14.0.0.0 Safari/537.36"
137.59.155.147 - - [18/Aug/2026:13:57:27 -0400] "POST /xmlrpc.php HTTP/1.1" 200 403 "-" "Mozilla/5.0 (Windows NT 10.0; arm64) AppleWebKit/537.36 (KHTML, like Gecko) Firefox/100.0.0.0 Safari/537.36"
137.59.155.147 - - [18/Aug/2026:13:58:08 -0400] "POST /xmlrpc.php HTTP/1.1" 200 403 "-" "Mozilla/5.0 (Windows NT 10.0; x86) AppleWebKit/537.36 (KHTML, like Gecko) Chrome/97.0.0.0 Safari/537.36"
50.6.169.131 - - [18/Aug/2026:13:58:28 -0400] "GET /wp-login.php HTTP/2" 200 3371 "-" "Mozilla/5.0 (Windows NT 10.0; Win64; x64) AppleWebKit/537.36 (KHTML, like Gecko) Chrome/149.0.0.0 Safari/537.36"
50.6.169.131 - - [18/Aug/2026:13:58:31 -0400] "POST /wp-login.php HTTP/2" 200 3469 "-" "Mozilla/5.0 (Windows NT 10.0; Win64; x64) AppleWebKit/537.36 (KHTML, like Gecko) Chrome/149.0.0.0 Safari/537.36"
137.59.155.147 - - [18/Aug/2026:13:58:47 -0400] "POST /xmlrpc.php HTTP/1.1" 200 403 "-" "Mozilla/5.0 (Windows NT 6.2; x64) AppleWebKit/537.36 (KHTML, like Gecko) Firefox/95.0.0.0 Safari/537.36"
162.241.153.188 - - [18/Aug/2026:13:59:04 -0400] "GET /wp-login.php HTTP/2" 200 3391 "-" "Mozilla/5.0 (Windows NT 10.0; Win64; x64) AppleWebKit/537.36 (KHTML, like Gecko) Chrome/149.0.0.0 Safari/537.36"
137.59.155.147 - - [18/Aug/2026:13:59:24 -0400] "POST /xmlrpc.php HTTP/1.1" 200 403 "-" "Mozilla/5.0 (Windows NT 10.0; x64) AppleWebKit/537.36 (KHTML, like Gecko) Safari/14.0.0.0 Safari/537.36"
137.59.155.147 - - [18/Aug/2026:13:59:55 -0400] "POST /xmlrpc.php HTTP/1.1" 200 403 "-" "Mozilla/5.0 (Windows NT 6.3; x64) AppleWebKit/537.36 (KHTML, like Gecko) Edge/96.0.0.0 Safari/537.36"
74.248.133.44 - - [18/Aug/2026:14:00:16 -0400] "GET /f5.php HTTP/1.1" 404 43659 "-" "Mozilla/5.0 (Windows NT 10.0; Win64; x64) AppleWebKit/537.36 (KHTML, like Gecko) Chrome/120.0.0.0 Safari/537.36"
27.130.182.198 - - [18/Aug/2026:14:00:16 -0400] "GET /comments/feed/ HTTP/2" 200 362 "-" "Mozilla/5.0 (Macintosh; Intel Mac OS X 10.15; rv:147.0) Gecko/20100101 Firefox/147.0"
74.248.133.44 - - [18/Aug/2026:14:00:18 -0400] "GET /al.php HTTP/1.1" 404 43659 "-" "Mozilla/5.0 (Windows NT 10.0; Win64; x64) AppleWebKit/537.36 (KHTML, like Gecko) Chrome/120.0.0.0 Safari/537.36"
74.248.133.44 - - [18/Aug/2026:14:00:20 -0400] "GET /inc.php HTTP/1.1" 404 43659 "-" "Mozilla/5.0 (Windows NT 10.0; Win64; x64) AppleWebKit/537.36 (KHTML, like Gecko) Chrome/120.0.0.0 Safari/537.36"
74.248.133.44 - - [18/Aug/2026:14:00:21 -0400] "GET /assets/ HTTP/1.1" 404 43659 "-" "Mozilla/5.0 (Windows NT 10.0; Win64; x64) AppleWebKit/537.36 (KHTML, like Gecko) Chrome/120.0.0.0 Safari/537.36"
74.248.133.44 - - [18/Aug/2026:14:00:24 -0400] "GET /wp-admin/classwithtostring.php HTTP/1.1" 404 43659 "-" "Mozilla/5.0 (Windows NT 10.0; Win64; x64) AppleWebKit/537.36 (KHTML, like Gecko) Chrome/120.0.0.0 Safari/537.36"
74.248.133.44 - - [18/Aug/2026:14:00:26 -0400] "GET /x.php HTTP/1.1" 404 43659 "-" "Mozilla/5.0 (Windows NT 10.0; Win64; x64) AppleWebKit/537.36 (KHTML, like Gecko) Chrome/120.0.0.0 Safari/537.36"
74.248.133.44 - - [18/Aug/2026:14:00:28 -0400] "GET /filemanager.php HTTP/1.1" 404 43659 "-" "Mozilla/5.0 (Windows NT 10.0; Win64; x64) AppleWebKit/537.36 (KHTML, like Gecko) Chrome/120.0.0.0 Safari/537.36"
137.59.155.147 - - [18/Aug/2026:14:00:28 -0400] "POST /xmlrpc.php HTTP/1.1" 200 403 "-" "Mozilla/5.0 (Windows NT 10.0; x86) AppleWebKit/537.36 (KHTML, like Gecko) Firefox/80.0.0.0 Safari/537.36"
74.248.133.44 - - [18/Aug/2026:14:00:31 -0400] "GET /wp-admin/includes/ HTTP/1.1" 200 3941 "-" "Mozilla/5.0 (Windows NT 10.0; Win64; x64) AppleWebKit/537.36 (KHTML, like Gecko) Chrome/120.0.0.0 Safari/537.36"
74.248.133.44 - - [18/Aug/2026:14:00:32 -0400] "GET /wp-admin/js/index.php HTTP/1.1" 301 0 "-" "Mozilla/5.0 (Windows NT 10.0; Win64; x64) AppleWebKit/537.36 (KHTML, like Gecko) Chrome/120.0.0.0 Safari/537.36"
74.248.133.44 - - [18/Aug/2026:14:00:34 -0400] "GET /storage/rip.php HTTP/1.1" 404 43659 "-" "Mozilla/5.0 (Windows NT 10.0; Win64; x64) AppleWebKit/537.36 (KHTML, like Gecko) Chrome/120.0.0.0 Safari/537.36"
74.248.133.44 - - [18/Aug/2026:14:00:36 -0400] "GET /wp-admin/network/ HTTP/1.1" 302 0 "-" "Mozilla/5.0 (Windows NT 10.0; Win64; x64) AppleWebKit/537.36 (KHTML, like Gecko) Chrome/120.0.0.0 Safari/537.36"
74.248.133.44 - - [18/Aug/2026:14:00:38 -0400] "GET /.__info.php HTTP/1.1" 404 43659 "-" "Mozilla/5.0 (Windows NT 10.0; Win64; x64) AppleWebKit/537.36 (KHTML, like Gecko) Chrome/120.0.0.0 Safari/537.36"
74.248.133.44 - - [18/Aug/2026:14:00:40 -0400] "GET /access.php HTTP/1.1" 404 43659 "-" "Mozilla/5.0 (Windows NT 10.0; Win64; x64) AppleWebKit/537.36 (KHTML, like Gecko) Chrome/120.0.0.0 Safari/537.36"
74.248.133.44 - - [18/Aug/2026:14:00:42 -0400] "GET /02.php HTTP/1.1" 404 43659 "-" "Mozilla/5.0 (Windows NT 10.0; Win64; x64) AppleWebKit/537.36 (KHTML, like Gecko) Chrome/120.0.0.0 Safari/537.36"
74.248.133.44 - - [18/Aug/2026:14:00:44 -0400] "GET /menu.php HTTP/1.1" 404 43659 "-" "Mozilla/5.0 (Windows NT 10.0; Win64; x64) AppleWebKit/537.36 (KHTML, like Gecko) Chrome/120.0.0.0 Safari/537.36"
74.248.133.44 - - [18/Aug/2026:14:00:45 -0400] "GET /spip.php HTTP/1.1" 404 43659 "-" "Mozilla/5.0 (Windows NT 10.0; Win64; x64) AppleWebKit/537.36 (KHTML, like Gecko) Chrome/120.0.0.0 Safari/537.36"
74.248.133.44 - - [18/Aug/2026:14:00:48 -0400] "GET /ab1ux1ft.php HTTP/1.1" 404 43659 "-" "Mozilla/5.0 (Windows NT 10.0; Win64; x64) AppleWebKit/537.36 (KHTML, like Gecko) Chrome/120.0.0.0 Safari/537.36"
74.248.133.44 - - [18/Aug/2026:14:00:50 -0400] "GET /aksinet.php HTTP/1.1" 404 43659 "-" "Mozilla/5.0 (Windows NT 10.0; Win64; x64) AppleWebKit/537.36 (KHTML, like Gecko) Chrome/120.0.0.0 Safari/537.36"
74.248.133.44 - - [18/Aug/2026:14:00:52 -0400] "GET /simple.php HTTP/1.1" 404 43659 "-" "Mozilla/5.0 (Windows NT 10.0; Win64; x64) AppleWebKit/537.36 (KHTML, like Gecko) Chrome/120.0.0.0 Safari/537.36"
74.248.133.44 - - [18/Aug/2026:14:00:54 -0400] "GET /berax.php HTTP/1.1" 404 43659 "-" "Mozilla/5.0 (Windows NT 10.0; Win64; x64) AppleWebKit/537.36 (KHTML, like Gecko) Chrome/120.0.0.0 Safari/537.36"
137.59.155.147 - - [18/Aug/2026:14:00:58 -0400] "POST /xmlrpc.php HTTP/1.1" 200 403 "-" "Mozilla/5.0 (Windows NT 6.3; arm64) AppleWebKit/537.36 (KHTML, like Gecko) Safari/13.0.0.0 Safari/537.36"
74.248.133.44 - - [18/Aug/2026:14:00:58 -0400] "GET /fi2.php HTTP/1.1" 404 43659 "-" "Mozilla/5.0 (Windows NT 10.0; Win64; x64) AppleWebKit/537.36 (KHTML, like Gecko) Chrome/120.0.0.0 Safari/537.36"
74.248.133.44 - - [18/Aug/2026:14:01:01 -0400] "GET /feeds.php HTTP/1.1" 404 43659 "-" "Mozilla/5.0 (Windows NT 10.0; Win64; x64) AppleWebKit/537.36 (KHTML, like Gecko) Chrome/120.0.0.0 Safari/537.36"
74.248.133.44 - - [18/Aug/2026:14:01:04 -0400] "GET /curl.php HTTP/1.1" 404 43659 "-" "Mozilla/5.0 (Windows NT 10.0; Win64; x64) AppleWebKit/537.36 (KHTML, like Gecko) Chrome/120.0.0.0 Safari/537.36"
74.248.133.44 - - [18/Aug/2026:14:01:06 -0400] "GET /Njima.php HTTP/1.1" 404 43659 "-" "Mozilla/5.0 (Windows NT 10.0; Win64; x64) AppleWebKit/537.36 (KHTML, like Gecko) Chrome/120.0.0.0 Safari/537.36"
74.248.133.44 - - [18/Aug/2026:14:01:09 -0400] "GET /colors.php HTTP/1.1" 404 43659 "-" "Mozilla/5.0 (Windows NT 10.0; Win64; x64) AppleWebKit/537.36 (KHTML, like Gecko) Chrome/120.0.0.0 Safari/537.36"
74.248.133.44 - - [18/Aug/2026:14:01:11 -0400] "GET /wp-includes/interactivity-api/index.php HTTP/1.1" 301 0 "-" "Mozilla/5.0 (Windows NT 10.0; Win64; x64) AppleWebKit/537.36 (KHTML, like Gecko) Chrome/120.0.0.0 Safari/537.36"
74.248.133.44 - - [18/Aug/2026:14:01:13 -0400] "GET /radio.php HTTP/1.1" 404 43659 "-" "Mozilla/5.0 (Windows NT 10.0; Win64; x64) AppleWebKit/537.36 (KHTML, like Gecko) Chrome/120.0.0.0 Safari/537.36"
74.248.133.44 - - [18/Aug/2026:14:01:15 -0400] "GET /deepseek_d.php HTTP/1.1" 404 43659 "-" "Mozilla/5.0 (Windows NT 10.0; Win64; x64) AppleWebKit/537.36 (KHTML, like Gecko) Chrome/120.0.0.0 Safari/537.36"
162.241.153.188 - - [18/Aug/2026:14:01:16 -0400] "GET /wp-login.php HTTP/2" 200 0 "-" "Mozilla/5.0 (Windows NT 10.0; Win64; x64) AppleWebKit/537.36 (KHTML, like Gecko) Chrome/149.0.0.0 Safari/537.36"
74.248.133.44 - - [18/Aug/2026:14:01:16 -0400] "GET /wp-content/themes/pridmag/il.php HTTP/1.1" 404 43947 "-" "Mozilla/5.0 (Windows NT 10.0; Win64; x64) AppleWebKit/537.36 (KHTML, like Gecko) Chrome/120.0.0.0 Safari/537.36"
74.248.133.44 - - [18/Aug/2026:14:01:20 -0400] "GET /images/ HTTP/1.1" 404 43659 "-" "Mozilla/5.0 (Windows NT 10.0; Win64; x64) AppleWebKit/537.36 (KHTML, like Gecko) Chrome/120.0.0.0 Safari/537.36"
74.248.133.44 - - [18/Aug/2026:14:01:22 -0400] "GET /u.php HTTP/1.1" 404 43659 "-" "Mozilla/5.0 (Windows NT 10.0; Win64; x64) AppleWebKit/537.36 (KHTML, like Gecko) Chrome/120.0.0.0 Safari/537.36"
137.59.155.147 - - [18/Aug/2026:14:01:24 -0400] "POST /xmlrpc.php HTTP/1.1" 200 403 "-" "Mozilla/5.0 (Macintosh; Intel Mac OS X 10_15_7; x64) AppleWebKit/537.36 (KHTML, like Gecko) Chrome/83.0.0.0 Safari/537.36"
74.248.133.44 - - [18/Aug/2026:14:01:24 -0400] "GET /randkeyword.PhP7 HTTP/1.1" 404 43659 "-" "Mozilla/5.0 (Windows NT 10.0; Win64; x64) AppleWebKit/537.36 (KHTML, like Gecko) Chrome/120.0.0.0 Safari/537.36"
74.248.133.44 - - [18/Aug/2026:14:01:27 -0400] "GET /k.php HTTP/1.1" 404 43659 "-" "Mozilla/5.0 (Windows NT 10.0; Win64; x64) AppleWebKit/537.36 (KHTML, like Gecko) Chrome/120.0.0.0 Safari/537.36"
74.248.133.44 - - [18/Aug/2026:14:01:28 -0400] "GET /elp.php HTTP/1.1" 404 43659 "-" "Mozilla/5.0 (Windows NT 10.0; Win64; x64) AppleWebKit/537.36 (KHTML, like Gecko) Chrome/120.0.0.0 Safari/537.36"
74.248.133.44 - - [18/Aug/2026:14:01:30 -0400] "GET /wp-admin/css/admin.php HTTP/1.1" 404 43947 "-" "Mozilla/5.0 (Windows NT 10.0; Win64; x64) AppleWebKit/537.36 (KHTML, like Gecko) Chrome/120.0.0.0 Safari/537.36"
74.248.133.44 - - [18/Aug/2026:14:01:33 -0400] "GET /wp-includes/ID3/ HTTP/1.1" 200 1414 "-" "Mozilla/5.0 (Windows NT 10.0; Win64; x64) AppleWebKit/537.36 (KHTML, like Gecko) Chrome/120.0.0.0 Safari/537.36"
74.248.133.44 - - [18/Aug/2026:14:01:33 -0400] "GET /o.php HTTP/1.1" 404 43659 "-" "Mozilla/5.0 (Windows NT 10.0; Win64; x64) AppleWebKit/537.36 (KHTML, like Gecko) Chrome/120.0.0.0 Safari/537.36"
74.248.133.44 - - [18/Aug/2026:14:01:36 -0400] "GET /theme.php HTTP/1.1" 404 43659 "-" "Mozilla/5.0 (Windows NT 10.0; Win64; x64) AppleWebKit/537.36 (KHTML, like Gecko) Chrome/120.0.0.0 Safari/537.36"
74.248.133.44 - - [18/Aug/2026:14:01:38 -0400] "GET /wp-admin/user/ HTTP/1.1" 302 0 "-" "Mozilla/5.0 (Windows NT 10.0; Win64; x64) AppleWebKit/537.36 (KHTML, like Gecko) Chrome/120.0.0.0 Safari/537.36"
74.248.133.44 - - [18/Aug/2026:14:01:40 -0400] "GET /wp-conflg.php HTTP/1.1" 404 43659 "-" "Mozilla/5.0 (Windows NT 10.0; Win64; x64) AppleWebKit/537.36 (KHTML, like Gecko) Chrome/120.0.0.0 Safari/537.36"
74.248.133.44 - - [18/Aug/2026:14:01:42 -0400] "GET /bi.php HTTP/1.1" 404 43659 "-" "Mozilla/5.0 (Windows NT 10.0; Win64; x64) AppleWebKit/537.36 (KHTML, like Gecko) Chrome/120.0.0.0 Safari/537.36"
74.248.133.44 - - [18/Aug/2026:14:01:46 -0400] "GET /disagraeosc.php HTTP/1.1" 404 43659 "-" "Mozilla/5.0 (Windows NT 10.0; Win64; x64) AppleWebKit/537.36 (KHTML, like Gecko) Chrome/120.0.0.0 Safari/537.36"
74.248.133.44 - - [18/Aug/2026:14:01:48 -0400] "GET /24.php HTTP/1.1" 404 43659 "-" "Mozilla/5.0 (Windows NT 10.0; Win64; x64) AppleWebKit/537.36 (KHTML, like Gecko) Chrome/120.0.0.0 Safari/537.36"
74.248.133.44 - - [18/Aug/2026:14:01:52 -0400] "GET /wp-includes/css/dist/widgets/ HTTP/1.1" 200 681 "-" "Mozilla/5.0 (Windows NT 10.0; Win64; x64) AppleWebKit/537.36 (KHTML, like Gecko) Chrome/120.0.0.0 Safari/537.36"
137.59.155.147 - - [18/Aug/2026:14:01:52 -0400] "POST /xmlrpc.php HTTP/1.1" 200 403 "-" "Mozilla/5.0 (X11; Ubuntu; Linux x86_64; arm64) AppleWebKit/537.36 (KHTML, like Gecko) Safari/11.0.0.0 Safari/537.36"
74.248.133.44 - - [18/Aug/2026:14:01:53 -0400] "GET /wp-content/et-cache/ HTTP/1.1" 404 43659 "-" "Mozilla/5.0 (Windows NT 10.0; Win64; x64) AppleWebKit/537.36 (KHTML, like Gecko) Chrome/120.0.0.0 Safari/537.36"
74.248.133.44 - - [18/Aug/2026:14:01:57 -0400] "GET /wp-includes/certificates/ HTTP/1.1" 200 620 "-" "Mozilla/5.0 (Windows NT 10.0; Win64; x64) AppleWebKit/537.36 (KHTML, like Gecko) Chrome/120.0.0.0 Safari/537.36"
74.248.133.44 - - [18/Aug/2026:14:01:57 -0400] "GET /wp-block.php HTTP/1.1" 404 43659 "-" "Mozilla/5.0 (Windows NT 10.0; Win64; x64) AppleWebKit/537.36 (KHTML, like Gecko) Chrome/120.0.0.0 Safari/537.36"
74.248.133.44 - - [18/Aug/2026:14:02:00 -0400] "GET /wk/index.php HTTP/1.1" 301 0 "-" "Mozilla/5.0 (Windows NT 10.0; Win64; x64) AppleWebKit/537.36 (KHTML, like Gecko) Chrome/120.0.0.0 Safari/537.36"
74.248.133.44 - - [18/Aug/2026:14:02:03 -0400] "GET /w.php HTTP/1.1" 404 43659 "-" "Mozilla/5.0 (Windows NT 10.0; Win64; x64) AppleWebKit/537.36 (KHTML, like Gecko) Chrome/120.0.0.0 Safari/537.36"
74.248.133.44 - - [18/Aug/2026:14:02:06 -0400] "GET /wp-admin/css/wp-login.php HTTP/1.1" 404 43947 "-" "Mozilla/5.0 (Windows NT 10.0; Win64; x64) AppleWebKit/537.36 (KHTML, like Gecko) Chrome/120.0.0.0 Safari/537.36"
74.248.133.44 - - [18/Aug/2026:14:02:08 -0400] "GET /wp-content/languages/index.php HTTP/1.1" 301 0 "-" "Mozilla/5.0 (Windows NT 10.0; Win64; x64) AppleWebKit/537.36 (KHTML, like Gecko) Chrome/120.0.0.0 Safari/537.36"
190.56.126.22 - - [18/Aug/2026:14:02:09 -0400] "POST /xmlrpc.php HTTP/1.1" 200 403 "-" "Jetpack by WordPress.com (Jetpack 12.1; WordPress 6.2)"
74.248.133.44 - - [18/Aug/2026:14:02:10 -0400] "GET /file5.php HTTP/1.1" 404 43659 "-" "Mozilla/5.0 (Windows NT 10.0; Win64; x64) AppleWebKit/537.36 (KHTML, like Gecko) Chrome/120.0.0.0 Safari/537.36"
74.248.133.44 - - [18/Aug/2026:14:02:13 -0400] "GET /new.php HTTP/1.1" 404 43659 "-" "Mozilla/5.0 (Windows NT 10.0; Win64; x64) AppleWebKit/537.36 (KHTML, like Gecko) Chrome/120.0.0.0 Safari/537.36"
74.248.133.44 - - [18/Aug/2026:14:02:16 -0400] "GET /fm.php HTTP/1.1" 404 43659 "-" "Mozilla/5.0 (Windows NT 10.0; Win64; x64) AppleWebKit/537.36 (KHTML, like Gecko) Chrome/120.0.0.0 Safari/537.36"
190.56.126.22 - - [18/Aug/2026:14:02:19 -0400] "POST /xmlrpc.php HTTP/1.1" 200 403 "-" "Jetpack by WordPress.com (Jetpack 12.1; WordPress 6.2)"
74.248.133.44 - - [18/Aug/2026:14:02:19 -0400] "GET /bolt.php HTTP/1.1" 404 43659 "-" "Mozilla/5.0 (Windows NT 10.0; Win64; x64) AppleWebKit/537.36 (KHTML, like Gecko) Chrome/120.0.0.0 Safari/537.36"
137.59.155.147 - - [18/Aug/2026:14:02:20 -0400] "POST /xmlrpc.php HTTP/1.1" 200 403 "-" "Mozilla/5.0 (Macintosh; Intel Mac OS X 10_15_7; x86) AppleWebKit/537.36 (KHTML, like Gecko) Chrome/106.0.0.0 Safari/537.36"
74.248.133.44 - - [18/Aug/2026:14:02:23 -0400] "GET /wp-includes/js/codemirror/about.php HTTP/1.1" 404 43947 "-" "Mozilla/5.0 (Windows NT 10.0; Win64; x64) AppleWebKit/537.36 (KHTML, like Gecko) Chrome/120.0.0.0 Safari/537.36"
74.248.133.44 - - [18/Aug/2026:14:02:26 -0400] "GET /php.php HTTP/1.1" 404 43659 "-" "Mozilla/5.0 (Windows NT 10.0; Win64; x64) AppleWebKit/537.36 (KHTML, like Gecko) Chrome/120.0.0.0 Safari/537.36"
74.248.133.44 - - [18/Aug/2026:14:02:28 -0400] "GET /wp-includes/block-bindings/ HTTP/1.1" 200 744 "-" "Mozilla/5.0 (Windows NT 10.0; Win64; x64) AppleWebKit/537.36 (KHTML, like Gecko) Chrome/120.0.0.0 Safari/537.36"
74.248.133.44 - - [18/Aug/2026:14:02:29 -0400] "GET /wp-includes/wp-class.php HTTP/1.1" 404 43659 "-" "Mozilla/5.0 (Windows NT 10.0; Win64; x64) AppleWebKit/537.36 (KHTML, like Gecko) Chrome/120.0.0.0 Safari/537.36"
190.56.126.22 - - [18/Aug/2026:14:02:29 -0400] "POST /xmlrpc.php HTTP/1.1" 200 403 "-" "WordPress.com; https://wordpress.com"
74.248.133.44 - - [18/Aug/2026:14:02:32 -0400] "GET /wp-admin/includes/index.php HTTP/1.1" 301 0 "-" "Mozilla/5.0 (Windows NT 10.0; Win64; x64) AppleWebKit/537.36 (KHTML, like Gecko) Chrome/120.0.0.0 Safari/537.36"
74.248.133.44 - - [18/Aug/2026:14:02:34 -0400] "GET /go.php HTTP/1.1" 404 43659 "-" "Mozilla/5.0 (Windows NT 10.0; Win64; x64) AppleWebKit/537.36 (KHTML, like Gecko) Chrome/120.0.0.0 Safari/537.36"
74.248.133.44 - - [18/Aug/2026:14:02:36 -0400] "GET /wp-includes/rest-api/fields/ HTTP/1.1" 200 758 "-" "Mozilla/5.0 (Windows NT 10.0; Win64; x64) AppleWebKit/537.36 (KHTML, like Gecko) Chrome/120.0.0.0 Safari/537.36"
74.248.133.44 - - [18/Aug/2026:14:02:37 -0400] "GET /atomlib.php HTTP/1.1" 404 43659 "-" "Mozilla/5.0 (Windows NT 10.0; Win64; x64) AppleWebKit/537.36 (KHTML, like Gecko) Chrome/120.0.0.0 Safari/537.36"
74.248.133.44 - - [18/Aug/2026:14:02:39 -0400] "GET /wp-admin/css/colors/ectoplasm/ HTTP/1.1" 200 724 "-" "Mozilla/5.0 (Windows NT 10.0; Win64; x64) AppleWebKit/537.36 (KHTML, like Gecko) Chrome/120.0.0.0 Safari/537.36"
74.248.133.44 - - [18/Aug/2026:14:02:39 -0400] "GET /wp-content/index.php HTTP/1.1" 200 0 "-" "Mozilla/5.0 (Windows NT 10.0; Win64; x64) AppleWebKit/537.36 (KHTML, like Gecko) Chrome/120.0.0.0 Safari/537.36"
74.248.133.44 - - [18/Aug/2026:14:02:39 -0400] "GET /1.php HTTP/1.1" 404 43659 "-" "Mozilla/5.0 (Windows NT 10.0; Win64; x64) AppleWebKit/537.36 (KHTML, like Gecko) Chrome/120.0.0.0 Safari/537.36"
190.56.126.22 - - [18/Aug/2026:14:02:40 -0400] "POST /xmlrpc.php HTTP/1.1" 200 403 "-" "WordPress.com; https://wordpress.com"
74.248.133.44 - - [18/Aug/2026:14:02:41 -0400] "GET /wp-includes/blocks/about.php HTTP/1.1" 404 43947 "-" "Mozilla/5.0 (Windows NT 10.0; Win64; x64) AppleWebKit/537.36 (KHTML, like Gecko) Chrome/120.0.0.0 Safari/537.36"
74.248.133.44 - - [18/Aug/2026:14:02:43 -0400] "GET /wp-admin/css/colors/blue/admin.php HTTP/1.1" 404 43947 "-" "Mozilla/5.0 (Windows NT 10.0; Win64; x64) AppleWebKit/537.36 (KHTML, like Gecko) Chrome/120.0.0.0 Safari/537.36"
74.248.133.44 - - [18/Aug/2026:14:02:45 -0400] "GET /aaa.php HTTP/1.1" 404 43659 "-" "Mozilla/5.0 (Windows NT 10.0; Win64; x64) AppleWebKit/537.36 (KHTML, like Gecko) Chrome/120.0.0.0 Safari/537.36"
74.248.133.44 - - [18/Aug/2026:14:02:48 -0400] "GET /alfa.php HTTP/1.1" 404 43659 "-" "Mozilla/5.0 (Windows NT 10.0; Win64; x64) AppleWebKit/537.36 (KHTML, like Gecko) Chrome/120.0.0.0 Safari/537.36"
190.56.126.22 - - [18/Aug/2026:14:02:50 -0400] "POST /xmlrpc.php HTTP/1.1" 200 403 "-" "Jetpack by WordPress.com"
74.248.133.44 - - [18/Aug/2026:14:02:51 -0400] "GET /wp-content/plugins/linkpreview/index.php HTTP/1.1" 301 0 "-" "Mozilla/5.0 (Windows NT 10.0; Win64; x64) AppleWebKit/537.36 (KHTML, like Gecko) Chrome/120.0.0.0 Safari/537.36"
74.248.133.44 - - [18/Aug/2026:14:02:53 -0400] "GET /sf.php HTTP/1.1" 404 43659 "-" "Mozilla/5.0 (Windows NT 10.0; Win64; x64) AppleWebKit/537.36 (KHTML, like Gecko) Chrome/120.0.0.0 Safari/537.36"
74.248.133.44 - - [18/Aug/2026:14:02:55 -0400] "GET /file56.php HTTP/1.1" 404 43659 "-" "Mozilla/5.0 (Windows NT 10.0; Win64; x64) AppleWebKit/537.36 (KHTML, like Gecko) Chrome/120.0.0.0 Safari/537.36"
74.248.133.44 - - [18/Aug/2026:14:02:58 -0400] "GET /2.php HTTP/1.1" 404 43659 "-" "Mozilla/5.0 (Windows NT 10.0; Win64; x64) AppleWebKit/537.36 (KHTML, like Gecko) Chrome/120.0.0.0 Safari/537.36"
74.248.133.44 - - [18/Aug/2026:14:02:59 -0400] "GET /wp-content/plugins/dummyyummy/wp-signup.php HTTP/1.1" 404 43947 "-" "Mozilla/5.0 (Windows NT 10.0; Win64; x64) AppleWebKit/537.36 (KHTML, like Gecko) Chrome/120.0.0.0 Safari/537.36"
74.248.133.44 - - [18/Aug/2026:14:03:02 -0400] "GET /wp-content/themes/index.php HTTP/1.1" 200 0 "-" "Mozilla/5.0 (Windows NT 10.0; Win64; x64) AppleWebKit/537.36 (KHTML, like Gecko) Chrome/120.0.0.0 Safari/537.36"
190.56.126.22 - - [18/Aug/2026:14:03:01 -0400] "POST /xmlrpc.php HTTP/1.1" 200 403 "-" "Jetpack by WordPress.com"
74.248.133.44 - - [18/Aug/2026:14:03:02 -0400] "GET /dav.php HTTP/1.1" 404 43659 "-" "Mozilla/5.0 (Windows NT 10.0; Win64; x64) AppleWebKit/537.36 (KHTML, like Gecko) Chrome/120.0.0.0 Safari/537.36"
74.248.133.44 - - [18/Aug/2026:14:03:05 -0400] "GET /wp_wol.php HTTP/1.1" 404 43659 "-" "Mozilla/5.0 (Windows NT 10.0; Win64; x64) AppleWebKit/537.36 (KHTML, like Gecko) Chrome/120.0.0.0 Safari/537.36"
74.248.133.44 - - [18/Aug/2026:14:03:07 -0400] "GET /fm2.php HTTP/1.1" 404 43659 "-" "Mozilla/5.0 (Windows NT 10.0; Win64; x64) AppleWebKit/537.36 (KHTML, like Gecko) Chrome/120.0.0.0 Safari/537.36"
74.248.133.44 - - [18/Aug/2026:14:03:10 -0400] "GET /xmlrpc.php0 HTTP/1.1" 404 43659 "-" "Mozilla/5.0 (Windows NT 10.0; Win64; x64) AppleWebKit/537.36 (KHTML, like Gecko) Chrome/120.0.0.0 Safari/537.36"
190.56.126.22 - - [18/Aug/2026:14:03:12 -0400] "POST /xmlrpc.php HTTP/1.1" 200 403 "-" "Jetpack by WordPress.com (Jetpack 13.0; WordPress 6.3)"
74.248.133.44 - - [18/Aug/2026:14:03:12 -0400] "GET /uploads/ HTTP/1.1" 404 43659 "-" "Mozilla/5.0 (Windows NT 10.0; Win64; x64) AppleWebKit/537.36 (KHTML, like Gecko) Chrome/120.0.0.0 Safari/537.36"
74.248.133.44 - - [18/Aug/2026:14:03:15 -0400] "GET /gebase.php69 HTTP/1.1" 404 43659 "-" "Mozilla/5.0 (Windows NT 10.0; Win64; x64) AppleWebKit/537.36 (KHTML, like Gecko) Chrome/120.0.0.0 Safari/537.36"
74.248.133.44 - - [18/Aug/2026:14:03:18 -0400] "GET /akcc.php HTTP/1.1" 404 43659 "-" "Mozilla/5.0 (Windows NT 10.0; Win64; x64) AppleWebKit/537.36 (KHTML, like Gecko) Chrome/120.0.0.0 Safari/537.36"
190.56.126.22 - - [18/Aug/2026:14:03:22 -0400] "POST /xmlrpc.php HTTP/1.1" 200 403 "-" "Jetpack/12.5; WordPress/6.2; http://site87993249.com"
74.248.133.44 - - [18/Aug/2026:14:03:23 -0400] "GET /BIBIL_0DAY.php/global.php HTTP/1.1" 404 43659 "-" "Mozilla/5.0 (Windows NT 10.0; Win64; x64) AppleWebKit/537.36 (KHTML, like Gecko) Chrome/120.0.0.0 Safari/537.36"
74.248.133.44 - - [18/Aug/2026:14:03:27 -0400] "GET /updates.php HTTP/1.1" 404 43659 "-" "Mozilla/5.0 (Windows NT 10.0; Win64; x64) AppleWebKit/537.36 (KHTML, like Gecko) Chrome/120.0.0.0 Safari/537.36"
74.248.133.44 - - [18/Aug/2026:14:03:31 -0400] "GET /cnzcsfwm.php HTTP/1.1" 404 43659 "-" "Mozilla/5.0 (Windows NT 10.0; Win64; x64) AppleWebKit/537.36 (KHTML, like Gecko) Chrome/120.0.0.0 Safari/537.36"
190.56.126.22 - - [18/Aug/2026:14:03:33 -0400] "POST /xmlrpc.php HTTP/1.1" 200 403 "-" "Jetpack by WordPress.com"
74.248.133.44 - - [18/Aug/2026:14:03:34 -0400] "GET /MYK4TJEfFvO.php HTTP/1.1" 404 43659 "-" "Mozilla/5.0 (Windows NT 10.0; Win64; x64) AppleWebKit/537.36 (KHTML, like Gecko) Chrome/120.0.0.0 Safari/537.36"
74.248.133.44 - - [18/Aug/2026:14:03:37 -0400] "GET /Casper.php HTTP/1.1" 404 43659 "-" "Mozilla/5.0 (Windows NT 10.0; Win64; x64) AppleWebKit/537.36 (KHTML, like Gecko) Chrome/120.0.0.0 Safari/537.36"
74.248.133.44 - - [18/Aug/2026:14:03:39 -0400] "GET /beence.php HTTP/1.1" 404 43659 "-" "Mozilla/5.0 (Windows NT 10.0; Win64; x64) AppleWebKit/537.36 (KHTML, like Gecko) Chrome/120.0.0.0 Safari/537.36"
74.248.133.44 - - [18/Aug/2026:14:03:42 -0400] "GET /configs.php HTTP/1.1" 404 43659 "-" "Mozilla/5.0 (Windows NT 10.0; Win64; x64) AppleWebKit/537.36 (KHTML, like Gecko) Chrome/120.0.0.0 Safari/537.36"
190.56.126.22 - - [18/Aug/2026:14:03:43 -0400] "POST /xmlrpc.php HTTP/1.1" 200 403 "-" "Jetpack by WordPress.com"
135.236.141.99 - - [18/Aug/2026:14:03:45 -0400] "GET /wp-login.php HTTP/2" 200 3371 "-" "Mozilla/5.0 (Windows NT 10.0; Win64; x64) AppleWebKit/537.36 (KHTML, like Gecko) Chrome/149.0.0.0 Safari/537.36"
74.248.133.44 - - [18/Aug/2026:14:03:44 -0400] "GET /delpaths.php HTTP/1.1" 404 43659 "-" "Mozilla/5.0 (Windows NT 10.0; Win64; x64) AppleWebKit/537.36 (KHTML, like Gecko) Chrome/120.0.0.0 Safari/537.36"
135.236.141.99 - - [18/Aug/2026:14:03:47 -0400] "POST /wp-login.php HTTP/2" 200 3470 "-" "Mozilla/5.0 (Windows NT 10.0; Win64; x64) AppleWebKit/537.36 (KHTML, like Gecko) Chrome/149.0.0.0 Safari/537.36"
74.248.133.44 - - [18/Aug/2026:14:03:47 -0400] "GET /NewFile.php HTTP/1.1" 404 43659 "-" "Mozilla/5.0 (Windows NT 10.0; Win64; x64) AppleWebKit/537.36 (KHTML, like Gecko) Chrome/120.0.0.0 Safari/537.36"
74.248.133.44 - - [18/Aug/2026:14:03:50 -0400] "GET /system.php HTTP/1.1" 404 43659 "-" "Mozilla/5.0 (Windows NT 10.0; Win64; x64) AppleWebKit/537.36 (KHTML, like Gecko) Chrome/120.0.0.0 Safari/537.36"
190.56.126.22 - - [18/Aug/2026:14:03:54 -0400] "POST /xmlrpc.php HTTP/1.1" 200 403 "-" "Jetpack by WordPress.com (Jetpack 12.5; WordPress 6.3)"
74.248.133.44 - - [18/Aug/2026:14:03:54 -0400] "GET /IDhrIlrLb.php HTTP/1.1" 404 43659 "-" "Mozilla/5.0 (Windows NT 10.0; Win64; x64) AppleWebKit/537.36 (KHTML, like Gecko) Chrome/120.0.0.0 Safari/537.36"
74.248.133.44 - - [18/Aug/2026:14:03:58 -0400] "GET /cJLGqzB.php HTTP/1.1" 404 43659 "-" "Mozilla/5.0 (Windows NT 10.0; Win64; x64) AppleWebKit/537.36 (KHTML, like Gecko) Chrome/120.0.0.0 Safari/537.36"
74.248.133.44 - - [18/Aug/2026:14:04:01 -0400] "GET /akc.php HTTP/1.1" 404 43659 "-" "Mozilla/5.0 (Windows NT 10.0; Win64; x64) AppleWebKit/537.36 (KHTML, like Gecko) Chrome/120.0.0.0 Safari/537.36"
74.248.133.44 - - [18/Aug/2026:14:04:04 -0400] "GET /flower.php HTTP/1.1" 404 43659 "-" "Mozilla/5.0 (Windows NT 10.0; Win64; x64) AppleWebKit/537.36 (KHTML, like Gecko) Chrome/120.0.0.0 Safari/537.36"
190.56.126.22 - - [18/Aug/2026:14:04:05 -0400] "POST /xmlrpc.php HTTP/1.1" 200 403 "-" "Jetpack by WordPress.com (Jetpack 12.1; WordPress 6.1)"
74.248.133.44 - - [18/Aug/2026:14:04:07 -0400] "GET /class-IXR-encryption.php HTTP/1.1" 404 43659 "-" "Mozilla/5.0 (Windows NT 10.0; Win64; x64) AppleWebKit/537.36 (KHTML, like Gecko) Chrome/120.0.0.0 Safari/537.36"
74.248.133.44 - - [18/Aug/2026:14:04:10 -0400] "GET /OK.php HTTP/1.1" 404 43659 "-" "Mozilla/5.0 (Windows NT 10.0; Win64; x64) AppleWebKit/537.36 (KHTML, like Gecko) Chrome/120.0.0.0 Safari/537.36"
74.248.133.44 - - [18/Aug/2026:14:04:12 -0400] "GET /config.php7 HTTP/1.1" 404 43659 "-" "Mozilla/5.0 (Windows NT 10.0; Win64; x64) AppleWebKit/537.36 (KHTML, like Gecko) Chrome/120.0.0.0 Safari/537.36"
74.248.133.44 - - [18/Aug/2026:14:04:15 -0400] "GET /hyIPpxWDQ.php HTTP/1.1" 404 43659 "-" "Mozilla/5.0 (Windows NT 10.0; Win64; x64) AppleWebKit/537.36 (KHTML, like Gecko) Chrome/120.0.0.0 Safari/537.36"
190.56.126.22 - - [18/Aug/2026:14:04:15 -0400] "POST /xmlrpc.php HTTP/1.1" 200 403 "-" "Jetpack by WordPress.com"
27.189.62.184 - - [18/Aug/2026:14:04:18 -0400] "GET / HTTP/2" 403 1242 "https://lucfusaro.com/" "User-Agent:Mozilla/5.0 (Windows NT 6.1; WOW64) AppleWebKit/537.36 (KHTML, like Gecko) Chrome/50.0.2661.102 Safari/537.36"
74.248.133.44 - - [18/Aug/2026:14:04:17 -0400] "GET /randkeyword.php HTTP/1.1" 404 43659 "-" "Mozilla/5.0 (Windows NT 10.0; Win64; x64) AppleWebKit/537.36 (KHTML, like Gecko) Chrome/120.0.0.0 Safari/537.36"
74.248.133.44 - - [18/Aug/2026:14:04:20 -0400] "GET /ewywe1dg.php HTTP/1.1" 404 43659 "-" "Mozilla/5.0 (Windows NT 10.0; Win64; x64) AppleWebKit/537.36 (KHTML, like Gecko) Chrome/120.0.0.0 Safari/537.36"
124.227.223.24 - - [18/Aug/2026:14:04:22 -0400] "POST /wp-comments-post.php HTTP/1.1" 200 0 "-" "Mozilla/5.0 (Windows NT 10.0; Win64; x64) AppleWebKit/537.36 (KHTML, like Gecko) Chrome/108.0.0.0 Safari/537.36 Edg/108.0.1462.46"
74.248.133.44 - - [18/Aug/2026:14:04:23 -0400] "GET /class-wp-cmd.php/fied.php HTTP/1.1" 404 43659 "-" "Mozilla/5.0 (Windows NT 10.0; Win64; x64) AppleWebKit/537.36 (KHTML, like Gecko) Chrome/120.0.0.0 Safari/537.36"
190.56.126.22 - - [18/Aug/2026:14:04:26 -0400] "POST /xmlrpc.php HTTP/1.1" 200 403 "-" "Jetpack/12.0; WordPress/6.2; http://site94434655.com"
74.248.133.44 - - [18/Aug/2026:14:04:25 -0400] "GET /manager.php HTTP/1.1" 404 43659 "-" "Mozilla/5.0 (Windows NT 10.0; Win64; x64) AppleWebKit/537.36 (KHTML, like Gecko) Chrome/120.0.0.0 Safari/537.36"
74.248.133.44 - - [18/Aug/2026:14:04:28 -0400] "GET /csv.php HTTP/1.1" 404 43659 "-" "Mozilla/5.0 (Windows NT 10.0; Win64; x64) AppleWebKit/537.36 (KHTML, like Gecko) Chrome/120.0.0.0 Safari/537.36"
74.248.133.44 - - [18/Aug/2026:14:04:32 -0400] "GET /404.php123123 HTTP/1.1" 404 43659 "-" "Mozilla/5.0 (Windows NT 10.0; Win64; x64) AppleWebKit/537.36 (KHTML, like Gecko) Chrome/120.0.0.0 Safari/537.36"
74.248.133.44 - - [18/Aug/2026:14:04:34 -0400] "GET /log.php HTTP/1.1" 404 43659 "-" "Mozilla/5.0 (Windows NT 10.0; Win64; x64) AppleWebKit/537.36 (KHTML, like Gecko) Chrome/120.0.0.0 Safari/537.36"
190.56.126.22 - - [18/Aug/2026:14:04:37 -0400] "POST /xmlrpc.php HTTP/1.1" 200 403 "-" "Jetpack/12.5; WordPress/6.2; http://site41184069.com"
190.56.126.22 - - [18/Aug/2026:14:04:47 -0400] "POST /xmlrpc.php HTTP/1.1" 200 403 "-" "Jetpack by WordPress.com (Jetpack 12.5; WordPress 6.4)"
190.56.126.22 - - [18/Aug/2026:14:04:58 -0400] "POST /xmlrpc.php HTTP/1.1" 200 403 "-" "Jetpack by WordPress.com (Jetpack 12.1; WordPress 6.4)"
190.56.126.22 - - [18/Aug/2026:14:05:09 -0400] "POST /xmlrpc.php HTTP/1.1" 200 403 "-" "WordPress.com; https://wordpress.com"
190.56.126.22 - - [18/Aug/2026:14:05:19 -0400] "POST /xmlrpc.php HTTP/1.1" 200 403 "-" "WordPress.com; https://wordpress.com"
190.56.126.22 - - [18/Aug/2026:14:05:30 -0400] "POST /xmlrpc.php HTTP/1.1" 200 403 "-" "Jetpack by WordPress.com (Jetpack 12.5; WordPress 6.4)"
169.255.70.61 - - [18/Aug/2026:14:05:42 -0400] "GET /wp-login.php HTTP/2" 200 3391 "-" "Mozilla/5.0 (Windows NT 10.0; Win64; x64) AppleWebKit/537.36 (KHTML, like Gecko) Chrome/149.0.0.0 Safari/537.36"
190.56.126.22 - - [18/Aug/2026:14:05:41 -0400] "POST /xmlrpc.php HTTP/1.1" 200 403 "-" "WordPress.com; https://wordpress.com"
169.255.70.61 - - [18/Aug/2026:14:05:48 -0400] "POST /wp-login.php HTTP/2" 200 3550 "-" "Mozilla/5.0 (Windows NT 10.0; Win64; x64) AppleWebKit/537.36 (KHTML, like Gecko) Chrome/149.0.0.0 Safari/537.36"
190.56.126.22 - - [18/Aug/2026:14:05:51 -0400] "POST /xmlrpc.php HTTP/1.1" 200 403 "-" "Jetpack/12.0; WordPress/6.1; http://site72913939.com"
190.56.126.22 - - [18/Aug/2026:14:06:01 -0400] "POST /xmlrpc.php HTTP/1.1" 403 1242 "-" "WordPress.com; https://wordpress.com"
190.56.126.22 - - [18/Aug/2026:14:06:12 -0400] "POST /xmlrpc.php HTTP/1.1" 200 403 "-" "Jetpack by WordPress.com (Jetpack 13.0; WordPress 6.3)"
190.56.126.22 - - [18/Aug/2026:14:06:22 -0400] "POST /xmlrpc.php HTTP/1.1" 403 1242 "-" "Jetpack by WordPress.com"
190.56.126.22 - - [18/Aug/2026:14:06:33 -0400] "POST /xmlrpc.php HTTP/1.1" 200 403 "-" "Jetpack by WordPress.com (Jetpack 13.0; WordPress 6.2)"
190.56.126.22 - - [18/Aug/2026:14:06:43 -0400] "POST /xmlrpc.php HTTP/1.1" 403 1242 "-" "WordPress.com; https://wordpress.com"
190.56.126.22 - - [18/Aug/2026:14:06:54 -0400] "POST /xmlrpc.php HTTP/1.1" 403 1242 "-" "Jetpack by WordPress.com"
190.56.126.22 - - [18/Aug/2026:14:07:05 -0400] "POST /xmlrpc.php HTTP/1.1" 403 1242 "-" "WordPress.com; https://wordpress.com"
66.29.134.113 - - [18/Aug/2026:14:07:07 -0400] "GET /wp-login.php HTTP/2" 200 3371 "-" "Mozilla/5.0 (Windows NT 10.0; Win64; x64) AppleWebKit/537.36 (KHTML, like Gecko) Chrome/149.0.0.0 Safari/537.36"
66.29.134.113 - - [18/Aug/2026:14:07:09 -0400] "POST /wp-login.php HTTP/2" 200 3470 "-" "Mozilla/5.0 (Windows NT 10.0; Win64; x64) AppleWebKit/537.36 (KHTML, like Gecko) Chrome/149.0.0.0 Safari/537.36"
190.56.126.22 - - [18/Aug/2026:14:07:15 -0400] "POST /xmlrpc.php HTTP/1.1" 403 1242 "-" "WordPress.com; https://wordpress.com"
190.56.126.22 - - [18/Aug/2026:14:07:26 -0400] "POST /xmlrpc.php HTTP/1.1" 200 403 "-" "Jetpack by WordPress.com (Jetpack 13.0; WordPress 6.2)"
190.56.126.22 - - [18/Aug/2026:14:07:36 -0400] "POST /xmlrpc.php HTTP/1.1" 200 403 "-" "Jetpack by WordPress.com (Jetpack 12.1; WordPress 6.4)"
190.56.126.22 - - [18/Aug/2026:14:07:46 -0400] "POST /xmlrpc.php HTTP/1.1" 200 403 "-" "Jetpack/12.0; WordPress/6.4; http://site95167991.com"
190.56.126.22 - - [18/Aug/2026:14:07:57 -0400] "POST /xmlrpc.php HTTP/1.1" 403 1242 "-" "Jetpack by WordPress.com"
190.56.126.22 - - [18/Aug/2026:14:08:08 -0400] "POST /xmlrpc.php HTTP/1.1" 200 403 "-" "Jetpack/12.0; WordPress/6.3; http://site79194212.com"
190.56.126.22 - - [18/Aug/2026:14:08:18 -0400] "POST /xmlrpc.php HTTP/1.1" 403 1242 "-" "Jetpack by WordPress.com"
190.56.126.22 - - [18/Aug/2026:14:08:29 -0400] "POST /xmlrpc.php HTTP/1.1" 200 403 "-" "Jetpack/13.0; WordPress/6.4; http://site11344268.com"
190.56.126.22 - - [18/Aug/2026:14:08:39 -0400] "POST /xmlrpc.php HTTP/1.1" 200 403 "-" "Jetpack/12.0; WordPress/6.1; http://site15705098.com"
190.56.126.22 - - [18/Aug/2026:14:08:50 -0400] "POST /xmlrpc.php HTTP/1.1" 200 403 "-" "Jetpack/12.1; WordPress/6.4; http://site80075157.com"
190.56.126.22 - - [18/Aug/2026:14:09:00 -0400] "POST /xmlrpc.php HTTP/1.1" 403 1242 "-" "WordPress.com; https://wordpress.com"
190.56.126.22 - - [18/Aug/2026:14:09:11 -0400] "POST /xmlrpc.php HTTP/1.1" 200 403 "-" "Jetpack/12.0; WordPress/6.2; http://site12627749.com"
190.56.126.22 - - [18/Aug/2026:14:09:21 -0400] "POST /xmlrpc.php HTTP/1.1" 403 1242 "-" "WordPress.com; https://wordpress.com"
190.56.126.22 - - [18/Aug/2026:14:09:32 -0400] "POST /xmlrpc.php HTTP/1.1" 200 403 "-" "Jetpack/12.1; WordPress/6.3; http://site39249927.com"
192.158.238.133 - - [18/Aug/2026:14:09:35 -0400] "GET /wp-content/uploads/2026/04/1800x1200_termites_what_to_know_seed.webp HTTP/1.1" 200 236684 "-" "-"
43.130.26.3 - - [18/Aug/2026:14:09:34 -0400] "GET /4-things-your-termite-control-company-dont-want-you-to-know/ HTTP/1.1" 200 55650 "-" "Mozilla/5.0 (iPhone; CPU iPhone OS 13_2_3 like Mac OS X) AppleWebKit/605.1.15 (KHTML, like Gecko) Version/13.0.3 Mobile/15E148 Safari/604.1"
40.77.167.27 - - [18/Aug/2026:14:09:36 -0400] "GET /the-best-money-clip-wallets-for-business-professionals-sleek-and-sophisticated-choices-2/ HTTP/2" 301 0 "-" "Mozilla/5.0 AppleWebKit/537.36 (KHTML, like Gecko; compatible; bingbot/2.0; +http://www.bing.com/bingbot.htm) Chrome/116.0.1938.76 Safari/537.36"
190.56.126.22 - - [18/Aug/2026:14:09:42 -0400] "POST /xmlrpc.php HTTP/1.1" 403 1242 "-" "WordPress.com; https://wordpress.com"
190.56.126.22 - - [18/Aug/2026:14:09:53 -0400] "POST /xmlrpc.php HTTP/1.1" 403 1242 "-" "WordPress.com; https://wordpress.com"
169.255.70.61 - - [18/Aug/2026:14:09:56 -0400] "GET /wp-login.php HTTP/2" 200 3371 "-" "Mozilla/5.0 (Windows NT 10.0; Win64; x64) AppleWebKit/537.36 (KHTML, like Gecko) Chrome/149.0.0.0 Safari/537.36"
169.255.70.61 - - [18/Aug/2026:14:09:58 -0400] "POST /wp-login.php HTTP/2" 200 3469 "-" "Mozilla/5.0 (Windows NT 10.0; Win64; x64) AppleWebKit/537.36 (KHTML, like Gecko) Chrome/149.0.0.0 Safari/537.36"
190.56.126.22 - - [18/Aug/2026:14:10:04 -0400] "POST /xmlrpc.php HTTP/1.1" 200 403 "-" "Jetpack by WordPress.com (Jetpack 13.0; WordPress 6.1)"
190.56.126.22 - - [18/Aug/2026:14:10:14 -0400] "POST /xmlrpc.php HTTP/1.1" 403 1242 "-" "Jetpack by WordPress.com"
190.56.126.22 - - [18/Aug/2026:14:10:24 -0400] "POST /xmlrpc.php HTTP/1.1" 403 1242 "-" "WordPress.com; https://wordpress.com"
190.56.126.22 - - [18/Aug/2026:14:10:35 -0400] "POST /xmlrpc.php HTTP/1.1" 200 403 "-" "Jetpack by WordPress.com (Jetpack 13.0; WordPress 6.2)"
190.56.126.22 - - [18/Aug/2026:14:10:45 -0400] "POST /xmlrpc.php HTTP/1.1" 200 403 "-" "Jetpack/13.0; WordPress/6.4; http://site72217420.com"
190.56.126.22 - - [18/Aug/2026:14:10:56 -0400] "POST /xmlrpc.php HTTP/1.1" 403 1242 "-" "Jetpack by WordPress.com"
57.141.0.48 - - [18/Aug/2026:14:11:04 -0400] "GET /wp-json/oembed/1.0/embed?url=https%3A%2F%2Flucfusaro.com%2Fa-beginners-guide-to-plant-based-eating%2F HTTP/2" 200 1211 "-" "Mozilla/5.0 (Macintosh; Intel Mac OS X 10_15_7) AppleWebKit/537.36 (KHTML, like Gecko) Chrome/145.0.0.0 Safari/537.36 (compatible; meta-externalagent/1.1 (+https://developers.facebook.com/docs/sharing/webmasters/crawler))"
190.56.126.22 - - [18/Aug/2026:14:11:07 -0400] "POST /xmlrpc.php HTTP/1.1" 200 403 "-" "Jetpack/12.1; WordPress/6.2; http://site71422238.com"
190.56.126.22 - - [18/Aug/2026:14:11:17 -0400] "POST /xmlrpc.php HTTP/1.1" 403 1242 "-" "WordPress.com; https://wordpress.com"
190.56.126.22 - - [18/Aug/2026:14:11:28 -0400] "POST /xmlrpc.php HTTP/1.1" 200 403 "-" "Jetpack/12.0; WordPress/6.1; http://site35013621.com"
190.56.126.22 - - [18/Aug/2026:14:11:38 -0400] "POST /xmlrpc.php HTTP/1.1" 403 1242 "-" "WordPress.com; https://wordpress.com"
68.67.112.126 - - [18/Aug/2026:14:11:44 -0400] "GET /robots.txt HTTP/1.1" 200 96 "-" "Mozilla/5.0 AppleWebKit/537.36 (KHTML, like Gecko; compatible; YouBot/1.0; +https://docs.you.com/youbot; env:prod) Chrome/142.0.0.0 Safari/537.36"
68.67.112.126 - - [18/Aug/2026:14:11:46 -0400] "GET /lucfusaro.com/10-celebrity-lessons-on-how-to-add-stripes-and-checks-to-your-wardrobe/ HTTP/1.1" 301 0 "-" "Mozilla/5.0 AppleWebKit/537.36 (KHTML, like Gecko; compatible; YouBot/1.0; +https://docs.you.com/youbot; env:prod) Chrome/142.0.0.0 Safari/537.36"
190.56.126.22 - - [18/Aug/2026:14:11:49 -0400] "POST /xmlrpc.php HTTP/1.1" 200 403 "-" "Jetpack by WordPress.com (Jetpack 12.0; WordPress 6.4)"
192.158.238.133 - - [18/Aug/2026:14:11:51 -0400] "GET /wp-content/uploads/2026/04/allie-smith-FTT2Iywagns-unsplash-385x650-1.jpg HTTP/1.1" 200 24925 "-" "-"
68.67.112.126 - - [18/Aug/2026:14:11:49 -0400] "GET /10-celebrity-lessons-on-how-to-add-stripes-and-checks-to-your-wardrobe/ HTTP/1.1" 200 50228 "-" "Mozilla/5.0 AppleWebKit/537.36 (KHTML, like Gecko; compatible; YouBot/1.0; +https://docs.you.com/youbot; env:prod) Chrome/142.0.0.0 Safari/537.36"
190.56.126.22 - - [18/Aug/2026:14:12:00 -0400] "POST /xmlrpc.php HTTP/1.1" 403 1242 "-" "Jetpack by WordPress.com"
190.56.126.22 - - [18/Aug/2026:14:12:10 -0400] "POST /xmlrpc.php HTTP/1.1" 403 1242 "-" "Jetpack by WordPress.com"
190.56.126.22 - - [18/Aug/2026:14:12:20 -0400] "POST /xmlrpc.php HTTP/1.1" 200 403 "-" "Jetpack/13.0; WordPress/6.3; http://site60993399.com"
190.56.126.22 - - [18/Aug/2026:14:12:31 -0400] "POST /xmlrpc.php HTTP/1.1" 403 1242 "-" "WordPress.com; https://wordpress.com"
190.56.126.22 - - [18/Aug/2026:14:12:42 -0400] "POST /xmlrpc.php HTTP/1.1" 403 1242 "-" "WordPress.com; https://wordpress.com"
190.56.126.22 - - [18/Aug/2026:14:12:52 -0400] "POST /xmlrpc.php HTTP/1.1" 200 403 "-" "Jetpack by WordPress.com (Jetpack 12.5; WordPress 6.3)"
190.56.126.22 - - [18/Aug/2026:14:13:03 -0400] "POST /xmlrpc.php HTTP/1.1" 403 1242 "-" "Jetpack by WordPress.com"
190.56.126.22 - - [18/Aug/2026:14:13:13 -0400] "POST /xmlrpc.php HTTP/1.1" 200 403 "-" "Jetpack by WordPress.com (Jetpack 12.5; WordPress 6.3)"
190.56.126.22 - - [18/Aug/2026:14:13:24 -0400] "POST /xmlrpc.php HTTP/1.1" 403 1242 "-" "WordPress.com; https://wordpress.com"
190.56.126.22 - - [18/Aug/2026:14:13:34 -0400] "POST /xmlrpc.php HTTP/1.1" 403 1242 "-" "WordPress.com; https://wordpress.com"
190.56.126.22 - - [18/Aug/2026:14:13:45 -0400] "POST /xmlrpc.php HTTP/1.1" 200 403 "-" "Jetpack by WordPress.com (Jetpack 13.0; WordPress 6.2)"
144.91.114.195 - - [18/Aug/2026:14:13:48 -0400] "GET /wp-login.php HTTP/2" 200 3391 "-" "Mozilla/5.0 (Windows NT 10.0; Win64; x64) AppleWebKit/537.36 (KHTML, like Gecko) Chrome/149.0.0.0 Safari/537.36"
144.91.114.195 - - [18/Aug/2026:14:13:52 -0400] "POST /wp-login.php HTTP/2" 200 3550 "-" "Mozilla/5.0 (Windows NT 10.0; Win64; x64) AppleWebKit/537.36 (KHTML, like Gecko) Chrome/149.0.0.0 Safari/537.36"
190.56.126.22 - - [18/Aug/2026:14:13:55 -0400] "POST /xmlrpc.php HTTP/1.1" 200 403 "-" "Jetpack/12.5; WordPress/6.3; http://site73557265.com"
190.56.126.22 - - [18/Aug/2026:14:14:06 -0400] "POST /xmlrpc.php HTTP/1.1" 200 403 "-" "Jetpack/12.1; WordPress/6.4; http://site87316494.com"
190.56.126.22 - - [18/Aug/2026:14:14:17 -0400] "POST /xmlrpc.php HTTP/1.1" 200 403 "-" "Jetpack by WordPress.com (Jetpack 12.5; WordPress 6.1)"
190.56.126.22 - - [18/Aug/2026:14:14:27 -0400] "POST /xmlrpc.php HTTP/1.1" 403 1242 "-" "Jetpack by WordPress.com"
190.56.126.22 - - [18/Aug/2026:14:14:37 -0400] "POST /xmlrpc.php HTTP/1.1" 403 1242 "-" "Jetpack by WordPress.com"
45.131.193.37 - - [18/Aug/2026:14:14:41 -0400] "GET /wp-login.php HTTP/1.1" 200 3814 "-" "Mozilla/5.0 (Windows NT 10.0; Win64; rv:143.0) Gecko/20100101 Firefox/143.0"
45.131.193.37 - - [18/Aug/2026:14:14:43 -0400] "GET /?author=1 HTTP/1.1" 301 0 "-" "Mozilla/5.0 (Windows NT 10.0; Win64; rv:143.0) Gecko/20100101 Firefox/143.0"
45.131.193.37 - - [18/Aug/2026:14:14:45 -0400] "GET /?rest_route=/wp/v2/users HTTP/1.1" 200 327 "-" "Mozilla/5.0 (Windows NT 10.0; Win64; rv:143.0) Gecko/20100101 Firefox/143.0"
45.131.193.37 - - [18/Aug/2026:14:14:47 -0400] "GET /?author=2 HTTP/1.1" 200 52142 "-" "Mozilla/5.0 (Macintosh; Intel Mac OS X 10_15_7) AppleWebKit/605.1.15 Version/17.0 Safari/605.1.15"
190.56.126.22 - - [18/Aug/2026:14:14:48 -0400] "POST /xmlrpc.php HTTP/1.1" 200 403 "-" "Jetpack by WordPress.com (Jetpack 13.0; WordPress 6.3)"
45.131.193.37 - - [18/Aug/2026:14:14:50 -0400] "GET /?rest_route=/wp/v2/users HTTP/1.1" 200 327 "-" "Mozilla/5.0 (Macintosh; Intel Mac OS X 10_15_7) AppleWebKit/605.1.15 Version/17.0 Safari/605.1.15"
45.131.193.37 - - [18/Aug/2026:14:14:51 -0400] "GET /?author=3 HTTP/1.1" 404 50361 "-" "Mozilla/5.0 (Macintosh; Intel Mac OS X 10_15_7) AppleWebKit/605.1.15 Version/17.0 Safari/605.1.15"
45.131.193.37 - - [18/Aug/2026:14:14:54 -0400] "GET /?rest_route=/wp/v2/users HTTP/1.1" 200 327 "-" "Mozilla/5.0 (Windows NT 10.0; Win64; rv:143.0) Gecko/20100101 Firefox/143.0"
190.56.126.22 - - [18/Aug/2026:14:14:58 -0400] "POST /xmlrpc.php HTTP/1.1" 403 1242 "-" "Jetpack by WordPress.com"
190.56.126.22 - - [18/Aug/2026:14:15:09 -0400] "POST /xmlrpc.php HTTP/1.1" 403 1242 "-" "Jetpack by WordPress.com"
190.56.126.22 - - [18/Aug/2026:14:15:20 -0400] "POST /xmlrpc.php HTTP/1.1" 200 403 "-" "Jetpack/13.0; WordPress/6.3; http://site21915889.com"
190.56.126.22 - - [18/Aug/2026:14:15:30 -0400] "POST /xmlrpc.php HTTP/1.1" 403 1242 "-" "Jetpack by WordPress.com"
62.193.192.221 - - [18/Aug/2026:14:15:34 -0400] "GET /wp-login.php HTTP/2" 200 3371 "-" "Mozilla/5.0 (Windows NT 10.0; Win64; x64) AppleWebKit/537.36 (KHTML, like Gecko) Chrome/149.0.0.0 Safari/537.36"
62.193.192.221 - - [18/Aug/2026:14:15:36 -0400] "POST /wp-login.php HTTP/2" 200 3470 "-" "Mozilla/5.0 (Windows NT 10.0; Win64; x64) AppleWebKit/537.36 (KHTML, like Gecko) Chrome/149.0.0.0 Safari/537.36"
190.56.126.22 - - [18/Aug/2026:14:15:41 -0400] "POST /xmlrpc.php HTTP/1.1" 200 403 "-" "Jetpack/12.5; WordPress/6.4; http://site79334415.com"
190.56.126.22 - - [18/Aug/2026:14:15:51 -0400] "POST /xmlrpc.php HTTP/1.1" 403 1242 "-" "Jetpack by WordPress.com"
190.56.126.22 - - [18/Aug/2026:14:16:02 -0400] "POST /xmlrpc.php HTTP/1.1" 403 1242 "-" "WordPress.com; https://wordpress.com"
190.56.126.22 - - [18/Aug/2026:14:16:12 -0400] "POST /xmlrpc.php HTTP/1.1" 200 403 "-" "Jetpack by WordPress.com (Jetpack 12.1; WordPress 6.1)"
190.56.126.22 - - [18/Aug/2026:14:16:23 -0400] "POST /xmlrpc.php HTTP/1.1" 403 1242 "-" "Jetpack by WordPress.com"
190.56.126.22 - - [18/Aug/2026:14:16:34 -0400] "POST /xmlrpc.php HTTP/1.1" 200 403 "-" "Jetpack/12.5; WordPress/6.3; http://site67020226.com"
3.231.216.75 - - [18/Aug/2026:14:16:38 -0400] "GET / HTTP/1.1" 200 48688 "-" "Mozilla/5.0 (Macintosh; Intel Mac OS X 10_15_7) AppleWebKit/537.36 (KHTML, like Gecko) Chrome/124.0 Safari/537.36"
190.56.126.22 - - [18/Aug/2026:14:16:44 -0400] "POST /xmlrpc.php HTTP/1.1" 403 1242 "-" "WordPress.com; https://wordpress.com"
190.56.126.22 - - [18/Aug/2026:14:16:55 -0400] "POST /xmlrpc.php HTTP/1.1" 403 1242 "-" "WordPress.com; https://wordpress.com"
46.250.228.132 - - [18/Aug/2026:14:16:57 -0400] "GET /wp-login.php HTTP/2" 200 3391 "-" "Mozilla/5.0 (Windows NT 10.0; Win64; x64) AppleWebKit/537.36 (KHTML, like Gecko) Chrome/149.0.0.0 Safari/537.36"
190.56.126.22 - - [18/Aug/2026:14:17:05 -0400] "POST /xmlrpc.php HTTP/1.1" 200 403 "-" "Jetpack by WordPress.com (Jetpack 12.5; WordPress 6.4)"
190.56.126.22 - - [18/Aug/2026:14:17:16 -0400] "POST /xmlrpc.php HTTP/1.1" 200 403 "-" "Jetpack/12.5; WordPress/6.4; http://site80833482.com"
190.56.126.22 - - [18/Aug/2026:14:17:26 -0400] "POST /xmlrpc.php HTTP/1.1" 403 1242 "-" "WordPress.com; https://wordpress.com"
190.56.126.22 - - [18/Aug/2026:14:17:37 -0400] "POST /xmlrpc.php HTTP/1.1" 200 403 "-" "Jetpack/12.1; WordPress/6.4; http://site53483672.com"
190.56.126.22 - - [18/Aug/2026:14:17:47 -0400] "POST /xmlrpc.php HTTP/1.1" 200 403 "-" "Jetpack by WordPress.com (Jetpack 12.1; WordPress 6.3)"
190.56.126.22 - - [18/Aug/2026:14:17:58 -0400] "POST /xmlrpc.php HTTP/1.1" 403 1242 "-" "Jetpack by WordPress.com"
74.208.90.100 - - [18/Aug/2026:14:17:58 -0400] "GET /wp-login.php HTTP/2" 200 3371 "-" "Mozilla/5.0 (Windows NT 10.0; Win64; x64) AppleWebKit/537.36 (KHTML, like Gecko) Chrome/149.0.0.0 Safari/537.36"
74.208.90.100 - - [18/Aug/2026:14:18:01 -0400] "POST /wp-login.php HTTP/2" 200 3469 "-" "Mozilla/5.0 (Windows NT 10.0; Win64; x64) AppleWebKit/537.36 (KHTML, like Gecko) Chrome/149.0.0.0 Safari/537.36"
190.56.126.22 - - [18/Aug/2026:14:18:09 -0400] "POST /xmlrpc.php HTTP/1.1" 403 1242 "-" "WordPress.com; https://wordpress.com"
49.51.180.2 - - [18/Aug/2026:14:18:14 -0400] "GET /wp-json/wp/v2/posts/490 HTTP/1.1" 200 3689 "-" "Mozilla/5.0 (iPhone; CPU iPhone OS 13_2_3 like Mac OS X) AppleWebKit/605.1.15 (KHTML, like Gecko) Version/13.0.3 Mobile/15E148 Safari/604.1"
190.56.126.22 - - [18/Aug/2026:14:18:19 -0400] "POST /xmlrpc.php HTTP/1.1" 403 1242 "-" "Jetpack by WordPress.com"
190.56.126.22 - - [18/Aug/2026:14:18:30 -0400] "POST /xmlrpc.php HTTP/1.1" 403 1242 "-" "Jetpack by WordPress.com"
190.56.126.22 - - [18/Aug/2026:14:18:40 -0400] "POST /xmlrpc.php HTTP/1.1" 200 403 "-" "Jetpack by WordPress.com (Jetpack 12.0; WordPress 6.4)"
190.56.126.22 - - [18/Aug/2026:14:18:51 -0400] "POST /xmlrpc.php HTTP/1.1" 403 1242 "-" "Jetpack by WordPress.com"
190.56.126.22 - - [18/Aug/2026:14:19:01 -0400] "POST /xmlrpc.php HTTP/1.1" 403 1242 "-" "Jetpack by WordPress.com"
190.56.126.22 - - [18/Aug/2026:14:19:24 -0400] "POST /xmlrpc.php HTTP/1.1" 403 1242 "-" "WordPress.com; https://wordpress.com"
190.56.126.22 - - [18/Aug/2026:14:19:32 -0400] "POST /xmlrpc.php HTTP/1.1" 403 1242 "-" "WordPress.com; https://wordpress.com"
190.56.126.22 - - [18/Aug/2026:14:19:43 -0400] "POST /xmlrpc.php HTTP/1.1" 200 403 "-" "Jetpack/13.0; WordPress/6.4; http://site21275929.com"
190.56.126.22 - - [18/Aug/2026:14:19:54 -0400] "POST /xmlrpc.php HTTP/1.1" 403 1242 "-" "Jetpack by WordPress.com"
162.214.205.212 - - [18/Aug/2026:14:19:54 -0400] "GET /wp-login.php HTTP/2" 200 3391 "-" "Mozilla/5.0 (Windows NT 10.0; Win64; x64) AppleWebKit/537.36 (KHTML, like Gecko) Chrome/149.0.0.0 Safari/537.36"
162.214.205.212 - - [18/Aug/2026:14:19:59 -0400] "POST /wp-login.php HTTP/2" 200 1915 "-" "Mozilla/5.0 (Windows NT 10.0; Win64; x64) AppleWebKit/537.36 (KHTML, like Gecko) Chrome/149.0.0.0 Safari/537.36"
190.56.126.22 - - [18/Aug/2026:14:20:04 -0400] "POST /xmlrpc.php HTTP/1.1" 200 403 "-" "Jetpack/12.5; WordPress/6.3; http://site46689129.com"
190.56.126.22 - - [18/Aug/2026:14:20:15 -0400] "POST /xmlrpc.php HTTP/1.1" 403 1242 "-" "WordPress.com; https://wordpress.com"
52.142.35.96 - - [18/Aug/2026:14:20:18 -0400] "GET /wp-login.php HTTP/2" 200 3371 "-" "Mozilla/5.0 (Windows NT 10.0; Win64; x64) AppleWebKit/537.36 (KHTML, like Gecko) Chrome/149.0.0.0 Safari/537.36"
52.142.35.96 - - [18/Aug/2026:14:20:21 -0400] "POST /wp-login.php HTTP/2" 200 3470 "-" "Mozilla/5.0 (Windows NT 10.0; Win64; x64) AppleWebKit/537.36 (KHTML, like Gecko) Chrome/149.0.0.0 Safari/537.36"
190.56.126.22 - - [18/Aug/2026:14:20:25 -0400] "POST /xmlrpc.php HTTP/1.1" 403 1242 "-" "WordPress.com; https://wordpress.com"
190.56.126.22 - - [18/Aug/2026:14:20:36 -0400] "POST /xmlrpc.php HTTP/1.1" 200 403 "-" "Jetpack/13.0; WordPress/6.3; http://site71181320.com"
190.56.126.22 - - [18/Aug/2026:14:20:46 -0400] "POST /xmlrpc.php HTTP/1.1" 403 1242 "-" "Jetpack by WordPress.com"
190.56.126.22 - - [18/Aug/2026:14:20:57 -0400] "POST /xmlrpc.php HTTP/1.1" 200 403 "-" "Jetpack/12.1; WordPress/6.2; http://site84667026.com"
190.56.126.22 - - [18/Aug/2026:14:21:07 -0400] "POST /xmlrpc.php HTTP/1.1" 403 1242 "-" "WordPress.com; https://wordpress.com"
190.56.126.22 - - [18/Aug/2026:14:21:18 -0400] "POST /xmlrpc.php HTTP/1.1" 200 403 "-" "Jetpack by WordPress.com (Jetpack 12.1; WordPress 6.3)"
190.56.126.22 - - [18/Aug/2026:14:21:28 -0400] "POST /xmlrpc.php HTTP/1.1" 200 403 "-" "Jetpack by WordPress.com (Jetpack 12.1; WordPress 6.2)"
190.56.126.22 - - [18/Aug/2026:14:21:39 -0400] "POST /xmlrpc.php HTTP/1.1" 403 1242 "-" "WordPress.com; https://wordpress.com"
190.56.126.22 - - [18/Aug/2026:14:21:50 -0400] "POST /xmlrpc.php HTTP/1.1" 200 403 "-" "Jetpack by WordPress.com (Jetpack 12.0; WordPress 6.4)"
