117.192.237.110 - - [19/Aug/2026:09:14:10 -0400] "POST /xmlrpc.php HTTP/1.1" 200 403 "-" "WordPress.com; https://wordpress.com"
117.192.237.110 - - [19/Aug/2026:09:14:21 -0400] "POST /xmlrpc.php HTTP/1.1" 403 1242 "-" "WordPress.com; https://wordpress.com"
192.158.238.133 - - [19/Aug/2026:09:14:22 -0400] "GET /wp-content/uploads/2026/04/choose-a-moving-company.jpg HTTP/1.1" 200 220241 "-" "-"
114.119.144.72 - - [19/Aug/2026:09:14:21 -0400] "GET /how-to-choose-a-moving-company-in-7-simple-steps/ HTTP/1.1" 200 48549 "https://www.lucfusaro.com/page/6/" "Mozilla/5.0 (Linux; Android 7.0;) AppleWebKit/537.36 (HTML, like Gecko) Mobile Safari/537.36 (compatible; PetalBot;+https://webmaster.petalsearch.com/site/petalbot)"
117.192.237.110 - - [19/Aug/2026:09:14:31 -0400] "POST /xmlrpc.php HTTP/1.1" 200 403 "-" "Jetpack by WordPress.com"
161.118.231.98 - - [19/Aug/2026:09:14:43 -0400] "GET /wp-content/plugins/pods/readme.txt HTTP/1.1" 301 0 "-" "Mozilla/5.0 (Macintosh; Intel Mac OS X 10_15_7) AppleWebKit/537.36 (KHTML, like Gecko) Chrome/124.0.0.0 Safari/537.36"
117.192.237.110 - - [19/Aug/2026:09:14:42 -0400] "POST /xmlrpc.php HTTP/1.1" 200 403 "-" "Jetpack/12.1; WordPress/6.3; http://site52425602.com"
161.118.231.98 - - [19/Aug/2026:09:14:43 -0400] "GET /wp-content/plugins/pods/readme.txt HTTP/1.1" 404 50588 "-" "Mozilla/5.0 (Windows NT 10.0; Win64; x64; rv:126.0) Gecko/20100101 Firefox/126.0"
161.118.231.98 - - [19/Aug/2026:09:14:44 -0400] "GET /wp-content/plugins/pods/init.php HTTP/1.1" 301 0 "-" "Mozilla/5.0 (Macintosh; Intel Mac OS X 10_15_7) AppleWebKit/537.36 (KHTML, like Gecko) Chrome/124.0.0.0 Safari/537.36"
161.118.231.98 - - [19/Aug/2026:09:14:45 -0400] "GET /wp-content/plugins/pods/init.php HTTP/1.1" 404 50588 "-" "Mozilla/5.0 (Windows NT 10.0; Win64; x64; rv:126.0) Gecko/20100101 Firefox/126.0"
117.192.237.110 - - [19/Aug/2026:09:14:52 -0400] "POST /xmlrpc.php HTTP/1.1" 403 1242 "-" "WordPress.com; https://wordpress.com"
43.165.67.251 - - [19/Aug/2026:09:15:03 -0400] "GET /wp-json/mcp/v1 HTTP/1.1" 404 117 "-" "Mozilla/5.0 (iPhone; CPU iPhone OS 17_7_1 like Mac OS X) AppleWebKit/605.1.15 (KHTML, like Gecko) Mobile/21H216 Twitter for iPhone/10.90"
117.192.237.110 - - [19/Aug/2026:09:15:14 -0400] "POST /xmlrpc.php HTTP/1.1" 200 403 "-" "Jetpack by WordPress.com"
117.192.237.110 - - [19/Aug/2026:09:15:24 -0400] "POST /xmlrpc.php HTTP/1.1" 403 1242 "-" "WordPress.com; https://wordpress.com"
17.241.75.208 - - [19/Aug/2026:09:15:31 -0400] "POST /wp-admin/admin-ajax.php HTTP/2" 200 1268 "https://lucfusaro.com/radon-mitigation-what-it-is-and-why-you-need-it/" "Mozilla/5.0 (Macintosh; Intel Mac OS X 10_15_7) AppleWebKit/605.1.15 (KHTML, like Gecko) Version/17.4 Safari/605.1.15 (Applebot/0.1; +http://www.apple.com/go/applebot)"
117.192.237.110 - - [19/Aug/2026:09:15:34 -0400] "POST /xmlrpc.php HTTP/1.1" 200 403 "-" "Jetpack by WordPress.com (Jetpack 12.1; WordPress 6.2)"
117.192.237.110 - - [19/Aug/2026:09:15:45 -0400] "POST /xmlrpc.php HTTP/1.1" 200 403 "-" "Jetpack/12.0; WordPress/6.4; http://site80375176.com"
117.192.237.110 - - [19/Aug/2026:09:15:55 -0400] "POST /xmlrpc.php HTTP/1.1" 403 1242 "-" "WordPress.com; https://wordpress.com"
117.192.237.110 - - [19/Aug/2026:09:16:17 -0400] "POST /xmlrpc.php HTTP/1.1" 200 403 "-" "Jetpack/12.5; WordPress/6.3; http://site55091367.com"
117.192.237.110 - - [19/Aug/2026:09:16:27 -0400] "POST /xmlrpc.php HTTP/1.1" 403 1242 "-" "Jetpack by WordPress.com"
117.192.237.110 - - [19/Aug/2026:09:16:37 -0400] "POST /xmlrpc.php HTTP/1.1" 200 403 "-" "Jetpack by WordPress.com (Jetpack 12.1; WordPress 6.4)"
117.192.237.110 - - [19/Aug/2026:09:16:48 -0400] "POST /xmlrpc.php HTTP/1.1" 403 1242 "-" "WordPress.com; https://wordpress.com"
117.192.237.110 - - [19/Aug/2026:09:16:58 -0400] "POST /xmlrpc.php HTTP/1.1" 403 1242 "-" "Jetpack by WordPress.com"
117.192.237.110 - - [19/Aug/2026:09:17:09 -0400] "POST /xmlrpc.php HTTP/1.1" 200 403 "-" "Jetpack/13.0; WordPress/6.4; http://site53423788.com"
117.192.237.110 - - [19/Aug/2026:09:17:19 -0400] "POST /xmlrpc.php HTTP/1.1" 200 403 "-" "Jetpack by WordPress.com (Jetpack 12.1; WordPress 6.3)"
117.192.237.110 - - [19/Aug/2026:09:17:30 -0400] "POST /xmlrpc.php HTTP/1.1" 403 1242 "-" "Jetpack by WordPress.com"
117.192.237.110 - - [19/Aug/2026:09:17:40 -0400] "POST /xmlrpc.php HTTP/1.1" 200 403 "-" "Jetpack/12.5; WordPress/6.3; http://site80301519.com"
117.192.237.110 - - [19/Aug/2026:09:17:51 -0400] "POST /xmlrpc.php HTTP/1.1" 200 403 "-" "Jetpack/12.1; WordPress/6.2; http://site57858894.com"
117.192.237.110 - - [19/Aug/2026:09:18:01 -0400] "POST /xmlrpc.php HTTP/1.1" 403 1242 "-" "WordPress.com; https://wordpress.com"
117.192.237.110 - - [19/Aug/2026:09:18:12 -0400] "POST /xmlrpc.php HTTP/1.1" 200 403 "-" "Jetpack/12.5; WordPress/6.3; http://site39611212.com"
117.192.237.110 - - [19/Aug/2026:09:18:22 -0400] "POST /xmlrpc.php HTTP/1.1" 200 403 "-" "Jetpack/12.5; WordPress/6.4; http://site69726705.com"
117.192.237.110 - - [19/Aug/2026:09:18:33 -0400] "POST /xmlrpc.php HTTP/1.1" 403 1242 "-" "Jetpack by WordPress.com"
117.192.237.110 - - [19/Aug/2026:09:18:43 -0400] "POST /xmlrpc.php HTTP/1.1" 200 403 "-" "Jetpack/12.5; WordPress/6.2; http://site35413647.com"
177.206.152.67 - - [19/Aug/2026:09:18:52 -0400] "POST /xmlrpc.php HTTP/1.1" 200 403 "-" "Jetpack by WordPress.com (Jetpack 12.5; WordPress 6.3)"
117.192.237.110 - - [19/Aug/2026:09:18:54 -0400] "POST /xmlrpc.php HTTP/1.1" 200 403 "-" "Jetpack/12.5; WordPress/6.1; http://site56363028.com"
177.206.152.67 - - [19/Aug/2026:09:19:01 -0400] "POST /xmlrpc.php HTTP/1.1" 200 403 "-" "Jetpack/12.1; WordPress/6.3; http://site78388797.com"
117.192.237.110 - - [19/Aug/2026:09:19:04 -0400] "POST /xmlrpc.php HTTP/1.1" 403 1242 "-" "WordPress.com; https://wordpress.com"
177.206.152.67 - - [19/Aug/2026:09:19:12 -0400] "POST /xmlrpc.php HTTP/1.1" 200 403 "-" "Jetpack by WordPress.com (Jetpack 12.0; WordPress 6.1)"
117.192.237.110 - - [19/Aug/2026:09:19:15 -0400] "POST /xmlrpc.php HTTP/1.1" 200 403 "-" "Jetpack/12.5; WordPress/6.1; http://site85086189.com"
177.206.152.67 - - [19/Aug/2026:09:19:22 -0400] "POST /xmlrpc.php HTTP/1.1" 200 403 "-" "WordPress.com; https://wordpress.com"
117.192.237.110 - - [19/Aug/2026:09:19:25 -0400] "POST /xmlrpc.php HTTP/1.1" 200 403 "-" "Jetpack by WordPress.com (Jetpack 12.5; WordPress 6.3)"
177.206.152.67 - - [19/Aug/2026:09:19:33 -0400] "POST /xmlrpc.php HTTP/1.1" 200 403 "-" "Jetpack by WordPress.com"
117.192.237.110 - - [19/Aug/2026:09:19:36 -0400] "POST /xmlrpc.php HTTP/1.1" 200 403 "-" "Jetpack/13.0; WordPress/6.2; http://site16247625.com"
177.206.152.67 - - [19/Aug/2026:09:19:43 -0400] "POST /xmlrpc.php HTTP/1.1" 200 403 "-" "Jetpack by WordPress.com (Jetpack 12.0; WordPress 6.1)"
117.192.237.110 - - [19/Aug/2026:09:19:46 -0400] "POST /xmlrpc.php HTTP/1.1" 403 1242 "-" "Jetpack by WordPress.com"
177.206.152.67 - - [19/Aug/2026:09:19:54 -0400] "POST /xmlrpc.php HTTP/1.1" 200 403 "-" "Jetpack by WordPress.com (Jetpack 12.1; WordPress 6.4)"
117.192.237.110 - - [19/Aug/2026:09:19:57 -0400] "POST /xmlrpc.php HTTP/1.1" 403 1242 "-" "WordPress.com; https://wordpress.com"
177.206.152.67 - - [19/Aug/2026:09:20:04 -0400] "POST /xmlrpc.php HTTP/1.1" 200 403 "-" "Jetpack by WordPress.com"
117.192.237.110 - - [19/Aug/2026:09:20:07 -0400] "POST /xmlrpc.php HTTP/1.1" 403 1242 "-" "Jetpack by WordPress.com"
177.206.152.67 - - [19/Aug/2026:09:20:15 -0400] "POST /xmlrpc.php HTTP/1.1" 200 403 "-" "Jetpack by WordPress.com"
117.192.237.110 - - [19/Aug/2026:09:20:18 -0400] "POST /xmlrpc.php HTTP/1.1" 200 403 "-" "Jetpack/12.0; WordPress/6.3; http://site51904666.com"
177.206.152.67 - - [19/Aug/2026:09:20:25 -0400] "POST /xmlrpc.php HTTP/1.1" 200 403 "-" "Jetpack by WordPress.com"
117.192.237.110 - - [19/Aug/2026:09:20:28 -0400] "POST /xmlrpc.php HTTP/1.1" 403 1242 "-" "WordPress.com; https://wordpress.com"
177.206.152.67 - - [19/Aug/2026:09:20:36 -0400] "POST /xmlrpc.php HTTP/1.1" 200 403 "-" "Jetpack/12.5; WordPress/6.1; http://site18521157.com"
117.192.237.110 - - [19/Aug/2026:09:20:39 -0400] "POST /xmlrpc.php HTTP/1.1" 200 403 "-" "Jetpack/12.1; WordPress/6.3; http://site38006871.com"
177.206.152.67 - - [19/Aug/2026:09:20:46 -0400] "POST /xmlrpc.php HTTP/1.1" 200 403 "-" "Jetpack by WordPress.com"
117.192.237.110 - - [19/Aug/2026:09:20:49 -0400] "POST /xmlrpc.php HTTP/1.1" 200 403 "-" "Jetpack/12.0; WordPress/6.3; http://site80825388.com"
177.206.152.67 - - [19/Aug/2026:09:20:57 -0400] "POST /xmlrpc.php HTTP/1.1" 403 1242 "-" "Jetpack by WordPress.com"
117.192.237.110 - - [19/Aug/2026:09:21:00 -0400] "POST /xmlrpc.php HTTP/1.1" 200 403 "-" "Jetpack by WordPress.com (Jetpack 12.5; WordPress 6.4)"
177.206.152.67 - - [19/Aug/2026:09:21:08 -0400] "POST /xmlrpc.php HTTP/1.1" 200 403 "-" "WordPress.com; https://wordpress.com"
117.192.237.110 - - [19/Aug/2026:09:21:10 -0400] "POST /xmlrpc.php HTTP/1.1" 403 1242 "-" "Jetpack by WordPress.com"
177.206.152.67 - - [19/Aug/2026:09:21:18 -0400] "POST /xmlrpc.php HTTP/1.1" 200 403 "-" "WordPress.com; https://wordpress.com"
117.192.237.110 - - [19/Aug/2026:09:21:21 -0400] "POST /xmlrpc.php HTTP/1.1" 200 403 "-" "Jetpack by WordPress.com (Jetpack 12.0; WordPress 6.2)"
177.206.152.67 - - [19/Aug/2026:09:21:29 -0400] "POST /xmlrpc.php HTTP/1.1" 200 403 "-" "Jetpack/12.0; WordPress/6.3; http://site78711345.com"
117.192.237.110 - - [19/Aug/2026:09:21:31 -0400] "POST /xmlrpc.php HTTP/1.1" 200 403 "-" "Jetpack/13.0; WordPress/6.2; http://site52192833.com"
177.206.152.67 - - [19/Aug/2026:09:21:39 -0400] "POST /xmlrpc.php HTTP/1.1" 200 403 "-" "Jetpack/13.0; WordPress/6.2; http://site44913001.com"
117.192.237.110 - - [19/Aug/2026:09:21:41 -0400] "POST /xmlrpc.php HTTP/1.1" 403 1242 "-" "Jetpack by WordPress.com"
223.109.252.200 - - [19/Aug/2026:09:21:48 -0400] "GET / HTTP/1.1" 301 0 "-" "Sogou web spider/4.0(+http://www.sogou.com/docs/help/webmasters.htm#07)"
177.206.152.67 - - [19/Aug/2026:09:21:50 -0400] "POST /xmlrpc.php HTTP/1.1" 200 403 "-" "Jetpack/13.0; WordPress/6.3; http://site84250622.com"
223.109.252.200 - - [19/Aug/2026:09:21:49 -0400] "GET / HTTP/1.1" 200 56577 "-" "Sogou web spider/4.0(+http://www.sogou.com/docs/help/webmasters.htm#07)"
117.192.237.110 - - [19/Aug/2026:09:21:53 -0400] "POST /xmlrpc.php HTTP/1.1" 200 403 "-" "Jetpack by WordPress.com (Jetpack 12.1; WordPress 6.2)"
177.206.152.67 - - [19/Aug/2026:09:22:00 -0400] "POST /xmlrpc.php HTTP/1.1" 200 403 "-" "Jetpack/13.0; WordPress/6.3; http://site26522650.com"
117.192.237.110 - - [19/Aug/2026:09:22:02 -0400] "POST /xmlrpc.php HTTP/1.1" 200 403 "-" "Jetpack by WordPress.com (Jetpack 13.0; WordPress 6.4)"
177.206.152.67 - - [19/Aug/2026:09:22:11 -0400] "POST /xmlrpc.php HTTP/1.1" 403 1242 "-" "Jetpack by WordPress.com"
117.192.237.110 - - [19/Aug/2026:09:22:13 -0400] "POST /xmlrpc.php HTTP/1.1" 200 403 "-" "Jetpack/12.0; WordPress/6.3; http://site60514645.com"
177.206.152.67 - - [19/Aug/2026:09:22:21 -0400] "POST /xmlrpc.php HTTP/1.1" 200 403 "-" "Jetpack/12.0; WordPress/6.3; http://site21304195.com"
117.192.237.110 - - [19/Aug/2026:09:22:24 -0400] "POST /xmlrpc.php HTTP/1.1" 200 403 "-" "Jetpack/12.1; WordPress/6.2; http://site42914898.com"
177.206.152.67 - - [19/Aug/2026:09:22:32 -0400] "POST /xmlrpc.php HTTP/1.1" 403 1242 "-" "Jetpack by WordPress.com"
117.192.237.110 - - [19/Aug/2026:09:22:34 -0400] "POST /xmlrpc.php HTTP/1.1" 403 1242 "-" "WordPress.com; https://wordpress.com"
177.206.152.67 - - [19/Aug/2026:09:22:43 -0400] "POST /xmlrpc.php HTTP/1.1" 200 403 "-" "WordPress.com; https://wordpress.com"
117.192.237.110 - - [19/Aug/2026:09:22:45 -0400] "POST /xmlrpc.php HTTP/1.1" 200 403 "-" "Jetpack by WordPress.com (Jetpack 13.0; WordPress 6.4)"
177.206.152.67 - - [19/Aug/2026:09:22:53 -0400] "POST /xmlrpc.php HTTP/1.1" 403 1242 "-" "Jetpack by WordPress.com"
117.192.237.110 - - [19/Aug/2026:09:22:55 -0400] "POST /xmlrpc.php HTTP/1.1" 403 1242 "-" "Jetpack by WordPress.com"
177.206.152.67 - - [19/Aug/2026:09:23:04 -0400] "POST /xmlrpc.php HTTP/1.1" 200 403 "-" "Jetpack/13.0; WordPress/6.4; http://site71130183.com"
117.192.237.110 - - [19/Aug/2026:09:23:06 -0400] "POST /xmlrpc.php HTTP/1.1" 403 1242 "-" "WordPress.com; https://wordpress.com"
177.206.152.67 - - [19/Aug/2026:09:23:15 -0400] "POST /xmlrpc.php HTTP/1.1" 403 1242 "-" "Jetpack by WordPress.com"
117.192.237.110 - - [19/Aug/2026:09:23:17 -0400] "POST /xmlrpc.php HTTP/1.1" 200 403 "-" "Jetpack/13.0; WordPress/6.2; http://site49803825.com"
177.206.152.67 - - [19/Aug/2026:09:23:25 -0400] "POST /xmlrpc.php HTTP/1.1" 200 403 "-" "Jetpack by WordPress.com (Jetpack 13.0; WordPress 6.3)"
117.192.237.110 - - [19/Aug/2026:09:23:27 -0400] "POST /xmlrpc.php HTTP/1.1" 200 403 "-" "Jetpack/12.1; WordPress/6.2; http://site78138432.com"
177.206.152.67 - - [19/Aug/2026:09:23:36 -0400] "POST /xmlrpc.php HTTP/1.1" 200 403 "-" "WordPress.com; https://wordpress.com"
117.192.237.110 - - [19/Aug/2026:09:23:38 -0400] "POST /xmlrpc.php HTTP/1.1" 403 1242 "-" "WordPress.com; https://wordpress.com"
177.206.152.67 - - [19/Aug/2026:09:23:47 -0400] "POST /xmlrpc.php HTTP/1.1" 403 1242 "-" "WordPress.com; https://wordpress.com"
117.192.237.110 - - [19/Aug/2026:09:23:49 -0400] "POST /xmlrpc.php HTTP/1.1" 200 403 "-" "Jetpack by WordPress.com (Jetpack 12.1; WordPress 6.1)"
177.206.152.67 - - [19/Aug/2026:09:23:58 -0400] "POST /xmlrpc.php HTTP/1.1" 403 1242 "-" "WordPress.com; https://wordpress.com"
117.192.237.110 - - [19/Aug/2026:09:24:00 -0400] "POST /xmlrpc.php HTTP/1.1" 403 1242 "-" "WordPress.com; https://wordpress.com"
177.206.152.67 - - [19/Aug/2026:09:24:08 -0400] "POST /xmlrpc.php HTTP/1.1" 200 403 "-" "Jetpack/13.0; WordPress/6.2; http://site25393227.com"
117.192.237.110 - - [19/Aug/2026:09:24:10 -0400] "POST /xmlrpc.php HTTP/1.1" 403 1242 "-" "WordPress.com; https://wordpress.com"
177.206.152.67 - - [19/Aug/2026:09:24:19 -0400] "POST /xmlrpc.php HTTP/1.1" 200 403 "-" "Jetpack/12.1; WordPress/6.2; http://site44853444.com"
117.192.237.110 - - [19/Aug/2026:09:24:21 -0400] "POST /xmlrpc.php HTTP/1.1" 403 1242 "-" "WordPress.com; https://wordpress.com"
177.206.152.67 - - [19/Aug/2026:09:24:29 -0400] "POST /xmlrpc.php HTTP/1.1" 200 403 "-" "Jetpack by WordPress.com (Jetpack 13.0; WordPress 6.1)"
117.192.237.110 - - [19/Aug/2026:09:24:32 -0400] "POST /xmlrpc.php HTTP/1.1" 403 1242 "-" "Jetpack by WordPress.com"
177.206.152.67 - - [19/Aug/2026:09:24:40 -0400] "POST /xmlrpc.php HTTP/1.1" 200 403 "-" "Jetpack/12.1; WordPress/6.1; http://site38986472.com"
117.192.237.110 - - [19/Aug/2026:09:24:42 -0400] "POST /xmlrpc.php HTTP/1.1" 200 403 "-" "Jetpack by WordPress.com (Jetpack 13.0; WordPress 6.4)"
177.206.152.67 - - [19/Aug/2026:09:24:50 -0400] "POST /xmlrpc.php HTTP/1.1" 200 403 "-" "Jetpack/12.5; WordPress/6.2; http://site36660147.com"
117.192.237.110 - - [19/Aug/2026:09:24:53 -0400] "POST /xmlrpc.php HTTP/1.1" 200 403 "-" "Jetpack/12.1; WordPress/6.3; http://site71962948.com"
177.206.152.67 - - [19/Aug/2026:09:25:01 -0400] "POST /xmlrpc.php HTTP/1.1" 403 1242 "-" "WordPress.com; https://wordpress.com"
117.192.237.110 - - [19/Aug/2026:09:25:04 -0400] "POST /xmlrpc.php HTTP/1.1" 403 1242 "-" "WordPress.com; https://wordpress.com"
177.206.152.67 - - [19/Aug/2026:09:25:11 -0400] "POST /xmlrpc.php HTTP/1.1" 200 403 "-" "Jetpack by WordPress.com (Jetpack 13.0; WordPress 6.1)"
117.192.237.110 - - [19/Aug/2026:09:25:15 -0400] "POST /xmlrpc.php HTTP/1.1" 200 403 "-" "Jetpack by WordPress.com (Jetpack 12.5; WordPress 6.1)"
177.206.152.67 - - [19/Aug/2026:09:25:22 -0400] "POST /xmlrpc.php HTTP/1.1" 403 1242 "-" "Jetpack by WordPress.com"
54.39.210.126 - - [19/Aug/2026:09:25:22 -0400] "GET /sitemaps.xml HTTP/2" 200 237 "-" "Mozilla/5.0 (compatible; AhrefsBot/7.0; +http://ahrefs.com/robot/)"
167.114.139.43 - - [19/Aug/2026:09:25:24 -0400] "GET /post-sitemap1.xml HTTP/2" 200 4928 "-" "Mozilla/5.0 (compatible; AhrefsBot/7.0; +http://ahrefs.com/robot/)"
54.39.136.99 - - [19/Aug/2026:09:25:26 -0400] "GET /page-sitemap1.xml HTTP/2" 200 227 "-" "Mozilla/5.0 (compatible; AhrefsBot/7.0; +http://ahrefs.com/robot/)"
117.192.237.110 - - [19/Aug/2026:09:25:26 -0400] "POST /xmlrpc.php HTTP/1.1" 200 403 "-" "Jetpack by WordPress.com (Jetpack 12.5; WordPress 6.4)"
54.39.210.162 - - [19/Aug/2026:09:25:28 -0400] "GET /category-sitemap1.xml HTTP/2" 200 343 "-" "Mozilla/5.0 (compatible; AhrefsBot/7.0; +http://ahrefs.com/robot/)"
177.206.152.67 - - [19/Aug/2026:09:25:32 -0400] "POST /xmlrpc.php HTTP/1.1" 200 403 "-" "Jetpack by WordPress.com (Jetpack 12.5; WordPress 6.1)"
117.192.237.110 - - [19/Aug/2026:09:25:36 -0400] "POST /xmlrpc.php HTTP/1.1" 200 403 "-" "Jetpack/13.0; WordPress/6.2; http://site49836798.com"
177.206.152.67 - - [19/Aug/2026:09:25:43 -0400] "POST /xmlrpc.php HTTP/1.1" 200 403 "-" "Jetpack/13.0; WordPress/6.1; http://site45412067.com"
117.192.237.110 - - [19/Aug/2026:09:25:47 -0400] "POST /xmlrpc.php HTTP/1.1" 403 1242 "-" "Jetpack by WordPress.com"
177.206.152.67 - - [19/Aug/2026:09:25:53 -0400] "POST /xmlrpc.php HTTP/1.1" 403 1242 "-" "Jetpack by WordPress.com"
117.192.237.110 - - [19/Aug/2026:09:25:58 -0400] "POST /xmlrpc.php HTTP/1.1" 200 403 "-" "Jetpack by WordPress.com (Jetpack 12.1; WordPress 6.2)"
177.206.152.67 - - [19/Aug/2026:09:26:04 -0400] "POST /xmlrpc.php HTTP/1.1" 200 403 "-" "Jetpack/12.1; WordPress/6.3; http://site95597078.com"
117.192.237.110 - - [19/Aug/2026:09:26:09 -0400] "POST /xmlrpc.php HTTP/1.1" 403 1242 "-" "WordPress.com; https://wordpress.com"
177.206.152.67 - - [19/Aug/2026:09:26:14 -0400] "POST /xmlrpc.php HTTP/1.1" 200 403 "-" "Jetpack/12.5; WordPress/6.2; http://site47768535.com"
117.192.237.110 - - [19/Aug/2026:09:26:19 -0400] "POST /xmlrpc.php HTTP/1.1" 200 403 "-" "Jetpack/12.0; WordPress/6.3; http://site93293795.com"
177.206.152.67 - - [19/Aug/2026:09:26:25 -0400] "POST /xmlrpc.php HTTP/1.1" 403 1242 "-" "WordPress.com; https://wordpress.com"
117.192.237.110 - - [19/Aug/2026:09:26:30 -0400] "POST /xmlrpc.php HTTP/1.1" 403 1242 "-" "Jetpack by WordPress.com"
177.206.152.67 - - [19/Aug/2026:09:26:35 -0400] "POST /xmlrpc.php HTTP/1.1" 200 403 "-" "Jetpack by WordPress.com (Jetpack 12.5; WordPress 6.1)"
117.192.237.110 - - [19/Aug/2026:09:26:41 -0400] "POST /xmlrpc.php HTTP/1.1" 403 1242 "-" "Jetpack by WordPress.com"
177.206.152.67 - - [19/Aug/2026:09:26:46 -0400] "POST /xmlrpc.php HTTP/1.1" 403 1242 "-" "WordPress.com; https://wordpress.com"
117.192.237.110 - - [19/Aug/2026:09:26:52 -0400] "POST /xmlrpc.php HTTP/1.1" 403 1242 "-" "WordPress.com; https://wordpress.com"
177.206.152.67 - - [19/Aug/2026:09:26:56 -0400] "POST /xmlrpc.php HTTP/1.1" 403 1242 "-" "Jetpack by WordPress.com"
117.192.237.110 - - [19/Aug/2026:09:27:02 -0400] "POST /xmlrpc.php HTTP/1.1" 200 403 "-" "Jetpack by WordPress.com (Jetpack 13.0; WordPress 6.4)"
177.206.152.67 - - [19/Aug/2026:09:27:07 -0400] "POST /xmlrpc.php HTTP/1.1" 403 1242 "-" "WordPress.com; https://wordpress.com"
117.192.237.110 - - [19/Aug/2026:09:27:13 -0400] "POST /xmlrpc.php HTTP/1.1" 200 403 "-" "Jetpack by WordPress.com (Jetpack 12.0; WordPress 6.2)"
177.206.152.67 - - [19/Aug/2026:09:27:17 -0400] "POST /xmlrpc.php HTTP/1.1" 200 403 "-" "Jetpack by WordPress.com (Jetpack 13.0; WordPress 6.3)"
192.158.238.133 - - [19/Aug/2026:09:27:20 -0400] "GET /wp-content/uploads/2026/04/CRkvVQz7XZVMvRkwHGd5DM-scaled.jpg HTTP/1.1" 200 385361 "-" "-"
47.128.16.94 - - [19/Aug/2026:09:27:19 -0400] "GET /4-expert-kitchen-design-tips/ HTTP/2" 200 49178 "-" "Mozilla/5.0 (Linux; Android 5.0) AppleWebKit/537.36 (KHTML, like Gecko) Mobile Safari/537.36 (compatible; Bytespider; https://bytedance.sg.larkoffice.com/docx/K5bxdypulop3IIxrJb0lOjLVgFe)"
47.128.16.94 - - [19/Aug/2026:09:27:21 -0400] "GET /wp-content/uploads/2026/04/CRkvVQz7XZVMvRkwHGd5DM-768x432.jpg HTTP/2" 206 500 "https://lucfusaro.com/4-expert-kitchen-design-tips/" "Mozilla/5.0 (Linux; Android 5.0) AppleWebKit/537.36 (KHTML, like Gecko) Mobile Safari/537.36 (compatible; Bytespider; https://bytedance.sg.larkoffice.com/docx/K5bxdypulop3IIxrJb0lOjLVgFe)"
117.192.237.110 - - [19/Aug/2026:09:27:24 -0400] "POST /xmlrpc.php HTTP/1.1" 403 1242 "-" "WordPress.com; https://wordpress.com"
177.206.152.67 - - [19/Aug/2026:09:27:28 -0400] "POST /xmlrpc.php HTTP/1.1" 200 403 "-" "Jetpack by WordPress.com (Jetpack 12.5; WordPress 6.1)"
117.192.237.110 - - [19/Aug/2026:09:27:34 -0400] "POST /xmlrpc.php HTTP/1.1" 200 403 "-" "Jetpack/12.1; WordPress/6.4; http://site14107181.com"
177.206.152.67 - - [19/Aug/2026:09:27:38 -0400] "POST /xmlrpc.php HTTP/1.1" 403 1242 "-" "WordPress.com; https://wordpress.com"
117.192.237.110 - - [19/Aug/2026:09:27:45 -0400] "POST /xmlrpc.php HTTP/1.1" 403 1242 "-" "Jetpack by WordPress.com"
177.206.152.67 - - [19/Aug/2026:09:27:49 -0400] "POST /xmlrpc.php HTTP/1.1" 403 1242 "-" "Jetpack by WordPress.com"
117.192.237.110 - - [19/Aug/2026:09:27:56 -0400] "POST /xmlrpc.php HTTP/1.1" 403 1242 "-" "WordPress.com; https://wordpress.com"
177.206.152.67 - - [19/Aug/2026:09:27:59 -0400] "POST /xmlrpc.php HTTP/1.1" 200 403 "-" "Jetpack/12.0; WordPress/6.4; http://site81979860.com"
117.192.237.110 - - [19/Aug/2026:09:28:06 -0400] "POST /xmlrpc.php HTTP/1.1" 403 1242 "-" "Jetpack by WordPress.com"
177.206.152.67 - - [19/Aug/2026:09:28:10 -0400] "POST /xmlrpc.php HTTP/1.1" 403 1242 "-" "WordPress.com; https://wordpress.com"
117.192.237.110 - - [19/Aug/2026:09:28:17 -0400] "POST /xmlrpc.php HTTP/1.1" 403 1242 "-" "Jetpack by WordPress.com"
177.206.152.67 - - [19/Aug/2026:09:28:20 -0400] "POST /xmlrpc.php HTTP/1.1" 403 1242 "-" "Jetpack by WordPress.com"
117.192.237.110 - - [19/Aug/2026:09:28:28 -0400] "POST /xmlrpc.php HTTP/1.1" 403 1242 "-" "WordPress.com; https://wordpress.com"
177.206.152.67 - - [19/Aug/2026:09:28:31 -0400] "POST /xmlrpc.php HTTP/1.1" 200 403 "-" "Jetpack by WordPress.com (Jetpack 13.0; WordPress 6.4)"
117.192.237.110 - - [19/Aug/2026:09:28:38 -0400] "POST /xmlrpc.php HTTP/1.1" 403 1242 "-" "WordPress.com; https://wordpress.com"
177.206.152.67 - - [19/Aug/2026:09:28:42 -0400] "POST /xmlrpc.php HTTP/1.1" 200 403 "-" "Jetpack/12.1; WordPress/6.1; http://site18633868.com"
117.192.237.110 - - [19/Aug/2026:09:28:49 -0400] "POST /xmlrpc.php HTTP/1.1" 403 1242 "-" "WordPress.com; https://wordpress.com"
172.182.217.32 - - [19/Aug/2026:09:28:52 -0400] "GET / HTTP/1.1" 200 48692 "-" "Mozilla/5.0 (Windows NT 10.0; Win64; x64) AppleWebKit/537.36 (KHTML, like Gecko) Chrome/120.0.0.0 Safari/537.36"
172.182.217.32 - - [19/Aug/2026:09:28:53 -0400] "GET /wp-includes/images/ HTTP/1.1" 200 1700 "-" "Mozilla/5.0 (Windows NT 10.0; Win64; x64) AppleWebKit/537.36 (KHTML, like Gecko) Chrome/120.0.0.0 Safari/537.36"
177.206.152.67 - - [19/Aug/2026:09:28:52 -0400] "POST /xmlrpc.php HTTP/1.1" 200 403 "-" "Jetpack by WordPress.com (Jetpack 12.0; WordPress 6.1)"
172.182.217.32 - - [19/Aug/2026:09:28:53 -0400] "GET /wp-content/plugins/WordPressCore/ HTTP/1.1" 404 43946 "-" "Mozilla/5.0 (Windows NT 10.0; Win64; x64) AppleWebKit/537.36 (KHTML, like Gecko) Chrome/120.0.0.0 Safari/537.36"
172.182.217.32 - - [19/Aug/2026:09:28:54 -0400] "GET /.tmb/dropdown.php HTTP/1.1" 404 43662 "-" "Mozilla/5.0 (Windows NT 10.0; Win64; x64) AppleWebKit/537.36 (KHTML, like Gecko) Chrome/120.0.0.0 Safari/537.36"
172.182.217.32 - - [19/Aug/2026:09:28:55 -0400] "GET /.well-known/about/function.php HTTP/1.1" 404 43946 "-" "Mozilla/5.0 (Windows NT 10.0; Win64; x64) AppleWebKit/537.36 (KHTML, like Gecko) Chrome/120.0.0.0 Safari/537.36"
172.182.217.32 - - [19/Aug/2026:09:28:56 -0400] "GET /.well-known/acme-challenge/admin.php HTTP/1.1" 404 43946 "-" "Mozilla/5.0 (Windows NT 10.0; Win64; x64) AppleWebKit/537.36 (KHTML, like Gecko) Chrome/120.0.0.0 Safari/537.36"
172.182.217.32 - - [19/Aug/2026:09:28:57 -0400] "GET /.well-known/acme-challenge/autoload_classmap.php HTTP/1.1" 404 43946 "-" "Mozilla/5.0 (Windows NT 10.0; Win64; x64) AppleWebKit/537.36 (KHTML, like Gecko) Chrome/120.0.0.0 Safari/537.36"
172.182.217.32 - - [19/Aug/2026:09:28:57 -0400] "GET /.well-known/acme-challenge/aa.php HTTP/1.1" 404 43946 "-" "Mozilla/5.0 (Windows NT 10.0; Win64; x64) AppleWebKit/537.36 (KHTML, like Gecko) Chrome/120.0.0.0 Safari/537.36"
172.182.217.32 - - [19/Aug/2026:09:28:58 -0400] "GET /.well-known/admin.php HTTP/1.1" 404 43662 "-" "Mozilla/5.0 (Windows NT 10.0; Win64; x64) AppleWebKit/537.36 (KHTML, like Gecko) Chrome/120.0.0.0 Safari/537.36"
172.182.217.32 - - [19/Aug/2026:09:28:59 -0400] "GET /.well-known/autoload_classmap.php HTTP/1.1" 404 43662 "-" "Mozilla/5.0 (Windows NT 10.0; Win64; x64) AppleWebKit/537.36 (KHTML, like Gecko) Chrome/120.0.0.0 Safari/537.36"
117.192.237.110 - - [19/Aug/2026:09:29:00 -0400] "POST /xmlrpc.php HTTP/1.1" 200 403 "-" "Jetpack/12.1; WordPress/6.1; http://site53435198.com"
172.182.217.32 - - [19/Aug/2026:09:29:01 -0400] "GET /.well-known/gecko.php HTTP/1.1" 404 43662 "-" "Mozilla/5.0 (Windows NT 10.0; Win64; x64) AppleWebKit/537.36 (KHTML, like Gecko) Chrome/120.0.0.0 Safari/537.36"
177.206.152.67 - - [19/Aug/2026:09:29:03 -0400] "POST /xmlrpc.php HTTP/1.1" 403 1242 "-" "Jetpack by WordPress.com"
172.182.217.32 - - [19/Aug/2026:09:29:02 -0400] "GET /.well-known/pki-validation/mariju.php HTTP/1.1" 404 43946 "-" "Mozilla/5.0 (Windows NT 10.0; Win64; x64) AppleWebKit/537.36 (KHTML, like Gecko) Chrome/120.0.0.0 Safari/537.36"
172.182.217.32 - - [19/Aug/2026:09:29:03 -0400] "GET /1.php HTTP/1.1" 404 43662 "-" "Mozilla/5.0 (Windows NT 10.0; Win64; x64) AppleWebKit/537.36 (KHTML, like Gecko) Chrome/120.0.0.0 Safari/537.36"
172.182.217.32 - - [19/Aug/2026:09:29:04 -0400] "GET /aa.php HTTP/1.1" 404 43662 "-" "Mozilla/5.0 (Windows NT 10.0; Win64; x64) AppleWebKit/537.36 (KHTML, like Gecko) Chrome/120.0.0.0 Safari/537.36"
172.182.217.32 - - [19/Aug/2026:09:29:05 -0400] "GET /aaa.php HTTP/1.1" 404 43662 "-" "Mozilla/5.0 (Windows NT 10.0; Win64; x64) AppleWebKit/537.36 (KHTML, like Gecko) Chrome/120.0.0.0 Safari/537.36"
172.182.217.32 - - [19/Aug/2026:09:29:06 -0400] "GET /ab.php HTTP/1.1" 404 43662 "-" "Mozilla/5.0 (Windows NT 10.0; Win64; x64) AppleWebKit/537.36 (KHTML, like Gecko) Chrome/120.0.0.0 Safari/537.36"
172.182.217.32 - - [19/Aug/2026:09:29:07 -0400] "GET /about/function.php HTTP/1.1" 404 43662 "-" "Mozilla/5.0 (Windows NT 10.0; Win64; x64) AppleWebKit/537.36 (KHTML, like Gecko) Chrome/120.0.0.0 Safari/537.36"
172.182.217.32 - - [19/Aug/2026:09:29:08 -0400] "GET /accueil.php HTTP/1.1" 404 43662 "-" "Mozilla/5.0 (Windows NT 10.0; Win64; x64) AppleWebKit/537.36 (KHTML, like Gecko) Chrome/120.0.0.0 Safari/537.36"
117.192.237.110 - - [19/Aug/2026:09:29:10 -0400] "POST /xmlrpc.php HTTP/1.1" 403 1242 "-" "Jetpack by WordPress.com"
172.182.217.32 - - [19/Aug/2026:09:29:09 -0400] "GET /admin/controller/extension/ HTTP/1.1" 404 43946 "-" "Mozilla/5.0 (Windows NT 10.0; Win64; x64) AppleWebKit/537.36 (KHTML, like Gecko) Chrome/120.0.0.0 Safari/537.36"
172.182.217.32 - - [19/Aug/2026:09:29:11 -0400] "GET /admin/controller/extension/extension/ultra.php HTTP/1.1" 404 43946 "-" "Mozilla/5.0 (Windows NT 10.0; Win64; x64) AppleWebKit/537.36 (KHTML, like Gecko) Chrome/120.0.0.0 Safari/537.36"
172.182.217.32 - - [19/Aug/2026:09:29:11 -0400] "GET /admin/function.php HTTP/1.1" 404 43662 "-" "Mozilla/5.0 (Windows NT 10.0; Win64; x64) AppleWebKit/537.36 (KHTML, like Gecko) Chrome/120.0.0.0 Safari/537.36"
172.182.217.32 - - [19/Aug/2026:09:29:12 -0400] "GET /al.php HTTP/1.1" 404 43662 "-" "Mozilla/5.0 (Windows NT 10.0; Win64; x64) AppleWebKit/537.36 (KHTML, like Gecko) Chrome/120.0.0.0 Safari/537.36"
177.206.152.67 - - [19/Aug/2026:09:29:13 -0400] "POST /xmlrpc.php HTTP/1.1" 403 1242 "-" "Jetpack by WordPress.com"
172.182.217.32 - - [19/Aug/2026:09:29:13 -0400] "GET /alfa-rex.php HTTP/1.1" 404 43662 "-" "Mozilla/5.0 (Windows NT 10.0; Win64; x64) AppleWebKit/537.36 (KHTML, like Gecko) Chrome/120.0.0.0 Safari/537.36"
172.182.217.32 - - [19/Aug/2026:09:29:14 -0400] "GET /alfa.php HTTP/1.1" 404 43662 "-" "Mozilla/5.0 (Windows NT 10.0; Win64; x64) AppleWebKit/537.36 (KHTML, like Gecko) Chrome/120.0.0.0 Safari/537.36"
172.182.217.32 - - [19/Aug/2026:09:29:15 -0400] "GET /alfanew.php HTTP/1.1" 404 43662 "-" "Mozilla/5.0 (Windows NT 10.0; Win64; x64) AppleWebKit/537.36 (KHTML, like Gecko) Chrome/120.0.0.0 Safari/537.36"
172.182.217.32 - - [19/Aug/2026:09:29:16 -0400] "GET /anonse/lock360.php HTTP/1.1" 404 43662 "-" "Mozilla/5.0 (Windows NT 10.0; Win64; x64) AppleWebKit/537.36 (KHTML, like Gecko) Chrome/120.0.0.0 Safari/537.36"
172.182.217.32 - - [19/Aug/2026:09:29:17 -0400] "GET /wp-includes/PHPMailer/ HTTP/1.1" 200 1182 "-" "Mozilla/5.0 (Windows NT 10.0; Win64; x64) AppleWebKit/537.36 (KHTML, like Gecko) Chrome/120.0.0.0 Safari/537.36"
172.182.217.32 - - [19/Aug/2026:09:29:17 -0400] "GET /asasx.php HTTP/1.1" 404 43662 "-" "Mozilla/5.0 (Windows NT 10.0; Win64; x64) AppleWebKit/537.36 (KHTML, like Gecko) Chrome/120.0.0.0 Safari/537.36"
172.182.217.32 - - [19/Aug/2026:09:29:18 -0400] "GET /aspera/faspex/wp-admin/gecko-litespeed.php HTTP/1.1" 404 43946 "-" "Mozilla/5.0 (Windows NT 10.0; Win64; x64) AppleWebKit/537.36 (KHTML, like Gecko) Chrome/120.0.0.0 Safari/537.36"
172.182.217.32 - - [19/Aug/2026:09:29:18 -0400] "GET /atomlib.php HTTP/1.1" 404 43662 "-" "Mozilla/5.0 (Windows NT 10.0; Win64; x64) AppleWebKit/537.36 (KHTML, like Gecko) Chrome/120.0.0.0 Safari/537.36"
172.182.217.32 - - [19/Aug/2026:09:29:19 -0400] "GET /auth.php HTTP/1.1" 404 43662 "-" "Mozilla/5.0 (Windows NT 10.0; Win64; x64) AppleWebKit/537.36 (KHTML, like Gecko) Chrome/120.0.0.0 Safari/537.36"
172.182.217.32 - - [19/Aug/2026:09:29:20 -0400] "GET /autoload_classmap/function.php HTTP/1.1" 404 43662 "-" "Mozilla/5.0 (Windows NT 10.0; Win64; x64) AppleWebKit/537.36 (KHTML, like Gecko) Chrome/120.0.0.0 Safari/537.36"
117.192.237.110 - - [19/Aug/2026:09:29:21 -0400] "POST /xmlrpc.php HTTP/1.1" 403 1242 "-" "WordPress.com; https://wordpress.com"
172.182.217.32 - - [19/Aug/2026:09:29:21 -0400] "GET /b.php HTTP/1.1" 404 43662 "-" "Mozilla/5.0 (Windows NT 10.0; Win64; x64) AppleWebKit/537.36 (KHTML, like Gecko) Chrome/120.0.0.0 Safari/537.36"
172.182.217.32 - - [19/Aug/2026:09:29:22 -0400] "GET /bak.php HTTP/1.1" 404 43662 "-" "Mozilla/5.0 (Windows NT 10.0; Win64; x64) AppleWebKit/537.36 (KHTML, like Gecko) Chrome/120.0.0.0 Safari/537.36"
172.182.217.32 - - [19/Aug/2026:09:29:23 -0400] "GET /buy.php HTTP/1.1" 404 43662 "-" "Mozilla/5.0 (Windows NT 10.0; Win64; x64) AppleWebKit/537.36 (KHTML, like Gecko) Chrome/120.0.0.0 Safari/537.36"
177.206.152.67 - - [19/Aug/2026:09:29:24 -0400] "POST /xmlrpc.php HTTP/1.1" 403 1242 "-" "WordPress.com; https://wordpress.com"
172.182.217.32 - - [19/Aug/2026:09:29:24 -0400] "GET /byp.php HTTP/1.1" 404 43662 "-" "Mozilla/5.0 (Windows NT 10.0; Win64; x64) AppleWebKit/537.36 (KHTML, like Gecko) Chrome/120.0.0.0 Safari/537.36"
172.182.217.32 - - [19/Aug/2026:09:29:25 -0400] "GET /cgi-bin/about.php HTTP/1.1" 404 43662 "-" "Mozilla/5.0 (Windows NT 10.0; Win64; x64) AppleWebKit/537.36 (KHTML, like Gecko) Chrome/120.0.0.0 Safari/537.36"
172.182.217.32 - - [19/Aug/2026:09:29:26 -0400] "GET /cgi-bin/wp.php HTTP/1.1" 404 43662 "-" "Mozilla/5.0 (Windows NT 10.0; Win64; x64) AppleWebKit/537.36 (KHTML, like Gecko) Chrome/120.0.0.0 Safari/537.36"
172.182.217.32 - - [19/Aug/2026:09:29:27 -0400] "GET /cgi-bin/xmrlpc.php HTTP/1.1" 404 43662 "-" "Mozilla/5.0 (Windows NT 10.0; Win64; x64) AppleWebKit/537.36 (KHTML, like Gecko) Chrome/120.0.0.0 Safari/537.36"
172.182.217.32 - - [19/Aug/2026:09:29:28 -0400] "GET /chosen.php HTTP/1.1" 404 43662 "-" "Mozilla/5.0 (Windows NT 10.0; Win64; x64) AppleWebKit/537.36 (KHTML, like Gecko) Chrome/120.0.0.0 Safari/537.36"
117.192.237.110 - - [19/Aug/2026:09:29:32 -0400] "POST /xmlrpc.php HTTP/1.1" 403 1242 "-" "WordPress.com; https://wordpress.com"
177.206.152.67 - - [19/Aug/2026:09:29:34 -0400] "POST /xmlrpc.php HTTP/1.1" 200 403 "-" "Jetpack/13.0; WordPress/6.3; http://site94989359.com"
117.192.237.110 - - [19/Aug/2026:09:29:42 -0400] "POST /xmlrpc.php HTTP/1.1" 200 403 "-" "Jetpack/12.1; WordPress/6.4; http://site22948819.com"
192.158.238.133 - - [19/Aug/2026:09:29:44 -0400] "GET /wp-content/uploads/2026/04/shutterstock_1704715342-1024x683-1.webp HTTP/1.1" 200 54954 "-" "-"
17.246.15.203 - - [19/Aug/2026:09:29:44 -0400] "GET /how-long-do-eyebrows-stay-red-after-waxing/ HTTP/2" 200 57455 "-" "Mozilla/5.0 (Macintosh; Intel Mac OS X 10_15_7) AppleWebKit/605.1.15 (KHTML, like Gecko) Version/17.4 Safari/605.1.15 (Applebot/0.1; +http://www.apple.com/go/applebot)"
177.206.152.67 - - [19/Aug/2026:09:29:45 -0400] "POST /xmlrpc.php HTTP/1.1" 200 403 "-" "Jetpack/12.5; WordPress/6.2; http://site51773555.com"
117.192.237.110 - - [19/Aug/2026:09:29:53 -0400] "POST /xmlrpc.php HTTP/1.1" 200 403 "-" "Jetpack by WordPress.com (Jetpack 12.0; WordPress 6.4)"
177.206.152.67 - - [19/Aug/2026:09:29:56 -0400] "POST /xmlrpc.php HTTP/1.1" 200 403 "-" "Jetpack/12.1; WordPress/6.1; http://site89737889.com"
117.192.237.110 - - [19/Aug/2026:09:30:03 -0400] "POST /xmlrpc.php HTTP/1.1" 200 403 "-" "Jetpack by WordPress.com (Jetpack 12.0; WordPress 6.2)"
177.206.152.67 - - [19/Aug/2026:09:30:06 -0400] "POST /xmlrpc.php HTTP/1.1" 200 403 "-" "Jetpack/12.0; WordPress/6.1; http://site43320327.com"
117.192.237.110 - - [19/Aug/2026:09:30:14 -0400] "POST /xmlrpc.php HTTP/1.1" 403 1242 "-" "Jetpack by WordPress.com"
177.206.152.67 - - [19/Aug/2026:09:30:17 -0400] "POST /xmlrpc.php HTTP/1.1" 200 403 "-" "Jetpack/12.0; WordPress/6.1; http://site72881977.com"
117.192.237.110 - - [19/Aug/2026:09:30:25 -0400] "POST /xmlrpc.php HTTP/1.1" 200 403 "-" "Jetpack/12.1; WordPress/6.2; http://site38048018.com"
177.206.152.67 - - [19/Aug/2026:09:30:27 -0400] "POST /xmlrpc.php HTTP/1.1" 403 1242 "-" "WordPress.com; https://wordpress.com"
117.192.237.110 - - [19/Aug/2026:09:30:35 -0400] "POST /xmlrpc.php HTTP/1.1" 200 403 "-" "Jetpack/13.0; WordPress/6.4; http://site57814389.com"
177.206.152.67 - - [19/Aug/2026:09:30:38 -0400] "POST /xmlrpc.php HTTP/1.1" 403 1242 "-" "WordPress.com; https://wordpress.com"
117.192.237.110 - - [19/Aug/2026:09:30:46 -0400] "POST /xmlrpc.php HTTP/1.1" 403 1242 "-" "WordPress.com; https://wordpress.com"
177.206.152.67 - - [19/Aug/2026:09:30:48 -0400] "POST /xmlrpc.php HTTP/1.1" 200 403 "-" "Jetpack by WordPress.com (Jetpack 12.0; WordPress 6.4)"
117.192.237.110 - - [19/Aug/2026:09:30:56 -0400] "POST /xmlrpc.php HTTP/1.1" 403 1242 "-" "WordPress.com; https://wordpress.com"
177.206.152.67 - - [19/Aug/2026:09:30:59 -0400] "POST /xmlrpc.php HTTP/1.1" 200 403 "-" "Jetpack by WordPress.com (Jetpack 12.0; WordPress 6.3)"
117.192.237.110 - - [19/Aug/2026:09:31:07 -0400] "POST /xmlrpc.php HTTP/1.1" 200 403 "-" "Jetpack by WordPress.com (Jetpack 12.0; WordPress 6.4)"
177.206.152.67 - - [19/Aug/2026:09:31:09 -0400] "POST /xmlrpc.php HTTP/1.1" 200 403 "-" "Jetpack/13.0; WordPress/6.1; http://site18202216.com"
117.192.237.110 - - [19/Aug/2026:09:31:18 -0400] "POST /xmlrpc.php HTTP/1.1" 200 403 "-" "Jetpack by WordPress.com (Jetpack 12.0; WordPress 6.4)"
177.206.152.67 - - [19/Aug/2026:09:31:20 -0400] "POST /xmlrpc.php HTTP/1.1" 403 1242 "-" "WordPress.com; https://wordpress.com"
117.192.237.110 - - [19/Aug/2026:09:31:28 -0400] "POST /xmlrpc.php HTTP/1.1" 403 1242 "-" "WordPress.com; https://wordpress.com"
177.206.152.67 - - [19/Aug/2026:09:31:30 -0400] "POST /xmlrpc.php HTTP/1.1" 403 1242 "-" "Jetpack by WordPress.com"
117.192.237.110 - - [19/Aug/2026:09:31:39 -0400] "POST /xmlrpc.php HTTP/1.1" 403 1242 "-" "Jetpack by WordPress.com"
177.206.152.67 - - [19/Aug/2026:09:31:41 -0400] "POST /xmlrpc.php HTTP/1.1" 200 403 "-" "Jetpack/12.1; WordPress/6.3; http://site57955994.com"
117.192.237.110 - - [19/Aug/2026:09:31:50 -0400] "POST /xmlrpc.php HTTP/1.1" 403 1242 "-" "WordPress.com; https://wordpress.com"
177.206.152.67 - - [19/Aug/2026:09:31:51 -0400] "POST /xmlrpc.php HTTP/1.1" 200 403 "-" "Jetpack by WordPress.com (Jetpack 12.1; WordPress 6.3)"
117.192.237.110 - - [19/Aug/2026:09:32:00 -0400] "POST /xmlrpc.php HTTP/1.1" 200 403 "-" "Jetpack by WordPress.com (Jetpack 13.0; WordPress 6.2)"
177.206.152.67 - - [19/Aug/2026:09:32:01 -0400] "POST /xmlrpc.php HTTP/1.1" 200 403 "-" "Jetpack by WordPress.com (Jetpack 12.1; WordPress 6.4)"
117.192.237.110 - - [19/Aug/2026:09:32:11 -0400] "POST /xmlrpc.php HTTP/1.1" 403 1242 "-" "Jetpack by WordPress.com"
177.206.152.67 - - [19/Aug/2026:09:32:12 -0400] "POST /xmlrpc.php HTTP/1.1" 200 403 "-" "Jetpack by WordPress.com (Jetpack 12.0; WordPress 6.2)"
117.192.237.110 - - [19/Aug/2026:09:32:22 -0400] "POST /xmlrpc.php HTTP/1.1" 200 403 "-" "Jetpack by WordPress.com (Jetpack 12.5; WordPress 6.3)"
177.206.152.67 - - [19/Aug/2026:09:32:22 -0400] "POST /xmlrpc.php HTTP/1.1" 200 403 "-" "Jetpack/12.1; WordPress/6.2; http://site55930828.com"
117.192.237.110 - - [19/Aug/2026:09:32:32 -0400] "POST /xmlrpc.php HTTP/1.1" 200 403 "-" "Jetpack/12.5; WordPress/6.1; http://site14903143.com"
177.206.152.67 - - [19/Aug/2026:09:32:33 -0400] "POST /xmlrpc.php HTTP/1.1" 200 403 "-" "Jetpack/13.0; WordPress/6.1; http://site43453980.com"
117.192.237.110 - - [19/Aug/2026:09:32:43 -0400] "POST /xmlrpc.php HTTP/1.1" 200 403 "-" "Jetpack/13.0; WordPress/6.3; http://site49339674.com"
177.206.152.67 - - [19/Aug/2026:09:32:43 -0400] "POST /xmlrpc.php HTTP/1.1" 403 1242 "-" "WordPress.com; https://wordpress.com"
177.206.152.67 - - [19/Aug/2026:09:32:54 -0400] "POST /xmlrpc.php HTTP/1.1" 403 1242 "-" "WordPress.com; https://wordpress.com"
117.192.237.110 - - [19/Aug/2026:09:32:53 -0400] "POST /xmlrpc.php HTTP/1.1" 200 403 "-" "Jetpack/12.5; WordPress/6.1; http://site93360115.com"
117.192.237.110 - - [19/Aug/2026:09:33:04 -0400] "POST /xmlrpc.php HTTP/1.1" 200 403 "-" "Jetpack/12.1; WordPress/6.1; http://site17166348.com"
177.206.152.67 - - [19/Aug/2026:09:33:04 -0400] "POST /xmlrpc.php HTTP/1.1" 200 403 "-" "Jetpack by WordPress.com (Jetpack 12.1; WordPress 6.3)"
117.192.237.110 - - [19/Aug/2026:09:33:15 -0400] "POST /xmlrpc.php HTTP/1.1" 200 403 "-" "Jetpack by WordPress.com (Jetpack 12.1; WordPress 6.4)"
177.206.152.67 - - [19/Aug/2026:09:33:15 -0400] "POST /xmlrpc.php HTTP/1.1" 200 403 "-" "Jetpack by WordPress.com (Jetpack 12.1; WordPress 6.4)"
117.192.237.110 - - [19/Aug/2026:09:33:25 -0400] "POST /xmlrpc.php HTTP/1.1" 403 1242 "-" "WordPress.com; https://wordpress.com"
177.206.152.67 - - [19/Aug/2026:09:33:25 -0400] "POST /xmlrpc.php HTTP/1.1" 403 1242 "-" "Jetpack by WordPress.com"
177.206.152.67 - - [19/Aug/2026:09:33:36 -0400] "POST /xmlrpc.php HTTP/1.1" 403 1242 "-" "Jetpack by WordPress.com"
117.192.237.110 - - [19/Aug/2026:09:33:36 -0400] "POST /xmlrpc.php HTTP/1.1" 403 1242 "-" "Jetpack by WordPress.com"
117.192.237.110 - - [19/Aug/2026:09:33:47 -0400] "POST /xmlrpc.php HTTP/1.1" 403 1242 "-" "Jetpack by WordPress.com"
177.206.152.67 - - [19/Aug/2026:09:33:46 -0400] "POST /xmlrpc.php HTTP/1.1" 200 403 "-" "Jetpack by WordPress.com (Jetpack 12.1; WordPress 6.2)"
117.192.237.110 - - [19/Aug/2026:09:33:57 -0400] "POST /xmlrpc.php HTTP/1.1" 403 1242 "-" "Jetpack by WordPress.com"
177.206.152.67 - - [19/Aug/2026:09:33:57 -0400] "POST /xmlrpc.php HTTP/1.1" 200 403 "-" "Jetpack/13.0; WordPress/6.2; http://site23317650.com"
177.206.152.67 - - [19/Aug/2026:09:34:07 -0400] "POST /xmlrpc.php HTTP/1.1" 403 1242 "-" "WordPress.com; https://wordpress.com"
117.192.237.110 - - [19/Aug/2026:09:34:09 -0400] "POST /xmlrpc.php HTTP/1.1" 200 403 "-" "Jetpack/12.5; WordPress/6.4; http://site68767591.com"
177.206.152.67 - - [19/Aug/2026:09:34:18 -0400] "POST /xmlrpc.php HTTP/1.1" 200 403 "-" "Jetpack/12.1; WordPress/6.1; http://site98095357.com"
117.192.237.110 - - [19/Aug/2026:09:34:18 -0400] "POST /xmlrpc.php HTTP/1.1" 200 403 "-" "Jetpack/12.1; WordPress/6.3; http://site50966450.com"
177.206.152.67 - - [19/Aug/2026:09:34:28 -0400] "POST /xmlrpc.php HTTP/1.1" 403 1242 "-" "Jetpack by WordPress.com"
117.192.237.110 - - [19/Aug/2026:09:34:29 -0400] "POST /xmlrpc.php HTTP/1.1" 403 1242 "-" "WordPress.com; https://wordpress.com"
177.206.152.67 - - [19/Aug/2026:09:34:39 -0400] "POST /xmlrpc.php HTTP/1.1" 200 403 "-" "Jetpack/12.1; WordPress/6.4; http://site70860283.com"
117.192.237.110 - - [19/Aug/2026:09:34:40 -0400] "POST /xmlrpc.php HTTP/1.1" 200 403 "-" "Jetpack by WordPress.com (Jetpack 12.0; WordPress 6.3)"
177.206.152.67 - - [19/Aug/2026:09:34:49 -0400] "POST /xmlrpc.php HTTP/1.1" 403 1242 "-" "Jetpack by WordPress.com"
117.192.237.110 - - [19/Aug/2026:09:34:50 -0400] "POST /xmlrpc.php HTTP/1.1" 403 1242 "-" "Jetpack by WordPress.com"
177.206.152.67 - - [19/Aug/2026:09:35:00 -0400] "POST /xmlrpc.php HTTP/1.1" 403 1242 "-" "Jetpack by WordPress.com"
117.192.237.110 - - [19/Aug/2026:09:35:01 -0400] "POST /xmlrpc.php HTTP/1.1" 200 403 "-" "Jetpack by WordPress.com (Jetpack 12.5; WordPress 6.2)"
177.206.152.67 - - [19/Aug/2026:09:35:10 -0400] "POST /xmlrpc.php HTTP/1.1" 200 403 "-" "Jetpack by WordPress.com (Jetpack 12.1; WordPress 6.4)"
117.192.237.110 - - [19/Aug/2026:09:35:12 -0400] "POST /xmlrpc.php HTTP/1.1" 200 403 "-" "Jetpack/12.5; WordPress/6.4; http://site47835766.com"
20.1.169.243 - - [19/Aug/2026:09:35:12 -0400] "GET / HTTP/1.1" 200 48692 "-" "Mozilla/5.0 (Windows NT 10.0; Win64; x64) AppleWebKit/537.36 (KHTML, like Gecko) Chrome/120.0.0.0 Safari/537.36"
20.1.169.243 - - [19/Aug/2026:09:35:13 -0400] "GET /ioxi-o.php HTTP/1.1" 404 43662 "-" "Mozilla/5.0 (Windows NT 10.0; Win64; x64) AppleWebKit/537.36 (KHTML, like Gecko) Chrome/120.0.0.0 Safari/537.36"
20.1.169.243 - - [19/Aug/2026:09:35:14 -0400] "GET /0x.php HTTP/1.1" 404 43662 "-" "Mozilla/5.0 (Windows NT 10.0; Win64; x64) AppleWebKit/537.36 (KHTML, like Gecko) Chrome/120.0.0.0 Safari/537.36"
20.1.169.243 - - [19/Aug/2026:09:35:15 -0400] "GET /222.php HTTP/1.1" 404 43662 "-" "Mozilla/5.0 (Windows NT 10.0; Win64; x64) AppleWebKit/537.36 (KHTML, like Gecko) Chrome/120.0.0.0 Safari/537.36"
20.1.169.243 - - [19/Aug/2026:09:35:16 -0400] "GET /aa.php HTTP/1.1" 404 43662 "-" "Mozilla/5.0 (Windows NT 10.0; Win64; x64) AppleWebKit/537.36 (KHTML, like Gecko) Chrome/120.0.0.0 Safari/537.36"
20.1.169.243 - - [19/Aug/2026:09:35:17 -0400] "GET /abcd.php HTTP/1.1" 404 43662 "-" "Mozilla/5.0 (Windows NT 10.0; Win64; x64) AppleWebKit/537.36 (KHTML, like Gecko) Chrome/120.0.0.0 Safari/537.36"
20.1.169.243 - - [19/Aug/2026:09:35:17 -0400] "GET /admin.php HTTP/1.1" 404 43662 "-" "Mozilla/5.0 (Windows NT 10.0; Win64; x64) AppleWebKit/537.36 (KHTML, like Gecko) Chrome/120.0.0.0 Safari/537.36"
20.1.169.243 - - [19/Aug/2026:09:35:18 -0400] "GET /admin/controller/extension/extension/ HTTP/1.1" 404 43946 "-" "Mozilla/5.0 (Windows NT 10.0; Win64; x64) AppleWebKit/537.36 (KHTML, like Gecko) Chrome/120.0.0.0 Safari/537.36"
20.1.169.243 - - [19/Aug/2026:09:35:20 -0400] "GET /adminfuns.php HTTP/1.1" 404 43662 "-" "Mozilla/5.0 (Windows NT 10.0; Win64; x64) AppleWebKit/537.36 (KHTML, like Gecko) Chrome/120.0.0.0 Safari/537.36"
177.206.152.67 - - [19/Aug/2026:09:35:21 -0400] "POST /xmlrpc.php HTTP/1.1" 403 1242 "-" "WordPress.com; https://wordpress.com"
20.1.169.243 - - [19/Aug/2026:09:35:20 -0400] "GET /akc.php HTTP/1.1" 404 43662 "-" "Mozilla/5.0 (Windows NT 10.0; Win64; x64) AppleWebKit/537.36 (KHTML, like Gecko) Chrome/120.0.0.0 Safari/537.36"
20.1.169.243 - - [19/Aug/2026:09:35:21 -0400] "GET /buy.php HTTP/1.1" 404 43662 "-" "Mozilla/5.0 (Windows NT 10.0; Win64; x64) AppleWebKit/537.36 (KHTML, like Gecko) Chrome/120.0.0.0 Safari/537.36"
17.246.23.74 - - [19/Aug/2026:09:35:21 -0400] "POST /wp-admin/admin-ajax.php HTTP/2" 200 1268 "https://lucfusaro.com/how-long-do-eyebrows-stay-red-after-waxing/" "Mozilla/5.0 (Macintosh; Intel Mac OS X 10_15_7) AppleWebKit/605.1.15 (KHTML, like Gecko) Version/17.4 Safari/605.1.15 (Applebot/0.1; +http://www.apple.com/go/applebot)"
20.1.169.243 - - [19/Aug/2026:09:35:22 -0400] "GET /cong.php HTTP/1.1" 404 43662 "-" "Mozilla/5.0 (Windows NT 10.0; Win64; x64) AppleWebKit/537.36 (KHTML, like Gecko) Chrome/120.0.0.0 Safari/537.36"
117.192.237.110 - - [19/Aug/2026:09:35:22 -0400] "POST /xmlrpc.php HTTP/1.1" 200 403 "-" "Jetpack/12.1; WordPress/6.1; http://site61214345.com"
20.1.169.243 - - [19/Aug/2026:09:35:24 -0400] "GET /css/classwithtostring.php HTTP/1.1" 404 43662 "-" "Mozilla/5.0 (Windows NT 10.0; Win64; x64) AppleWebKit/537.36 (KHTML, like Gecko) Chrome/120.0.0.0 Safari/537.36"
20.1.169.243 - - [19/Aug/2026:09:35:24 -0400] "GET /db.php HTTP/1.1" 404 43662 "-" "Mozilla/5.0 (Windows NT 10.0; Win64; x64) AppleWebKit/537.36 (KHTML, like Gecko) Chrome/120.0.0.0 Safari/537.36"
20.1.169.243 - - [19/Aug/2026:09:35:25 -0400] "GET /dropdown.php HTTP/1.1" 404 43662 "-" "Mozilla/5.0 (Windows NT 10.0; Win64; x64) AppleWebKit/537.36 (KHTML, like Gecko) Chrome/120.0.0.0 Safari/537.36"
20.1.169.243 - - [19/Aug/2026:09:35:26 -0400] "GET /file.php HTTP/1.1" 404 43662 "-" "Mozilla/5.0 (Windows NT 10.0; Win64; x64) AppleWebKit/537.36 (KHTML, like Gecko) Chrome/120.0.0.0 Safari/537.36"
20.1.169.243 - - [19/Aug/2026:09:35:27 -0400] "GET /goods.php HTTP/1.1" 404 43662 "-" "Mozilla/5.0 (Windows NT 10.0; Win64; x64) AppleWebKit/537.36 (KHTML, like Gecko) Chrome/120.0.0.0 Safari/537.36"
20.1.169.243 - - [19/Aug/2026:09:35:28 -0400] "GET /hplfuns.php HTTP/1.1" 404 43662 "-" "Mozilla/5.0 (Windows NT 10.0; Win64; x64) AppleWebKit/537.36 (KHTML, like Gecko) Chrome/120.0.0.0 Safari/537.36"
20.1.169.243 - - [19/Aug/2026:09:35:29 -0400] "GET /htaccess.php HTTP/1.1" 404 43662 "-" "Mozilla/5.0 (Windows NT 10.0; Win64; x64) AppleWebKit/537.36 (KHTML, like Gecko) Chrome/120.0.0.0 Safari/537.36"
20.1.169.243 - - [19/Aug/2026:09:35:30 -0400] "GET /images/wso.php HTTP/1.1" 404 43662 "-" "Mozilla/5.0 (Windows NT 10.0; Win64; x64) AppleWebKit/537.36 (KHTML, like Gecko) Chrome/120.0.0.0 Safari/537.36"
20.1.169.243 - - [19/Aug/2026:09:35:31 -0400] "GET /index/function.php HTTP/1.1" 404 43662 "-" "Mozilla/5.0 (Windows NT 10.0; Win64; x64) AppleWebKit/537.36 (KHTML, like Gecko) Chrome/120.0.0.0 Safari/537.36"
177.206.152.67 - - [19/Aug/2026:09:35:32 -0400] "POST /xmlrpc.php HTTP/1.1" 200 403 "-" "Jetpack/12.1; WordPress/6.4; http://site40672154.com"
20.1.169.243 - - [19/Aug/2026:09:35:32 -0400] "GET /info.php HTTP/1.1" 404 43662 "-" "Mozilla/5.0 (Windows NT 10.0; Win64; x64) AppleWebKit/537.36 (KHTML, like Gecko) Chrome/120.0.0.0 Safari/537.36"
117.192.237.110 - - [19/Aug/2026:09:35:33 -0400] "POST /xmlrpc.php HTTP/1.1" 200 403 "-" "Jetpack by WordPress.com (Jetpack 12.5; WordPress 6.2)"
20.1.169.243 - - [19/Aug/2026:09:35:33 -0400] "GET /profile.php HTTP/1.1" 404 43662 "-" "Mozilla/5.0 (Windows NT 10.0; Win64; x64) AppleWebKit/537.36 (KHTML, like Gecko) Chrome/120.0.0.0 Safari/537.36"
20.1.169.243 - - [19/Aug/2026:09:35:35 -0400] "GET /sx.php HTTP/1.1" 404 43662 "-" "Mozilla/5.0 (Windows NT 10.0; Win64; x64) AppleWebKit/537.36 (KHTML, like Gecko) Chrome/120.0.0.0 Safari/537.36"
20.1.169.243 - - [19/Aug/2026:09:35:36 -0400] "GET /wp-admin/css/colors/blue/index.php HTTP/1.1" 301 0 "-" "Mozilla/5.0 (Windows NT 10.0; Win64; x64) AppleWebKit/537.36 (KHTML, like Gecko) Chrome/120.0.0.0 Safari/537.36"
20.1.169.243 - - [19/Aug/2026:09:35:38 -0400] "GET /wp-admin/images/admin.php HTTP/1.1" 404 43946 "-" "Mozilla/5.0 (Windows NT 10.0; Win64; x64) AppleWebKit/537.36 (KHTML, like Gecko) Chrome/120.0.0.0 Safari/537.36"
20.1.169.243 - - [19/Aug/2026:09:35:39 -0400] "GET /wp-admin/includes/ HTTP/1.1" 200 3941 "-" "Mozilla/5.0 (Windows NT 10.0; Win64; x64) AppleWebKit/537.36 (KHTML, like Gecko) Chrome/120.0.0.0 Safari/537.36"
20.1.169.243 - - [19/Aug/2026:09:35:39 -0400] "GET /wp-admin/js/index.php HTTP/1.1" 301 0 "-" "Mozilla/5.0 (Windows NT 10.0; Win64; x64) AppleWebKit/537.36 (KHTML, like Gecko) Chrome/120.0.0.0 Safari/537.36"
20.1.169.243 - - [19/Aug/2026:09:35:40 -0400] "GET /wp-admin/js/widgets/ HTTP/1.1" 200 1287 "-" "Mozilla/5.0 (Windows NT 10.0; Win64; x64) AppleWebKit/537.36 (KHTML, like Gecko) Chrome/120.0.0.0 Safari/537.36"
20.1.169.243 - - [19/Aug/2026:09:35:40 -0400] "GET /wp-content/about.php HTTP/1.1" 404 43662 "-" "Mozilla/5.0 (Windows NT 10.0; Win64; x64) AppleWebKit/537.36 (KHTML, like Gecko) Chrome/120.0.0.0 Safari/537.36"
20.1.169.243 - - [19/Aug/2026:09:35:41 -0400] "GET /wp-content/admin-header.php HTTP/1.1" 404 43662 "-" "Mozilla/5.0 (Windows NT 10.0; Win64; x64) AppleWebKit/537.36 (KHTML, like Gecko) Chrome/120.0.0.0 Safari/537.36"
20.1.169.243 - - [19/Aug/2026:09:35:41 -0400] "GET /wp-content/admin.php HTTP/1.1" 404 43662 "-" "Mozilla/5.0 (Windows NT 10.0; Win64; x64) AppleWebKit/537.36 (KHTML, like Gecko) Chrome/120.0.0.0 Safari/537.36"
177.206.152.67 - - [19/Aug/2026:09:35:42 -0400] "POST /xmlrpc.php HTTP/1.1" 403 1242 "-" "Jetpack by WordPress.com"
20.1.169.243 - - [19/Aug/2026:09:35:42 -0400] "GET /wp-content/content.php HTTP/1.1" 404 43662 "-" "Mozilla/5.0 (Windows NT 10.0; Win64; x64) AppleWebKit/537.36 (KHTML, like Gecko) Chrome/120.0.0.0 Safari/537.36"
20.1.169.243 - - [19/Aug/2026:09:35:43 -0400] "GET /wp-content/index.php HTTP/1.1" 200 0 "-" "Mozilla/5.0 (Windows NT 10.0; Win64; x64) AppleWebKit/537.36 (KHTML, like Gecko) Chrome/120.0.0.0 Safari/537.36"
117.192.237.110 - - [19/Aug/2026:09:35:43 -0400] "POST /xmlrpc.php HTTP/1.1" 403 1242 "-" "Jetpack by WordPress.com"
20.1.169.243 - - [19/Aug/2026:09:35:43 -0400] "GET /wp-content/plugins/Ultimate_VC_Addons/assets/alfa-rex.php7 HTTP/1.1" 404 43946 "-" "Mozilla/5.0 (Windows NT 10.0; Win64; x64) AppleWebKit/537.36 (KHTML, like Gecko) Chrome/120.0.0.0 Safari/537.36"
20.1.169.243 - - [19/Aug/2026:09:35:44 -0400] "GET /wp-content/plugins/about.php HTTP/1.1" 404 43946 "-" "Mozilla/5.0 (Windows NT 10.0; Win64; x64) AppleWebKit/537.36 (KHTML, like Gecko) Chrome/120.0.0.0 Safari/537.36"
20.1.169.243 - - [19/Aug/2026:09:35:45 -0400] "GET /wp-content/plugins/admin.php HTTP/1.1" 404 43946 "-" "Mozilla/5.0 (Windows NT 10.0; Win64; x64) AppleWebKit/537.36 (KHTML, like Gecko) Chrome/120.0.0.0 Safari/537.36"
20.1.169.243 - - [19/Aug/2026:09:35:46 -0400] "GET /wp-content/plugins/classic-editor/wp-login.php HTTP/1.1" 404 43946 "-" "Mozilla/5.0 (Windows NT 10.0; Win64; x64) AppleWebKit/537.36 (KHTML, like Gecko) Chrome/120.0.0.0 Safari/537.36"
