42.107.215.123 - - [18/Aug/2026:10:47:10 -0400] "POST /xmlrpc.php HTTP/1.1" 200 0 "-" "Jetpack by WordPress.com"
209.133.204.250 - - [18/Aug/2026:10:47:37 -0400] "GET /wp-login.php HTTP/2" 200 3391 "-" "Mozilla/5.0 (Windows NT 10.0; Win64; x64) AppleWebKit/537.36 (KHTML, like Gecko) Chrome/149.0.0.0 Safari/537.36"
147.182.206.139 - - [18/Aug/2026:10:48:42 -0400] "GET / HTTP/1.1" 200 56575 "-" "Mozilla/5.0 (X11; Linux x86_64; rv:142.0) Gecko/20100101 Firefox/142.0"
129.121.74.194 - - [18/Aug/2026:10:49:16 -0400] "GET /wp-login.php HTTP/2" 200 3371 "-" "Mozilla/5.0 (Windows NT 10.0; Win64; x64) AppleWebKit/537.36 (KHTML, like Gecko) Chrome/149.0.0.0 Safari/537.36"
129.121.74.194 - - [18/Aug/2026:10:49:22 -0400] "POST /wp-login.php HTTP/2" 200 3469 "-" "Mozilla/5.0 (Windows NT 10.0; Win64; x64) AppleWebKit/537.36 (KHTML, like Gecko) Chrome/149.0.0.0 Safari/537.36"
192.158.238.133 - - [18/Aug/2026:10:50:50 -0400] "GET /wp-content/uploads/2026/06/shutterstock_300553067.jpg HTTP/1.1" 200 121586 "-" "-"
157.55.39.196 - - [18/Aug/2026:10:50:45 -0400] "GET /nutrient-rich-foods-that-support-overall-wellness/ HTTP/2" 200 50313 "-" "Mozilla/5.0 AppleWebKit/537.36 (KHTML, like Gecko; compatible; bingbot/2.0; +http://www.bing.com/bingbot.htm) Chrome/116.0.1938.76 Safari/537.36"
162.214.96.231 - - [18/Aug/2026:10:54:26 -0400] "GET /wp-login.php HTTP/2" 200 3371 "-" "Mozilla/5.0 (Windows NT 10.0; Win64; x64) AppleWebKit/537.36 (KHTML, like Gecko) Chrome/149.0.0.0 Safari/537.36"
162.214.96.231 - - [18/Aug/2026:10:54:30 -0400] "POST /wp-login.php HTTP/2" 200 3469 "-" "Mozilla/5.0 (Windows NT 10.0; Win64; x64) AppleWebKit/537.36 (KHTML, like Gecko) Chrome/149.0.0.0 Safari/537.36"
142.44.228.193 - - [18/Aug/2026:10:55:23 -0400] "GET /sitemaps.xml HTTP/2" 200 234 "-" "Mozilla/5.0 (compatible; AhrefsBot/7.0; +http://ahrefs.com/robot/)"
142.44.220.80 - - [18/Aug/2026:10:55:29 -0400] "GET /post-sitemap1.xml HTTP/2" 200 4928 "-" "Mozilla/5.0 (compatible; AhrefsBot/7.0; +http://ahrefs.com/robot/)"
129.121.74.194 - - [18/Aug/2026:10:56:59 -0400] "GET /wp-login.php HTTP/2" 200 0 "-" "Mozilla/5.0 (Windows NT 10.0; Win64; x64) AppleWebKit/537.36 (KHTML, like Gecko) Chrome/149.0.0.0 Safari/537.36"
162.214.96.231 - - [18/Aug/2026:10:57:05 -0400] "GET /wp-login.php HTTP/2" 200 3371 "-" "Mozilla/5.0 (Windows NT 10.0; Win64; x64) AppleWebKit/537.36 (KHTML, like Gecko) Chrome/149.0.0.0 Safari/537.36"
192.158.238.133 - - [18/Aug/2026:10:59:11 -0400] "GET /wp-content/uploads/2026/04/how-to-get-commercial-cleaning-contracts_802x454.jpg.webp HTTP/1.1" 200 20852 "-" "-"
114.119.148.155 - - [18/Aug/2026:10:59:06 -0400] "GET /top-5-tips-for-commercial-cleaning-contracts/ HTTP/1.1" 200 52216 "https://www.lucfusaro.com/how-to-use-weed-killers-without-harming-plants/" "Mozilla/5.0 (Linux; Android 7.0;) AppleWebKit/537.36 (HTML, like Gecko) Mobile Safari/537.36 (compatible; PetalBot;+https://webmaster.petalsearch.com/site/petalbot)"
192.158.238.133 - - [18/Aug/2026:11:00:41 -0400] "GET /wp-content/uploads/2026/04/1.webp HTTP/1.1" 200 153986 "-" "-"
114.119.151.80 - - [18/Aug/2026:11:00:32 -0400] "GET /the-essential-role-of-disability-support-workers-in-empowering-individuals/ HTTP/1.1" 200 49375 "http://www.lucfusaro.com/category/health" "Mozilla/5.0 (Linux; Android 7.0;) AppleWebKit/537.36 (HTML, like Gecko) Mobile Safari/537.36 (compatible; PetalBot;+https://webmaster.petalsearch.com/site/petalbot)"
42.107.215.123 - - [18/Aug/2026:11:01:46 -0400] "POST /xmlrpc.php HTTP/1.1" 200 403 "-" "WordPress.com; https://wordpress.com"
192.158.238.133 - - [18/Aug/2026:11:01:56 -0400] "GET /wp-content/uploads/2026/04/meth-testing-house-1.jpg HTTP/1.1" 200 36121 "-" "-"
114.119.130.168 - - [18/Aug/2026:11:01:50 -0400] "GET /meth-contamination-signs-to-be-aware-of/ HTTP/1.1" 200 48497 "https://lucfusaro.com/when-is-a-hud-foundation-certification-necessary/" "Mozilla/5.0 (Linux; Android 7.0;) AppleWebKit/537.36 (HTML, like Gecko) Mobile Safari/537.36 (compatible; PetalBot;+https://webmaster.petalsearch.com/site/petalbot)"
42.107.215.123 - - [18/Aug/2026:11:01:57 -0400] "POST /xmlrpc.php HTTP/1.1" 200 403 "-" "WordPress.com; https://wordpress.com"
46.232.235.133 - - [18/Aug/2026:11:02:06 -0400] "GET / HTTP/1.1" 200 185925 "-" "Mozilla/5.0 (Windows NT 10.0; Win64; x64) AppleWebKit/537.36 (KHTML, like Gecko) Chrome/126.0.0.0 Safari/537.36"
42.107.215.123 - - [18/Aug/2026:11:02:10 -0400] "POST /xmlrpc.php HTTP/1.1" 200 403 "-" "Jetpack by WordPress.com (Jetpack 12.1; WordPress 6.2)"
103.28.36.105 - - [18/Aug/2026:11:02:11 -0400] "GET /wp-login.php HTTP/2" 200 3371 "-" "Mozilla/5.0 (Windows NT 10.0; Win64; x64) AppleWebKit/537.36 (KHTML, like Gecko) Chrome/149.0.0.0 Safari/537.36"
46.232.235.133 - - [18/Aug/2026:11:02:14 -0400] "GET /wp-json/batch/v1 HTTP/1.1" 404 114 "-" "Mozilla/5.0 (Windows NT 10.0; Win64; x64) AppleWebKit/537.36 (KHTML, like Gecko) Chrome/126.0.0.0 Safari/537.36"
103.28.36.105 - - [18/Aug/2026:11:02:15 -0400] "POST /wp-login.php HTTP/2" 200 3470 "-" "Mozilla/5.0 (Windows NT 10.0; Win64; x64) AppleWebKit/537.36 (KHTML, like Gecko) Chrome/149.0.0.0 Safari/537.36"
46.232.235.133 - - [18/Aug/2026:11:02:19 -0400] "GET /?rest_route=/batch/v1 HTTP/1.1" 404 114 "-" "Mozilla/5.0 (Windows NT 10.0; Win64; x64) AppleWebKit/537.36 (KHTML, like Gecko) Chrome/126.0.0.0 Safari/537.36"
42.107.215.123 - - [18/Aug/2026:11:02:21 -0400] "POST /xmlrpc.php HTTP/1.1" 200 403 "-" "WordPress.com; https://wordpress.com"
46.232.235.133 - - [18/Aug/2026:11:02:25 -0400] "POST /?rest_route=/batch/v1 HTTP/1.1" 207 414 "-" "Mozilla/5.0 (Windows NT 10.0; Win64; x64) AppleWebKit/537.36 (KHTML, like Gecko) Chrome/126.0.0.0 Safari/537.36"
42.107.215.123 - - [18/Aug/2026:11:02:32 -0400] "POST /xmlrpc.php HTTP/1.1" 200 403 "-" "Jetpack/12.0; WordPress/6.2; http://site92681160.com"
42.107.215.123 - - [18/Aug/2026:11:02:45 -0400] "POST /xmlrpc.php HTTP/1.1" 200 403 "-" "WordPress.com; https://wordpress.com"
42.107.215.123 - - [18/Aug/2026:11:02:56 -0400] "POST /xmlrpc.php HTTP/1.1" 200 403 "-" "Jetpack/12.1; WordPress/6.1; http://site15367964.com"
42.107.215.123 - - [18/Aug/2026:11:03:07 -0400] "POST /xmlrpc.php HTTP/1.1" 200 403 "-" "Jetpack/12.5; WordPress/6.4; http://site35206804.com"
42.107.215.123 - - [18/Aug/2026:11:03:19 -0400] "POST /xmlrpc.php HTTP/1.1" 200 403 "-" "Jetpack by WordPress.com"
42.107.215.123 - - [18/Aug/2026:11:03:29 -0400] "POST /xmlrpc.php HTTP/1.1" 200 403 "-" "Jetpack/12.5; WordPress/6.4; http://site53099412.com"
42.107.215.123 - - [18/Aug/2026:11:03:41 -0400] "POST /xmlrpc.php HTTP/1.1" 200 403 "-" "Jetpack by WordPress.com"
42.107.215.123 - - [18/Aug/2026:11:03:52 -0400] "POST /xmlrpc.php HTTP/1.1" 200 403 "-" "Jetpack by WordPress.com"
42.107.215.123 - - [18/Aug/2026:11:04:04 -0400] "POST /xmlrpc.php HTTP/1.1" 200 403 "-" "Jetpack by WordPress.com (Jetpack 12.5; WordPress 6.4)"
42.107.215.123 - - [18/Aug/2026:11:04:15 -0400] "POST /xmlrpc.php HTTP/1.1" 200 403 "-" "Jetpack/12.0; WordPress/6.1; http://site64138076.com"
42.107.215.123 - - [18/Aug/2026:11:04:26 -0400] "POST /xmlrpc.php HTTP/1.1" 200 403 "-" "Jetpack by WordPress.com"
42.107.215.123 - - [18/Aug/2026:11:04:37 -0400] "POST /xmlrpc.php HTTP/1.1" 200 403 "-" "Jetpack/13.0; WordPress/6.3; http://site50577131.com"
42.107.215.123 - - [18/Aug/2026:11:04:49 -0400] "POST /xmlrpc.php HTTP/1.1" 200 403 "-" "Jetpack by WordPress.com (Jetpack 12.0; WordPress 6.3)"
42.107.215.123 - - [18/Aug/2026:11:05:00 -0400] "POST /xmlrpc.php HTTP/1.1" 200 403 "-" "WordPress.com; https://wordpress.com"
42.107.215.123 - - [18/Aug/2026:11:05:13 -0400] "POST /xmlrpc.php HTTP/1.1" 403 1242 "-" "WordPress.com; https://wordpress.com"
42.107.215.123 - - [18/Aug/2026:11:05:25 -0400] "POST /xmlrpc.php HTTP/1.1" 200 403 "-" "Jetpack by WordPress.com"
42.107.215.123 - - [18/Aug/2026:11:05:36 -0400] "POST /xmlrpc.php HTTP/1.1" 403 1242 "-" "Jetpack by WordPress.com"
42.107.215.123 - - [18/Aug/2026:11:05:47 -0400] "POST /xmlrpc.php HTTP/1.1" 403 1242 "-" "Jetpack by WordPress.com"
42.107.215.123 - - [18/Aug/2026:11:05:58 -0400] "POST /xmlrpc.php HTTP/1.1" 200 403 "-" "Jetpack/12.1; WordPress/6.3; http://site30199634.com"
42.107.215.123 - - [18/Aug/2026:11:06:10 -0400] "POST /xmlrpc.php HTTP/1.1" 403 1242 "-" "WordPress.com; https://wordpress.com"
192.250.235.185 - - [18/Aug/2026:11:06:07 -0400] "GET /wp-login.php HTTP/2" 200 3391 "-" "Mozilla/5.0 (Windows NT 10.0; Win64; x64) AppleWebKit/537.36 (KHTML, like Gecko) Chrome/149.0.0.0 Safari/537.36"
192.250.235.185 - - [18/Aug/2026:11:06:16 -0400] "POST /wp-login.php HTTP/2" 200 3550 "-" "Mozilla/5.0 (Windows NT 10.0; Win64; x64) AppleWebKit/537.36 (KHTML, like Gecko) Chrome/149.0.0.0 Safari/537.36"
42.107.215.123 - - [18/Aug/2026:11:06:21 -0400] "POST /xmlrpc.php HTTP/1.1" 403 1242 "-" "Jetpack by WordPress.com"
17.246.23.204 - - [18/Aug/2026:11:06:24 -0400] "POST /wp-admin/admin-ajax.php HTTP/2" 200 1267 "https://lucfusaro.com/how-to-clean-your-oven/" "Mozilla/5.0 (Macintosh; Intel Mac OS X 10_15_7) AppleWebKit/605.1.15 (KHTML, like Gecko) Version/17.4 Safari/605.1.15 (Applebot/0.1; +http://www.apple.com/go/applebot)"
42.107.215.123 - - [18/Aug/2026:11:06:33 -0400] "POST /xmlrpc.php HTTP/1.1" 403 1242 "-" "Jetpack by WordPress.com"
42.107.215.123 - - [18/Aug/2026:11:06:45 -0400] "POST /xmlrpc.php HTTP/1.1" 200 403 "-" "Jetpack by WordPress.com (Jetpack 12.1; WordPress 6.4)"
42.107.215.123 - - [18/Aug/2026:11:06:56 -0400] "POST /xmlrpc.php HTTP/1.1" 200 403 "-" "Jetpack/12.5; WordPress/6.2; http://site79931517.com"
42.107.215.123 - - [18/Aug/2026:11:07:09 -0400] "POST /xmlrpc.php HTTP/1.1" 403 1242 "-" "WordPress.com; https://wordpress.com"
192.158.238.133 - - [18/Aug/2026:11:07:10 -0400] "GET /wp-content/uploads/2026/06/640x380_0018_Nutrition-for-Strong-Bones-Dietary-Tips-for-Optimal-Bone-Health.avif HTTP/1.1" 200 41393 "-" "-"
146.103.107.50 - - [18/Aug/2026:11:07:05 -0400] "GET /nutrition-strategies-for-maintaining-strong-bones/ HTTP/1.0" 200 168569 "https://lucfusaro.com/nutrition-strategies-for-maintaining-strong-bones/" "Mozilla/5.0 (Windows NT 10.0; Win64; x64) AppleWebKit/537.36 (KHTML, like Gecko) Chrome/130.0.0.0 Safari/537.36"
42.107.215.123 - - [18/Aug/2026:11:07:19 -0400] "POST /xmlrpc.php HTTP/1.1" 403 1242 "-" "WordPress.com; https://wordpress.com"
42.107.215.123 - - [18/Aug/2026:11:07:31 -0400] "POST /xmlrpc.php HTTP/1.1" 200 403 "-" "Jetpack by WordPress.com (Jetpack 12.0; WordPress 6.4)"
42.107.215.123 - - [18/Aug/2026:11:07:43 -0400] "POST /xmlrpc.php HTTP/1.1" 200 403 "-" "Jetpack by WordPress.com (Jetpack 12.1; WordPress 6.3)"
42.107.215.123 - - [18/Aug/2026:11:07:54 -0400] "POST /xmlrpc.php HTTP/1.1" 403 1242 "-" "Jetpack by WordPress.com"
42.107.215.123 - - [18/Aug/2026:11:08:05 -0400] "POST /xmlrpc.php HTTP/1.1" 200 403 "-" "Jetpack/12.5; WordPress/6.1; http://site68099045.com"
42.107.215.123 - - [18/Aug/2026:11:08:17 -0400] "POST /xmlrpc.php HTTP/1.1" 200 403 "-" "Jetpack/13.0; WordPress/6.2; http://site85095429.com"
42.107.215.123 - - [18/Aug/2026:11:08:29 -0400] "POST /xmlrpc.php HTTP/1.1" 200 403 "-" "Jetpack/12.5; WordPress/6.4; http://site35565424.com"
42.107.215.123 - - [18/Aug/2026:11:08:39 -0400] "POST /xmlrpc.php HTTP/1.1" 200 403 "-" "Jetpack by WordPress.com (Jetpack 12.1; WordPress 6.3)"
42.107.215.123 - - [18/Aug/2026:11:08:51 -0400] "POST /xmlrpc.php HTTP/1.1" 403 1242 "-" "WordPress.com; https://wordpress.com"
42.107.215.123 - - [18/Aug/2026:11:09:03 -0400] "POST /xmlrpc.php HTTP/1.1" 200 403 "-" "Jetpack/12.5; WordPress/6.4; http://site50001137.com"
42.107.215.123 - - [18/Aug/2026:11:09:14 -0400] "POST /xmlrpc.php HTTP/1.1" 200 403 "-" "Jetpack/12.5; WordPress/6.2; http://site18267321.com"
42.107.215.123 - - [18/Aug/2026:11:09:25 -0400] "POST /xmlrpc.php HTTP/1.1" 200 403 "-" "Jetpack by WordPress.com (Jetpack 12.0; WordPress 6.1)"
42.107.215.123 - - [18/Aug/2026:11:09:39 -0400] "POST /xmlrpc.php HTTP/1.1" 200 403 "-" "Jetpack by WordPress.com (Jetpack 12.0; WordPress 6.1)"
207.46.13.14 - - [18/Aug/2026:11:11:00 -0400] "GET /sitemaps.xml HTTP/2" 200 236 "-" "Mozilla/5.0 AppleWebKit/537.36 (KHTML, like Gecko; compatible; bingbot/2.0; +http://www.bing.com/bingbot.htm) Chrome/116.0.1938.76 Safari/537.36"
162.214.96.231 - - [18/Aug/2026:11:13:26 -0400] "GET /wp-login.php HTTP/2" 200 3371 "-" "Mozilla/5.0 (Windows NT 10.0; Win64; x64) AppleWebKit/537.36 (KHTML, like Gecko) Chrome/149.0.0.0 Safari/537.36"
203.99.146.53 - - [18/Aug/2026:11:14:44 -0400] "GET /wp-login.php HTTP/2" 200 3391 "-" "Mozilla/5.0 (Windows NT 10.0; Win64; x64) AppleWebKit/537.36 (KHTML, like Gecko) Chrome/149.0.0.0 Safari/537.36"
203.99.146.53 - - [18/Aug/2026:11:14:53 -0400] "POST /wp-login.php HTTP/2" 200 3550 "-" "Mozilla/5.0 (Windows NT 10.0; Win64; x64) AppleWebKit/537.36 (KHTML, like Gecko) Chrome/149.0.0.0 Safari/537.36"
43.225.53.201 - - [18/Aug/2026:11:15:51 -0400] "GET /wp-login.php HTTP/2" 200 3371 "-" "Mozilla/5.0 (Windows NT 10.0; Win64; x64) AppleWebKit/537.36 (KHTML, like Gecko) Chrome/149.0.0.0 Safari/537.36"
43.225.53.201 - - [18/Aug/2026:11:15:55 -0400] "POST /wp-login.php HTTP/2" 200 3470 "-" "Mozilla/5.0 (Windows NT 10.0; Win64; x64) AppleWebKit/537.36 (KHTML, like Gecko) Chrome/149.0.0.0 Safari/537.36"
157.230.98.178 - - [18/Aug/2026:11:17:44 -0400] "GET /wp-login.php HTTP/2" 200 3391 "-" "Mozilla/5.0 (Windows NT 10.0; Win64; x64) AppleWebKit/537.36 (KHTML, like Gecko) Chrome/149.0.0.0 Safari/537.36"
20.219.2.203 - - [18/Aug/2026:11:17:47 -0400] "GET / HTTP/1.1" 200 48688 "-" "Mozilla/5.0 (Windows NT 10.0; Win64; x64) AppleWebKit/537.36 (KHTML, like Gecko) Chrome/120.0.0.0 Safari/537.36"
157.230.98.178 - - [18/Aug/2026:11:17:52 -0400] "POST /wp-login.php HTTP/2" 200 3550 "-" "Mozilla/5.0 (Windows NT 10.0; Win64; x64) AppleWebKit/537.36 (KHTML, like Gecko) Chrome/149.0.0.0 Safari/537.36"
20.219.2.203 - - [18/Aug/2026:11:17:52 -0400] "GET /nine2code.php HTTP/1.1" 404 43659 "-" "Mozilla/5.0 (Windows NT 10.0; Win64; x64) AppleWebKit/537.36 (KHTML, like Gecko) Chrome/120.0.0.0 Safari/537.36"
20.219.2.203 - - [18/Aug/2026:11:17:57 -0400] "GET /num.php HTTP/1.1" 404 43659 "-" "Mozilla/5.0 (Windows NT 10.0; Win64; x64) AppleWebKit/537.36 (KHTML, like Gecko) Chrome/120.0.0.0 Safari/537.36"
20.219.2.203 - - [18/Aug/2026:11:18:03 -0400] "GET /odf7udtspqtpxzyxmw2rccdefault.php HTTP/1.1" 404 43659 "-" "Mozilla/5.0 (Windows NT 10.0; Win64; x64) AppleWebKit/537.36 (KHTML, like Gecko) Chrome/120.0.0.0 Safari/537.36"
20.219.2.203 - - [18/Aug/2026:11:18:10 -0400] "GET /option.php HTTP/1.1" 404 43659 "-" "Mozilla/5.0 (Windows NT 10.0; Win64; x64) AppleWebKit/537.36 (KHTML, like Gecko) Chrome/120.0.0.0 Safari/537.36"
20.219.2.203 - - [18/Aug/2026:11:18:14 -0400] "GET /p.php HTTP/1.1" 404 43659 "-" "Mozilla/5.0 (Windows NT 10.0; Win64; x64) AppleWebKit/537.36 (KHTML, like Gecko) Chrome/120.0.0.0 Safari/537.36"
20.219.2.203 - - [18/Aug/2026:11:18:18 -0400] "GET /past.php HTTP/1.1" 404 43659 "-" "Mozilla/5.0 (Windows NT 10.0; Win64; x64) AppleWebKit/537.36 (KHTML, like Gecko) Chrome/120.0.0.0 Safari/537.36"
162.214.96.231 - - [18/Aug/2026:11:18:23 -0400] "GET /wp-login.php HTTP/2" 200 3371 "-" "Mozilla/5.0 (Windows NT 10.0; Win64; x64) AppleWebKit/537.36 (KHTML, like Gecko) Chrome/149.0.0.0 Safari/537.36"
20.219.2.203 - - [18/Aug/2026:11:18:24 -0400] "GET /php.php HTTP/1.1" 404 43659 "-" "Mozilla/5.0 (Windows NT 10.0; Win64; x64) AppleWebKit/537.36 (KHTML, like Gecko) Chrome/120.0.0.0 Safari/537.36"
20.219.2.203 - - [18/Aug/2026:11:18:30 -0400] "GET /php8.php HTTP/1.1" 404 43659 "-" "Mozilla/5.0 (Windows NT 10.0; Win64; x64) AppleWebKit/537.36 (KHTML, like Gecko) Chrome/120.0.0.0 Safari/537.36"
20.219.2.203 - - [18/Aug/2026:11:18:35 -0400] "GET /phpinfo.php HTTP/1.1" 404 43659 "-" "Mozilla/5.0 (Windows NT 10.0; Win64; x64) AppleWebKit/537.36 (KHTML, like Gecko) Chrome/120.0.0.0 Safari/537.36"
20.219.2.203 - - [18/Aug/2026:11:18:39 -0400] "GET /plugins/ HTTP/1.1" 404 43659 "-" "Mozilla/5.0 (Windows NT 10.0; Win64; x64) AppleWebKit/537.36 (KHTML, like Gecko) Chrome/120.0.0.0 Safari/537.36"
20.219.2.203 - - [18/Aug/2026:11:18:43 -0400] "GET /post.php HTTP/1.1" 404 43659 "-" "Mozilla/5.0 (Windows NT 10.0; Win64; x64) AppleWebKit/537.36 (KHTML, like Gecko) Chrome/120.0.0.0 Safari/537.36"
114.119.130.168 - - [18/Aug/2026:11:18:46 -0400] "GET /what-is-expanded-pvc-polyvinyl-chloride/ HTTP/1.1" 301 0 "http://www.lucfusaro.com/" "Mozilla/5.0 (Linux; Android 7.0;) AppleWebKit/537.36 (HTML, like Gecko) Mobile Safari/537.36 (compatible; PetalBot;+https://webmaster.petalsearch.com/site/petalbot)"
20.219.2.203 - - [18/Aug/2026:11:18:47 -0400] "GET /public/assets/design_1/css/parts/course_cards/grid_card_1.min.php HTTP/1.1" 404 43947 "-" "Mozilla/5.0 (Windows NT 10.0; Win64; x64) AppleWebKit/537.36 (KHTML, like Gecko) Chrome/120.0.0.0 Safari/537.36"
20.219.2.203 - - [18/Aug/2026:11:18:53 -0400] "GET /public/css.php HTTP/1.1" 404 43659 "-" "Mozilla/5.0 (Windows NT 10.0; Win64; x64) AppleWebKit/537.36 (KHTML, like Gecko) Chrome/120.0.0.0 Safari/537.36"
192.158.238.133 - - [18/Aug/2026:11:18:59 -0400] "GET /wp-content/uploads/2026/04/exp-pvc-colors.jpg HTTP/1.1" 200 337182 "-" "-"
20.219.2.203 - - [18/Aug/2026:11:18:59 -0400] "GET /r.php HTTP/1.1" 404 43659 "-" "Mozilla/5.0 (Windows NT 10.0; Win64; x64) AppleWebKit/537.36 (KHTML, like Gecko) Chrome/120.0.0.0 Safari/537.36"
114.119.130.168 - - [18/Aug/2026:11:18:54 -0400] "GET /what-is-expanded-pvc-polyvinyl-chloride/ HTTP/1.1" 200 49272 "http://www.lucfusaro.com/" "Mozilla/5.0 (Linux; Android 7.0;) AppleWebKit/537.36 (HTML, like Gecko) Mobile Safari/537.36 (compatible; PetalBot;+https://webmaster.petalsearch.com/site/petalbot)"
20.219.2.203 - - [18/Aug/2026:11:19:07 -0400] "GET /radio.php HTTP/1.1" 404 43659 "-" "Mozilla/5.0 (Windows NT 10.0; Win64; x64) AppleWebKit/537.36 (KHTML, like Gecko) Chrome/120.0.0.0 Safari/537.36"
20.219.2.203 - - [18/Aug/2026:11:19:11 -0400] "GET /randkeyword.php7 HTTP/1.1" 404 43659 "-" "Mozilla/5.0 (Windows NT 10.0; Win64; x64) AppleWebKit/537.36 (KHTML, like Gecko) Chrome/120.0.0.0 Safari/537.36"
20.219.2.203 - - [18/Aug/2026:11:19:14 -0400] "GET /readme.php HTTP/1.1" 404 43659 "-" "Mozilla/5.0 (Windows NT 10.0; Win64; x64) AppleWebKit/537.36 (KHTML, like Gecko) Chrome/120.0.0.0 Safari/537.36"
20.219.2.203 - - [18/Aug/2026:11:19:19 -0400] "GET /reze.php HTTP/1.1" 404 43659 "-" "Mozilla/5.0 (Windows NT 10.0; Win64; x64) AppleWebKit/537.36 (KHTML, like Gecko) Chrome/120.0.0.0 Safari/537.36"
20.219.2.203 - - [18/Aug/2026:11:19:25 -0400] "GET /rh.php HTTP/1.1" 404 43659 "-" "Mozilla/5.0 (Windows NT 10.0; Win64; x64) AppleWebKit/537.36 (KHTML, like Gecko) Chrome/120.0.0.0 Safari/537.36"
20.219.2.203 - - [18/Aug/2026:11:19:31 -0400] "GET /rip.php HTTP/1.1" 404 43659 "-" "Mozilla/5.0 (Windows NT 10.0; Win64; x64) AppleWebKit/537.36 (KHTML, like Gecko) Chrome/120.0.0.0 Safari/537.36"
20.219.2.203 - - [18/Aug/2026:11:19:35 -0400] "GET /root.php HTTP/1.1" 404 43659 "-" "Mozilla/5.0 (Windows NT 10.0; Win64; x64) AppleWebKit/537.36 (KHTML, like Gecko) Chrome/120.0.0.0 Safari/537.36"
20.219.2.203 - - [18/Aug/2026:11:19:42 -0400] "GET /s.php HTTP/1.1" 404 43659 "-" "Mozilla/5.0 (Windows NT 10.0; Win64; x64) AppleWebKit/537.36 (KHTML, like Gecko) Chrome/120.0.0.0 Safari/537.36"
20.219.2.203 - - [18/Aug/2026:11:19:47 -0400] "GET /sang.php HTTP/1.1" 404 43659 "-" "Mozilla/5.0 (Windows NT 10.0; Win64; x64) AppleWebKit/537.36 (KHTML, like Gecko) Chrome/120.0.0.0 Safari/537.36"
45.148.10.5 - - [18/Aug/2026:11:19:53 -0400] "GET / HTTP/1.1" 200 36985 "-" "Mozilla/5.0 (Macintosh; Intel Mac OS X 10_14_0) AppleWebKit/537.36 (KHTML, like Gecko) Chrome/70.0.3538.67 Safari/537.36"
20.219.2.203 - - [18/Aug/2026:11:19:53 -0400] "GET /scxy.php HTTP/1.1" 404 43659 "-" "Mozilla/5.0 (Windows NT 10.0; Win64; x64) AppleWebKit/537.36 (KHTML, like Gecko) Chrome/120.0.0.0 Safari/537.36"
20.219.2.203 - - [18/Aug/2026:11:19:59 -0400] "GET /sd.php HTTP/1.1" 404 43659 "-" "Mozilla/5.0 (Windows NT 10.0; Win64; x64) AppleWebKit/537.36 (KHTML, like Gecko) Chrome/120.0.0.0 Safari/537.36"
20.219.2.203 - - [18/Aug/2026:11:20:07 -0400] "GET /sf.php HTTP/1.1" 404 43659 "-" "Mozilla/5.0 (Windows NT 10.0; Win64; x64) AppleWebKit/537.36 (KHTML, like Gecko) Chrome/120.0.0.0 Safari/537.36"
114.119.158.146 - - [18/Aug/2026:11:20:10 -0400] "GET /simple-easy-hacks-to-remove-blackheads-on-nose/ HTTP/1.1" 301 0 "http://www.lucfusaro.com/eli-lilly-says-the-new-drug-can-reduce-alzheimers-disease-symptoms/" "Mozilla/5.0 (Linux; Android 7.0;) AppleWebKit/537.36 (HTML, like Gecko) Mobile Safari/537.36 (compatible; PetalBot;+https://webmaster.petalsearch.com/site/petalbot)"
20.219.2.203 - - [18/Aug/2026:11:20:13 -0400] "GET /shell.php HTTP/1.1" 404 43659 "-" "Mozilla/5.0 (Windows NT 10.0; Win64; x64) AppleWebKit/537.36 (KHTML, like Gecko) Chrome/120.0.0.0 Safari/537.36"
20.219.2.203 - - [18/Aug/2026:11:20:20 -0400] "GET /shop/ HTTP/1.1" 404 43659 "-" "Mozilla/5.0 (Windows NT 10.0; Win64; x64) AppleWebKit/537.36 (KHTML, like Gecko) Chrome/120.0.0.0 Safari/537.36"
192.158.238.133 - - [18/Aug/2026:11:20:29 -0400] "GET /wp-content/uploads/2026/04/neem_leaves_for_blackheads_1166574379_1_RESIZED_1.webp HTTP/1.1" 200 39556 "-" "-"
20.219.2.203 - - [18/Aug/2026:11:20:26 -0400] "GET /sid3.php HTTP/1.1" 404 43659 "-" "Mozilla/5.0 (Windows NT 10.0; Win64; x64) AppleWebKit/537.36 (KHTML, like Gecko) Chrome/120.0.0.0 Safari/537.36"
114.119.158.146 - - [18/Aug/2026:11:20:20 -0400] "GET /simple-easy-hacks-to-remove-blackheads-on-nose/ HTTP/1.1" 200 49386 "http://www.lucfusaro.com/eli-lilly-says-the-new-drug-can-reduce-alzheimers-disease-symptoms/" "Mozilla/5.0 (Linux; Android 7.0;) AppleWebKit/537.36 (HTML, like Gecko) Mobile Safari/537.36 (compatible; PetalBot;+https://webmaster.petalsearch.com/site/petalbot)"
20.219.2.203 - - [18/Aug/2026:11:20:32 -0400] "GET /simple.php HTTP/1.1" 404 43659 "-" "Mozilla/5.0 (Windows NT 10.0; Win64; x64) AppleWebKit/537.36 (KHTML, like Gecko) Chrome/120.0.0.0 Safari/537.36"
20.219.2.203 - - [18/Aug/2026:11:20:37 -0400] "GET /sitemap.php HTTP/1.1" 404 43659 "-" "Mozilla/5.0 (Windows NT 10.0; Win64; x64) AppleWebKit/537.36 (KHTML, like Gecko) Chrome/120.0.0.0 Safari/537.36"
20.219.2.203 - - [18/Aug/2026:11:20:44 -0400] "GET /size.php HTTP/1.1" 404 43659 "-" "Mozilla/5.0 (Windows NT 10.0; Win64; x64) AppleWebKit/537.36 (KHTML, like Gecko) Chrome/120.0.0.0 Safari/537.36"
20.219.2.203 - - [18/Aug/2026:11:20:49 -0400] "GET /sm.php HTTP/1.1" 404 43659 "-" "Mozilla/5.0 (Windows NT 10.0; Win64; x64) AppleWebKit/537.36 (KHTML, like Gecko) Chrome/120.0.0.0 Safari/537.36"
20.219.2.203 - - [18/Aug/2026:11:20:55 -0400] "GET /sql.php HTTP/1.1" 404 43659 "-" "Mozilla/5.0 (Windows NT 10.0; Win64; x64) AppleWebKit/537.36 (KHTML, like Gecko) Chrome/120.0.0.0 Safari/537.36"
20.219.2.203 - - [18/Aug/2026:11:21:00 -0400] "GET /ss.php HTTP/1.1" 404 43659 "-" "Mozilla/5.0 (Windows NT 10.0; Win64; x64) AppleWebKit/537.36 (KHTML, like Gecko) Chrome/120.0.0.0 Safari/537.36"
20.219.2.203 - - [18/Aug/2026:11:21:06 -0400] "GET /stats.php HTTP/1.1" 404 43659 "-" "Mozilla/5.0 (Windows NT 10.0; Win64; x64) AppleWebKit/537.36 (KHTML, like Gecko) Chrome/120.0.0.0 Safari/537.36"
20.219.2.203 - - [18/Aug/2026:11:21:11 -0400] "GET /sump1.php HTTP/1.1" 404 43659 "-" "Mozilla/5.0 (Windows NT 10.0; Win64; x64) AppleWebKit/537.36 (KHTML, like Gecko) Chrome/120.0.0.0 Safari/537.36"
20.219.2.203 - - [18/Aug/2026:11:21:15 -0400] "GET /system.php HTTP/1.1" 404 43659 "-" "Mozilla/5.0 (Windows NT 10.0; Win64; x64) AppleWebKit/537.36 (KHTML, like Gecko) Chrome/120.0.0.0 Safari/537.36"
20.219.2.203 - - [18/Aug/2026:11:21:20 -0400] "GET /system/03n1hob7p03r2npdefault.php HTTP/1.1" 404 43659 "-" "Mozilla/5.0 (Windows NT 10.0; Win64; x64) AppleWebKit/537.36 (KHTML, like Gecko) Chrome/120.0.0.0 Safari/537.36"
20.219.2.203 - - [18/Aug/2026:11:21:23 -0400] "GET /system/cj5ha2rah8lyiqqdefault.php HTTP/1.1" 404 43659 "-" "Mozilla/5.0 (Windows NT 10.0; Win64; x64) AppleWebKit/537.36 (KHTML, like Gecko) Chrome/120.0.0.0 Safari/537.36"
20.219.2.203 - - [18/Aug/2026:11:21:29 -0400] "GET /system_log.php HTTP/1.1" 404 43659 "-" "Mozilla/5.0 (Windows NT 10.0; Win64; x64) AppleWebKit/537.36 (KHTML, like Gecko) Chrome/120.0.0.0 Safari/537.36"
20.219.2.203 - - [18/Aug/2026:11:21:34 -0400] "GET /t.php HTTP/1.1" 404 43659 "-" "Mozilla/5.0 (Windows NT 10.0; Win64; x64) AppleWebKit/537.36 (KHTML, like Gecko) Chrome/120.0.0.0 Safari/537.36"
20.219.2.203 - - [18/Aug/2026:11:21:40 -0400] "GET /term.php HTTP/1.1" 404 43659 "-" "Mozilla/5.0 (Windows NT 10.0; Win64; x64) AppleWebKit/537.36 (KHTML, like Gecko) Chrome/120.0.0.0 Safari/537.36"
20.219.2.203 - - [18/Aug/2026:11:21:44 -0400] "GET /test.php HTTP/1.1" 404 43659 "-" "Mozilla/5.0 (Windows NT 10.0; Win64; x64) AppleWebKit/537.36 (KHTML, like Gecko) Chrome/120.0.0.0 Safari/537.36"
20.219.2.203 - - [18/Aug/2026:11:21:53 -0400] "GET /test1.php HTTP/1.1" 404 43659 "-" "Mozilla/5.0 (Windows NT 10.0; Win64; x64) AppleWebKit/537.36 (KHTML, like Gecko) Chrome/120.0.0.0 Safari/537.36"
20.219.2.203 - - [18/Aug/2026:11:22:01 -0400] "GET /tfm.php HTTP/1.1" 404 43659 "-" "Mozilla/5.0 (Windows NT 10.0; Win64; x64) AppleWebKit/537.36 (KHTML, like Gecko) Chrome/120.0.0.0 Safari/537.36"
20.219.2.203 - - [18/Aug/2026:11:22:07 -0400] "GET /thebe.php HTTP/1.1" 404 43659 "-" "Mozilla/5.0 (Windows NT 10.0; Win64; x64) AppleWebKit/537.36 (KHTML, like Gecko) Chrome/120.0.0.0 Safari/537.36"
20.219.2.203 - - [18/Aug/2026:11:22:13 -0400] "GET /themes.php HTTP/1.1" 404 43659 "-" "Mozilla/5.0 (Windows NT 10.0; Win64; x64) AppleWebKit/537.36 (KHTML, like Gecko) Chrome/120.0.0.0 Safari/537.36"
20.219.2.203 - - [18/Aug/2026:11:22:18 -0400] "GET /tiny.php HTTP/1.1" 404 43659 "-" "Mozilla/5.0 (Windows NT 10.0; Win64; x64) AppleWebKit/537.36 (KHTML, like Gecko) Chrome/120.0.0.0 Safari/537.36"
20.219.2.203 - - [18/Aug/2026:11:22:25 -0400] "GET /tmp/byp.php HTTP/1.1" 404 43659 "-" "Mozilla/5.0 (Windows NT 10.0; Win64; x64) AppleWebKit/537.36 (KHTML, like Gecko) Chrome/120.0.0.0 Safari/537.36"
190.6.176.90 - - [18/Aug/2026:11:26:58 -0400] "GET /wp-login.php HTTP/2" 200 3371 "-" "Mozilla/5.0 (Windows NT 10.0; Win64; x64) AppleWebKit/537.36 (KHTML, like Gecko) Chrome/149.0.0.0 Safari/537.36"
190.6.176.90 - - [18/Aug/2026:11:27:02 -0400] "POST /wp-login.php HTTP/2" 200 3470 "-" "Mozilla/5.0 (Windows NT 10.0; Win64; x64) AppleWebKit/537.36 (KHTML, like Gecko) Chrome/149.0.0.0 Safari/537.36"
85.208.96.211 - - [18/Aug/2026:11:27:50 -0400] "GET /robots.txt HTTP/1.1" 200 108 "-" "Mozilla/5.0 (compatible; SemrushBot/7~bl; +http://www.semrush.com/bot.html)"
85.208.96.200 - - [18/Aug/2026:11:28:01 -0400] "GET /category/automoblies/ HTTP/1.1" 200 53304 "-" "Mozilla/5.0 (compatible; SemrushBot/7~bl; +http://www.semrush.com/bot.html)"
155.2.194.21 - - [18/Aug/2026:11:28:35 -0400] "GET /.git/config HTTP/2" 403 1242 "-" "Go-http-client/2.0"
192.158.238.133 - - [18/Aug/2026:11:28:55 -0400] "GET /wp-content/uploads/2026/06/640x380_0018_Nutrition-for-Strong-Bones-Dietary-Tips-for-Optimal-Bone-Health.avif HTTP/1.1" 200 41393 "-" "-"
62.197.45.129 - - [18/Aug/2026:11:28:50 -0400] "GET /nutrition-strategies-for-maintaining-strong-bones/ HTTP/1.0" 200 168569 "https://lucfusaro.com/nutrition-strategies-for-maintaining-strong-bones/" "Mozilla/5.0 (Windows NT 10.0; Win64; x64) AppleWebKit/537.36 (KHTML, like Gecko) Chrome/129.0.0.0 Safari/537.36"
62.197.45.129 - - [18/Aug/2026:11:29:02 -0400] "POST /wp-comments-post.php HTTP/1.0" 302 0 "https://lucfusaro.com/nutrition-strategies-for-maintaining-strong-bones/" "Mozilla/5.0 (Windows NT 10.0; Win64; x64) AppleWebKit/537.36 (KHTML, like Gecko) Chrome/129.0.0.0 Safari/537.36"
192.158.238.133 - - [18/Aug/2026:11:29:18 -0400] "GET /wp-content/uploads/2026/06/640x380_0018_Nutrition-for-Strong-Bones-Dietary-Tips-for-Optimal-Bone-Health.avif HTTP/1.1" 200 41393 "-" "-"
62.197.45.129 - - [18/Aug/2026:11:29:13 -0400] "GET /nutrition-strategies-for-maintaining-strong-bones/ HTTP/1.0" 200 171350 "https://lucfusaro.com/nutrition-strategies-for-maintaining-strong-bones/#comment-1315" "Mozilla/5.0 (Windows NT 10.0; Win64; x64) AppleWebKit/537.36 (KHTML, like Gecko) Chrome/129.0.0.0 Safari/537.36"
162.241.152.27 - - [18/Aug/2026:11:29:21 -0400] "GET /wp-login.php HTTP/2" 200 3391 "-" "Mozilla/5.0 (Windows NT 10.0; Win64; x64) AppleWebKit/537.36 (KHTML, like Gecko) Chrome/149.0.0.0 Safari/537.36"
162.241.152.27 - - [18/Aug/2026:11:29:30 -0400] "POST /wp-login.php HTTP/2" 200 3550 "-" "Mozilla/5.0 (Windows NT 10.0; Win64; x64) AppleWebKit/537.36 (KHTML, like Gecko) Chrome/149.0.0.0 Safari/537.36"
89.185.225.24 - - [18/Aug/2026:11:29:51 -0400] "GET /wp-login.php HTTP/2" 200 3371 "-" "Mozilla/5.0 (Windows NT 10.0; Win64; x64) AppleWebKit/537.36 (KHTML, like Gecko) Chrome/149.0.0.0 Safari/537.36"
98.83.226.125 - - [18/Aug/2026:11:29:55 -0400] "GET /wp-json/oembed/1.0/embed?format=xml&url=https://lucfusaro.com/superfoods-you-should-add-to-your-daily-meals/ HTTP/1.1" 200 1264 "-" "Mozilla/5.0 AppleWebKit/537.36 (KHTML, like Gecko; compatible; Amazonbot/0.1; +https://developer.amazon.com/support/amazonbot) Chrome/119.0.6045.214 Safari/537.36"
89.185.225.24 - - [18/Aug/2026:11:29:56 -0400] "POST /wp-login.php HTTP/2" 200 3470 "-" "Mozilla/5.0 (Windows NT 10.0; Win64; x64) AppleWebKit/537.36 (KHTML, like Gecko) Chrome/149.0.0.0 Safari/537.36"
110.249.202.219 - - [18/Aug/2026:11:30:09 -0400] "GET /robots.txt HTTP/1.1" 200 108 "-" "Mozilla/5.0 (Linux; Android 5.0) AppleWebKit/537.36 (KHTML, like Gecko) Mobile Safari/537.36 (compatible; Bytespider; https://zhanzhang.toutiao.com/)"
192.158.238.133 - - [18/Aug/2026:11:30:37 -0400] "GET /wp-content/uploads/2026/04/SuspensionOverhaul1706526931.jpg HTTP/1.1" 200 126699 "-" "-"
17.246.23.106 - - [18/Aug/2026:11:30:32 -0400] "GET /suspension-repair-and-maintenance/ HTTP/2" 200 58088 "-" "Mozilla/5.0 (Macintosh; Intel Mac OS X 10_15_7) AppleWebKit/605.1.15 (KHTML, like Gecko) Version/17.4 Safari/605.1.15 (Applebot/0.1; +http://www.apple.com/go/applebot)"
17.246.23.103 - - [18/Aug/2026:11:32:07 -0400] "POST /wp-admin/admin-ajax.php HTTP/2" 200 1267 "https://lucfusaro.com/suspension-repair-and-maintenance/" "Mozilla/5.0 (Macintosh; Intel Mac OS X 10_15_7) AppleWebKit/605.1.15 (KHTML, like Gecko) Version/17.4 Safari/605.1.15 (Applebot/0.1; +http://www.apple.com/go/applebot)"
192.158.238.133 - - [18/Aug/2026:11:36:53 -0400] "GET /wp-content/uploads/2026/06/640x380_0018_Nutrition-for-Strong-Bones-Dietary-Tips-for-Optimal-Bone-Health.avif HTTP/1.1" 200 41393 "-" "-"
62.197.45.208 - - [18/Aug/2026:11:36:48 -0400] "GET /nutrition-strategies-for-maintaining-strong-bones/ HTTP/1.0" 200 168569 "https://lucfusaro.com/nutrition-strategies-for-maintaining-strong-bones/" "Mozilla/5.0 (Windows NT 10.0; Win64; x64) AppleWebKit/537.36 (KHTML, like Gecko) Chrome/129.0.0.0 Safari/537.36"
62.197.45.208 - - [18/Aug/2026:11:36:59 -0400] "POST /wp-comments-post.php HTTP/1.0" 302 0 "https://lucfusaro.com/nutrition-strategies-for-maintaining-strong-bones/" "Mozilla/5.0 (Windows NT 10.0; Win64; x64) AppleWebKit/537.36 (KHTML, like Gecko) Chrome/129.0.0.0 Safari/537.36"
192.158.238.133 - - [18/Aug/2026:11:37:16 -0400] "GET /wp-content/uploads/2026/06/640x380_0018_Nutrition-for-Strong-Bones-Dietary-Tips-for-Optimal-Bone-Health.avif HTTP/1.1" 200 41393 "-" "-"
62.197.45.208 - - [18/Aug/2026:11:37:09 -0400] "GET /nutrition-strategies-for-maintaining-strong-bones/ HTTP/1.0" 200 171313 "https://lucfusaro.com/nutrition-strategies-for-maintaining-strong-bones/#comment-1316" "Mozilla/5.0 (Windows NT 10.0; Win64; x64) AppleWebKit/537.36 (KHTML, like Gecko) Chrome/129.0.0.0 Safari/537.36"
67.159.43.242 - - [18/Aug/2026:11:39:02 -0400] "GET / HTTP/1.1" 200 48690 "https://lucfusaro.com/" "Mozilla/5.0 (Macintosh; Intel Mac OS X 10_15_7) AppleWebKit/537.36 (KHTML, like Gecko) Chrome/120.0.0.0 Safari/537.36 Edg/120.0.0.0"
192.158.238.133 - - [18/Aug/2026:11:40:11 -0400] "GET /wp-content/uploads/2026/04/how-to-choose-colour-for-exterior-walls.png HTTP/1.1" 200 47741 "-" "-"
47.128.16.81 - - [18/Aug/2026:11:40:03 -0400] "GET /how-to-choose-the-best-paint-for-your-interior-and-exterior-the-complete-guide/ HTTP/2" 200 48956 "-" "Mozilla/5.0 (Linux; Android 5.0) AppleWebKit/537.36 (KHTML, like Gecko) Mobile Safari/537.36 (compatible; Bytespider; https://bytedance.sg.larkoffice.com/docx/K5bxdypulop3IIxrJb0lOjLVgFe)"
136.144.43.4 - - [18/Aug/2026:11:40:32 -0400] "GET /wp-login.php HTTP/1.1" 200 3814 "-" "Mozilla/5.0 (Windows NT 10.0; Win64; rv:143.0) Gecko/20100101 Firefox/143.0"
136.144.43.4 - - [18/Aug/2026:11:40:36 -0400] "GET /?author=1 HTTP/1.1" 301 0 "-" "Mozilla/5.0 (Windows NT 10.0; Win64; x64) AppleWebKit/537.36 Chrome/129.0.0.0 Safari/537.36"
136.144.43.4 - - [18/Aug/2026:11:40:43 -0400] "GET /?rest_route=/wp/v2/users HTTP/1.1" 200 327 "-" "Mozilla/5.0 (Macintosh; Intel Mac OS X 10_15_7) AppleWebKit/605.1.15 Version/17.0 Safari/605.1.15"
136.144.43.4 - - [18/Aug/2026:11:40:46 -0400] "GET /?author=2 HTTP/1.1" 200 52142 "-" "Mozilla/5.0 (Macintosh; Intel Mac OS X 10_15_7) AppleWebKit/605.1.15 Version/17.0 Safari/605.1.15"
136.144.43.4 - - [18/Aug/2026:11:40:54 -0400] "GET /?rest_route=/wp/v2/users HTTP/1.1" 200 327 "-" "Mozilla/5.0 (Windows NT 10.0; Win64; x64) AppleWebKit/537.36 Chrome/129.0.0.0 Safari/537.36"
136.144.43.4 - - [18/Aug/2026:11:40:58 -0400] "GET /?author=3 HTTP/1.1" 404 50361 "-" "Mozilla/5.0 (Windows NT 10.0; Win64; x64) AppleWebKit/537.36 Chrome/129.0.0.0 Safari/537.36"
136.144.43.4 - - [18/Aug/2026:11:41:02 -0400] "GET /?rest_route=/wp/v2/users HTTP/1.1" 200 327 "-" "Mozilla/5.0 (Windows NT 10.0; Win64; rv:143.0) Gecko/20100101 Firefox/143.0"
162.214.205.212 - - [18/Aug/2026:11:41:37 -0400] "GET /wp-login.php HTTP/2" 200 3393 "-" "Mozilla/5.0 (Windows NT 10.0; Win64; x64) AppleWebKit/537.36 (KHTML, like Gecko) Chrome/149.0.0.0 Safari/537.36"
192.158.238.133 - - [18/Aug/2026:11:41:57 -0400] "GET /wp-content/uploads/2026/04/copper-recycling.webp HTTP/1.1" 200 210312 "-" "-"
114.119.158.146 - - [18/Aug/2026:11:41:51 -0400] "GET /why-is-it-better-to-recycle-copper/ HTTP/1.1" 200 48311 "https://lucfusaro.com/2026/04/page/3/" "Mozilla/5.0 (Linux; Android 7.0;) AppleWebKit/537.36 (HTML, like Gecko) Mobile Safari/537.36 (compatible; PetalBot;+https://webmaster.petalsearch.com/site/petalbot)"
62.146.227.211 - - [18/Aug/2026:11:42:31 -0400] "GET /wp-login.php HTTP/2" 200 3371 "-" "Mozilla/5.0 (Windows NT 10.0; Win64; x64) AppleWebKit/537.36 (KHTML, like Gecko) Chrome/149.0.0.0 Safari/537.36"
62.146.227.211 - - [18/Aug/2026:11:42:35 -0400] "POST /wp-login.php HTTP/2" 200 3470 "-" "Mozilla/5.0 (Windows NT 10.0; Win64; x64) AppleWebKit/537.36 (KHTML, like Gecko) Chrome/149.0.0.0 Safari/537.36"
51.222.158.107 - - [18/Aug/2026:11:44:40 -0400] "GET /wp-login.php HTTP/2" 200 3391 "-" "Mozilla/5.0 (Windows NT 10.0; Win64; x64) AppleWebKit/537.36 (KHTML, like Gecko) Chrome/149.0.0.0 Safari/537.36"
112.86.225.221 - - [18/Aug/2026:11:45:43 -0400] "GET /category/lifestyle/ HTTP/1.1" 200 53284 "-" "Sogou web spider/4.0(+http://www.sogou.com/docs/help/webmasters.htm#07)"
129.150.50.118 - - [18/Aug/2026:11:47:05 -0400] "GET /wp-content/plugins/pods/readme.txt HTTP/1.1" 404 50572 "-" "Mozilla/5.0 (Windows NT 10.0; Win64; x64; rv:126.0) Gecko/20100101 Firefox/126.0"
129.150.50.118 - - [18/Aug/2026:11:47:17 -0400] "GET /wp-content/plugins/pods/init.php HTTP/1.1" 404 50572 "-" "Mozilla/5.0 (Windows NT 10.0; Win64; x64; rv:126.0) Gecko/20100101 Firefox/126.0"
162.240.105.3 - - [18/Aug/2026:11:47:41 -0400] "GET /wp-login.php HTTP/2" 200 3391 "-" "Mozilla/5.0 (Windows NT 10.0; Win64; x64) AppleWebKit/537.36 (KHTML, like Gecko) Chrome/149.0.0.0 Safari/537.36"
165.173.18.124 - - [18/Aug/2026:11:50:55 -0400] "GET /wp-login.php HTTP/2" 200 3393 "-" "Mozilla/5.0 (Windows NT 10.0; Win64; x64) AppleWebKit/537.36 (KHTML, like Gecko) Chrome/149.0.0.0 Safari/537.36"
165.173.18.124 - - [18/Aug/2026:11:51:02 -0400] "POST /wp-login.php HTTP/2" 200 3550 "-" "Mozilla/5.0 (Windows NT 10.0; Win64; x64) AppleWebKit/537.36 (KHTML, like Gecko) Chrome/149.0.0.0 Safari/537.36"
4.15.194.220 - - [18/Aug/2026:11:51:13 -0400] "GET / HTTP/2" 301 0 "-" "curl/8.7.1"
4.15.194.220 - - [18/Aug/2026:11:51:18 -0400] "GET / HTTP/2" 200 0 "-" "curl/8.7.1"
72.167.40.62 - - [18/Aug/2026:11:53:36 -0400] "GET /wp-login.php HTTP/2" 200 3372 "-" "Mozilla/5.0 (Windows NT 10.0; Win64; x64) AppleWebKit/537.36 (KHTML, like Gecko) Chrome/149.0.0.0 Safari/537.36"
72.167.40.62 - - [18/Aug/2026:11:53:40 -0400] "POST /wp-login.php HTTP/2" 200 3469 "-" "Mozilla/5.0 (Windows NT 10.0; Win64; x64) AppleWebKit/537.36 (KHTML, like Gecko) Chrome/149.0.0.0 Safari/537.36"
72.167.40.62 - - [18/Aug/2026:11:54:24 -0400] "GET /wp-login.php HTTP/2" 200 3391 "-" "Mozilla/5.0 (Windows NT 10.0; Win64; x64) AppleWebKit/537.36 (KHTML, like Gecko) Chrome/149.0.0.0 Safari/537.36"
162.241.153.188 - - [18/Aug/2026:11:56:22 -0400] "GET /wp-login.php HTTP/2" 200 0 "-" "Mozilla/5.0 (Windows NT 10.0; Win64; x64) AppleWebKit/537.36 (KHTML, like Gecko) Chrome/149.0.0.0 Safari/537.36"
192.158.238.133 - - [18/Aug/2026:11:56:24 -0400] "POST /wp-cron.php?doing_wp_cron=1787068584.0833520889282226562500 HTTP/1.1" 200 0 "-" "WordPress/7.0.4; https://lucfusaro.com"
51.222.158.107 - - [18/Aug/2026:11:57:33 -0400] "GET /wp-login.php HTTP/2" 200 3391 "-" "Mozilla/5.0 (Windows NT 10.0; Win64; x64) AppleWebKit/537.36 (KHTML, like Gecko) Chrome/149.0.0.0 Safari/537.36"
51.222.158.107 - - [18/Aug/2026:11:57:42 -0400] "POST /wp-login.php HTTP/2" 200 3550 "-" "Mozilla/5.0 (Windows NT 10.0; Win64; x64) AppleWebKit/537.36 (KHTML, like Gecko) Chrome/149.0.0.0 Safari/537.36"
162.241.153.188 - - [18/Aug/2026:12:00:45 -0400] "GET /wp-login.php HTTP/2" 200 3391 "-" "Mozilla/5.0 (Windows NT 10.0; Win64; x64) AppleWebKit/537.36 (KHTML, like Gecko) Chrome/149.0.0.0 Safari/537.36"
162.241.153.188 - - [18/Aug/2026:12:01:00 -0400] "POST /wp-login.php HTTP/2" 200 0 "-" "Mozilla/5.0 (Windows NT 10.0; Win64; x64) AppleWebKit/537.36 (KHTML, like Gecko) Chrome/149.0.0.0 Safari/537.36"
162.241.152.27 - - [18/Aug/2026:12:01:27 -0400] "GET /wp-login.php HTTP/2" 200 3371 "-" "Mozilla/5.0 (Windows NT 10.0; Win64; x64) AppleWebKit/537.36 (KHTML, like Gecko) Chrome/149.0.0.0 Safari/537.36"
162.241.152.27 - - [18/Aug/2026:12:01:33 -0400] "POST /wp-login.php HTTP/2" 200 3469 "-" "Mozilla/5.0 (Windows NT 10.0; Win64; x64) AppleWebKit/537.36 (KHTML, like Gecko) Chrome/149.0.0.0 Safari/537.36"
47.128.16.73 - - [18/Aug/2026:12:02:04 -0400] "GET /understanding-gib-fixing-and-stopping-the-ultimate-guide/ HTTP/2" 301 0 "-" "Mozilla/5.0 (Linux; Android 5.0) AppleWebKit/537.36 (KHTML, like Gecko) Mobile Safari/537.36 (compatible; Bytespider; https://bytedance.sg.larkoffice.com/docx/K5bxdypulop3IIxrJb0lOjLVgFe)"
192.158.238.133 - - [18/Aug/2026:12:02:11 -0400] "GET /wp-content/uploads/2026/04/Techniques_for_Plastering_Gib_Plasterboard_Walls_50698dfe40.webp HTTP/1.1" 200 36618 "-" "-"
47.128.16.73 - - [18/Aug/2026:12:02:08 -0400] "GET /understanding-gib-fixing-and-stopping-the-ultimate-guide/ HTTP/2" 200 48677 "-" "Mozilla/5.0 (Linux; Android 5.0) AppleWebKit/537.36 (KHTML, like Gecko) Mobile Safari/537.36 (compatible; Bytespider; https://bytedance.sg.larkoffice.com/docx/K5bxdypulop3IIxrJb0lOjLVgFe)"
41.46.6.194 - - [18/Aug/2026:12:03:37 -0400] "POST /xmlrpc.php HTTP/1.1" 200 403 "-" "WordPress.com; https://wordpress.com"
41.46.6.194 - - [18/Aug/2026:12:03:49 -0400] "POST /xmlrpc.php HTTP/1.1" 200 403 "-" "Jetpack by WordPress.com"
41.46.6.194 - - [18/Aug/2026:12:04:00 -0400] "POST /xmlrpc.php HTTP/1.1" 200 0 "-" "Jetpack by WordPress.com (Jetpack 12.5; WordPress 6.2)"
41.46.6.194 - - [18/Aug/2026:12:04:14 -0400] "POST /xmlrpc.php HTTP/1.1" 200 0 "-" "WordPress.com; https://wordpress.com"
138.197.170.20 - - [18/Aug/2026:12:04:41 -0400] "GET / HTTP/1.1" 200 56575 "192.158.238.133" "Mozilla/5.0 (Windows NT 6.1; WOW64; rv:59.0) Gecko/20100101 Firefox/59.0"
138.197.170.20 - - [18/Aug/2026:12:04:45 -0400] "GET /wp-json/ HTTP/1.1" 200 20506 "-" "Mozilla/5.0 (Windows NT 6.1; WOW64; rv:59.0) Gecko/20100101 Firefox/59.0"
114.119.158.146 - - [18/Aug/2026:12:05:17 -0400] "GET /the-best-money-clip-wallets-for-business-professionals-sleek-and-sophisticated-choices HTTP/1.1" 301 0 "https://www.lucfusaro.com/the-best-money-clip-wallets-for-business-professionals-sleek-and-sophisticated-choices" "Mozilla/5.0 (Linux; Android 7.0;) AppleWebKit/537.36 (HTML, like Gecko) Mobile Safari/537.36 (compatible; PetalBot;+https://webmaster.petalsearch.com/site/petalbot)"
192.158.238.133 - - [18/Aug/2026:12:05:24 -0400] "GET /wp-content/uploads/2026/04/money-clip-vs-wallet.webp HTTP/1.1" 200 83296 "-" "-"
114.119.158.146 - - [18/Aug/2026:12:05:21 -0400] "GET /the-best-money-clip-wallets-for-business-professionals-sleek-and-sophisticated-choices/ HTTP/1.1" 200 49336 "https://www.lucfusaro.com/the-best-money-clip-wallets-for-business-professionals-sleek-and-sophisticated-choices" "Mozilla/5.0 (Linux; Android 7.0;) AppleWebKit/537.36 (HTML, like Gecko) Mobile Safari/537.36 (compatible; PetalBot;+https://webmaster.petalsearch.com/site/petalbot)"
95.107.174.4 - - [18/Aug/2026:12:06:12 -0400] "GET /best-foods-for-supporting-healthy-blood-sugar-levels HTTP/1.1" 301 0 "https://lucfusaro.com/" "Mozilla/5.0 (Windows NT 10.0; Win64; x64) AppleWebKit/537.36 (KHTML, like Gecko) Chrome/121.0.0.0 Safari/537.36 Edg/121.0.0.0"
192.158.238.133 - - [18/Aug/2026:12:06:20 -0400] "GET /wp-content/uploads/2026/06/making-salad-vegetables-vegetarian-cooking-732x549-thumbnail.avif HTTP/1.1" 200 58225 "-" "-"
95.107.174.4 - - [18/Aug/2026:12:06:15 -0400] "GET /best-foods-for-supporting-healthy-blood-sugar-levels/ HTTP/1.1" 200 57303 "https://lucfusaro.com/" "Mozilla/5.0 (Windows NT 10.0; Win64; x64) AppleWebKit/537.36 (KHTML, like Gecko) Chrome/121.0.0.0 Safari/537.36 Edg/121.0.0.0"
192.158.238.133 - - [18/Aug/2026:12:06:45 -0400] "GET /wp-content/uploads/2026/04/money-clip-vs-wallet.webp HTTP/1.1" 200 83296 "-" "-"
114.119.132.11 - - [18/Aug/2026:12:06:41 -0400] "GET /the-best-money-clip-wallets-for-business-professionals-sleek-and-sophisticated-choices/ HTTP/1.1" 200 49336 "https://lucfusaro.com/the-8-step-process-to-replace-your-roof/" "Mozilla/5.0 (Linux; Android 7.0;) AppleWebKit/537.36 (HTML, like Gecko) Mobile Safari/537.36 (compatible; PetalBot;+https://webmaster.petalsearch.com/site/petalbot)"
41.46.6.194 - - [18/Aug/2026:12:07:49 -0400] "POST /xmlrpc.php HTTP/1.1" 200 403 "-" "Jetpack by WordPress.com (Jetpack 12.5; WordPress 6.2)"
41.46.6.194 - - [18/Aug/2026:12:08:09 -0400] "POST /xmlrpc.php HTTP/1.1" 200 403 "-" "Jetpack/13.0; WordPress/6.1; http://site88470687.com"
41.46.6.194 - - [18/Aug/2026:12:08:29 -0400] "POST /xmlrpc.php HTTP/1.1" 200 0 "-" "WordPress.com; https://wordpress.com"
40.77.167.85 - - [18/Aug/2026:12:09:33 -0400] "GET /robots.txt HTTP/2" 301 0 "-" "Mozilla/5.0 AppleWebKit/537.36 (KHTML, like Gecko; compatible; bingbot/2.0; +http://www.bing.com/bingbot.htm) Chrome/116.0.1938.76 Safari/537.36"
40.77.167.85 - - [18/Aug/2026:12:09:38 -0400] "GET /robots.txt HTTP/2" 200 96 "-" "Mozilla/5.0 AppleWebKit/537.36 (KHTML, like Gecko; compatible; bingbot/2.0; +http://www.bing.com/bingbot.htm) Chrome/116.0.1938.76 Safari/537.36"
40.77.167.143 - - [18/Aug/2026:12:09:53 -0400] "GET /sitemap.xml.gz HTTP/2" 301 0 "-" "Mozilla/5.0 AppleWebKit/537.36 (KHTML, like Gecko; compatible; bingbot/2.0; +http://www.bing.com/bingbot.htm) Chrome/116.0.1938.76 Safari/537.36"
40.77.167.2 - - [18/Aug/2026:12:10:13 -0400] "GET /wp-sitemap.xml HTTP/2" 301 0 "-" "Mozilla/5.0 AppleWebKit/537.36 (KHTML, like Gecko; compatible; bingbot/2.0; +http://www.bing.com/bingbot.htm) Chrome/116.0.1938.76 Safari/537.36"
40.77.167.2 - - [18/Aug/2026:12:10:21 -0400] "GET /sitemaps.xml HTTP/2" 200 236 "-" "Mozilla/5.0 AppleWebKit/537.36 (KHTML, like Gecko; compatible; bingbot/2.0; +http://www.bing.com/bingbot.htm) Chrome/116.0.1938.76 Safari/537.36"
162.214.96.231 - - [18/Aug/2026:12:10:27 -0400] "GET /wp-login.php HTTP/2" 200 3391 "-" "Mozilla/5.0 (Windows NT 10.0; Win64; x64) AppleWebKit/537.36 (KHTML, like Gecko) Chrome/149.0.0.0 Safari/537.36"
129.121.74.194 - - [18/Aug/2026:12:15:22 -0400] "GET /wp-login.php HTTP/2" 200 3371 "-" "Mozilla/5.0 (Windows NT 10.0; Win64; x64) AppleWebKit/537.36 (KHTML, like Gecko) Chrome/149.0.0.0 Safari/537.36"
129.121.74.194 - - [18/Aug/2026:12:15:27 -0400] "POST /wp-login.php HTTP/2" 200 1837 "-" "Mozilla/5.0 (Windows NT 10.0; Win64; x64) AppleWebKit/537.36 (KHTML, like Gecko) Chrome/149.0.0.0 Safari/537.36"
35.153.221.203 - - [18/Aug/2026:12:15:52 -0400] "GET /robots.txt HTTP/1.1" 301 0 "-" "Mozilla/5.0 (Macintosh; Intel Mac OS X 10_10_1) AppleWebKit/600.2.5 (KHTML, like Gecko) Version/8.0.2 Safari/600.2.5 (Gort)"
18.205.199.5 - - [18/Aug/2026:12:15:57 -0400] "GET /robots.txt HTTP/1.1" 200 108 "-" "Mozilla/5.0 (Macintosh; Intel Mac OS X 10_10_1) AppleWebKit/600.2.5 (KHTML, like Gecko) Version/8.0.2 Safari/600.2.5 (Gort)"
17.22.237.96 - - [18/Aug/2026:12:17:59 -0400] "GET /robots.txt HTTP/2" 200 108 "-" "Mozilla/5.0 (Macintosh; Intel Mac OS X 10_15_7) AppleWebKit/605.1.15 (KHTML, like Gecko) Version/17.4 Safari/605.1.15 (Applebot/0.1; +http://www.apple.com/go/applebot)"
192.158.238.133 - - [18/Aug/2026:12:18:08 -0400] "GET /wp-content/uploads/2026/04/Techniques_for_Plastering_Gib_Plasterboard_Walls_50698dfe40.webp HTTP/1.1" 200 36618 "-" "-"
17.22.237.96 - - [18/Aug/2026:12:18:03 -0400] "GET /understanding-gib-fixing-and-stopping-the-ultimate-guide/ HTTP/2" 200 55819 "-" "Mozilla/5.0 (Macintosh; Intel Mac OS X 10_15_7) AppleWebKit/605.1.15 (KHTML, like Gecko) Version/17.4 Safari/605.1.15 (Applebot/0.1; +http://www.apple.com/go/applebot)"
54.39.89.28 - - [18/Aug/2026:12:18:17 -0400] "GET /sitemaps.xml HTTP/2" 200 237 "-" "Mozilla/5.0 (compatible; AhrefsBot/7.0; +http://ahrefs.com/robot/)"
142.44.225.230 - - [18/Aug/2026:12:18:22 -0400] "GET /post-sitemap1.xml HTTP/2" 200 4928 "-" "Mozilla/5.0 (compatible; AhrefsBot/7.0; +http://ahrefs.com/robot/)"
142.44.233.220 - - [18/Aug/2026:12:18:32 -0400] "GET /page-sitemap1.xml HTTP/2" 200 227 "-" "Mozilla/5.0 (compatible; AhrefsBot/7.0; +http://ahrefs.com/robot/)"
142.44.220.195 - - [18/Aug/2026:12:18:39 -0400] "GET /category-sitemap1.xml HTTP/2" 200 343 "-" "Mozilla/5.0 (compatible; AhrefsBot/7.0; +http://ahrefs.com/robot/)"
154.178.202.174 - - [18/Aug/2026:12:18:53 -0400] "POST /xmlrpc.php HTTP/1.1" 200 403 "-" "Jetpack by WordPress.com"
154.178.202.174 - - [18/Aug/2026:12:19:10 -0400] "POST /xmlrpc.php HTTP/1.1" 200 403 "-" "Jetpack/12.1; WordPress/6.1; http://site71091492.com"
84.75.220.221 - - [18/Aug/2026:12:19:43 -0400] "GET / HTTP/1.1" 200 48688 "-" "Mozilla/5.0 (Windows NT 10.0; Win64; x64) AppleWebKit/537.36 (KHTML, like Gecko) Chrome/120.0.0.0 Safari/537.36"
162.214.96.231 - - [18/Aug/2026:12:19:46 -0400] "GET /wp-login.php HTTP/2" 200 3391 "-" "Mozilla/5.0 (Windows NT 10.0; Win64; x64) AppleWebKit/537.36 (KHTML, like Gecko) Chrome/149.0.0.0 Safari/537.36"
162.214.96.231 - - [18/Aug/2026:12:19:54 -0400] "POST /wp-login.php HTTP/2" 200 1915 "-" "Mozilla/5.0 (Windows NT 10.0; Win64; x64) AppleWebKit/537.36 (KHTML, like Gecko) Chrome/149.0.0.0 Safari/537.36"
103.28.36.105 - - [18/Aug/2026:12:22:21 -0400] "GET /wp-login.php HTTP/2" 200 3391 "-" "Mozilla/5.0 (Windows NT 10.0; Win64; x64) AppleWebKit/537.36 (KHTML, like Gecko) Chrome/149.0.0.0 Safari/537.36"
103.28.36.105 - - [18/Aug/2026:12:22:26 -0400] "POST /wp-login.php HTTP/2" 200 3550 "-" "Mozilla/5.0 (Windows NT 10.0; Win64; x64) AppleWebKit/537.36 (KHTML, like Gecko) Chrome/149.0.0.0 Safari/537.36"
144.91.97.205 - - [18/Aug/2026:12:23:24 -0400] "GET /wp-login.php HTTP/2" 200 3371 "-" "Mozilla/5.0 (Windows NT 10.0; Win64; x64) AppleWebKit/537.36 (KHTML, like Gecko) Chrome/149.0.0.0 Safari/537.36"
144.91.97.205 - - [18/Aug/2026:12:23:27 -0400] "POST /wp-login.php HTTP/2" 200 3470 "-" "Mozilla/5.0 (Windows NT 10.0; Win64; x64) AppleWebKit/537.36 (KHTML, like Gecko) Chrome/149.0.0.0 Safari/537.36"
216.73.217.55 - - [18/Aug/2026:12:23:38 -0400] "GET /robots.txt HTTP/2" 200 96 "-" "Mozilla/5.0 AppleWebKit/537.36 (KHTML, like Gecko; compatible; ClaudeBot/1.0; +claudebot@anthropic.com)"
216.73.217.55 - - [18/Aug/2026:12:23:41 -0400] "GET /sitemaps.xml HTTP/2" 200 237 "-" "Mozilla/5.0 AppleWebKit/537.36 (KHTML, like Gecko; compatible; ClaudeBot/1.0; +claudebot@anthropic.com)"
114.119.149.171 - - [18/Aug/2026:12:23:50 -0400] "GET /double-cavity-slider-pocket-door-frame-kits-a-comprehensive-guide/ HTTP/1.1" 301 0 "http://www.lucfusaro.com/" "Mozilla/5.0 (Linux; Android 7.0;) AppleWebKit/537.36 (HTML, like Gecko) Mobile Safari/537.36 (compatible; PetalBot;+https://webmaster.petalsearch.com/site/petalbot)"
192.158.238.133 - - [18/Aug/2026:12:23:57 -0400] "GET /wp-content/uploads/2026/04/Cavity-Sliders-spacemaker-biparting-cl200.webp HTTP/1.1" 200 39032 "-" "-"
114.119.149.171 - - [18/Aug/2026:12:23:55 -0400] "GET /double-cavity-slider-pocket-door-frame-kits-a-comprehensive-guide/ HTTP/1.1" 200 50212 "http://www.lucfusaro.com/" "Mozilla/5.0 (Linux; Android 7.0;) AppleWebKit/537.36 (HTML, like Gecko) Mobile Safari/537.36 (compatible; PetalBot;+https://webmaster.petalsearch.com/site/petalbot)"
41.46.47.186 - - [18/Aug/2026:12:24:47 -0400] "POST /xmlrpc.php HTTP/1.1" 200 403 "-" "Jetpack by WordPress.com (Jetpack 13.0; WordPress 6.4)"
162.241.153.188 - - [18/Aug/2026:12:25:16 -0400] "GET /wp-login.php HTTP/2" 200 0 "-" "Mozilla/5.0 (Windows NT 10.0; Win64; x64) AppleWebKit/537.36 (KHTML, like Gecko) Chrome/149.0.0.0 Safari/537.36"
129.121.74.194 - - [18/Aug/2026:12:26:05 -0400] "GET /wp-login.php HTTP/2" 200 1827 "-" "Mozilla/5.0 (Windows NT 10.0; Win64; x64) AppleWebKit/537.36 (KHTML, like Gecko) Chrome/149.0.0.0 Safari/537.36"
192.158.238.133 - - [18/Aug/2026:12:26:29 -0400] "GET /wp-content/uploads/2026/04/shutterstock_130285502.avif HTTP/1.1" 200 91417 "-" "-"
